000
CXUS56 KOTX 301500
CF6MWH
PRELIMINARY LOCAL CLIMATOLOGICAL DATA (WS FORM: F-6)

                                          STATION:   MOSES LAKE WA AIRPORT
                                          MONTH:     SEPTEMBER
                                          YEAR:      2014
                                          LATITUDE:   47 12 N
                                          LONGITUDE: 119 19 W

  TEMPERATURE IN F:       :PCPN:    SNOW:  WIND      :SUNSHINE: SKY     :PK WND
================================================================================
1   2   3   4   5  6A  6B    7    8   9   10  11  12  13   14  15   16   17  18
                                     12Z  AVG MX 2MIN
DY MAX MIN AVG DEP HDD CDD  WTR  SNW DPTH SPD SPD DIR MIN PSBL S-S WX    SPD DR
================================================================================

 1  82  55  69   1   0   4 0.00    M    M  7.2 16 160   M    M   0        24 200
 2  84  51  68   1   0   3 0.00    M    M 12.0 31 280   M    M   1        38 270
 3  76  51  64  -3   1   0 0.00    M    M 11.8 24  30   M    M   5        28  20
 4  80  43  62  -5   3   0 0.00    M    M  6.8 12 350   M    M   0        18 360
 5  87  48  68   2   0   3 0.00    M    M  7.1 15  40   M    M   0        20  80
 6  90  48  69   3   0   4 0.00    M    M  4.7 10  30   M    M   0        13  80
 7  90  45  68   2   0   3 0.00    M    M  6.3 14 180   M    M   0        17 190
 8  88  51  70   5   0   5 0.00    M    M  8.6 21 250   M    M   1 8      24 250
 9  80  54  67   2   0   2 0.00    M    M 10.1 20 350   M    M   3        26 270
10  72  48  60  -4   5   0 0.00    M    M 14.9 25  10   M    M   6        33 350
11  72  39  56  -8   9   0 0.00    M    M 10.4 22  50   M    M   1 8      27  60
12  78  37  58  -6   7   0 0.00    M    M  8.4 15  10   M    M   0        24  50
13  82  41  62  -1   3   0 0.00    M    M  6.9 14  20   M    M   0        20  50
14  84  42  63   0   2   0 0.00    M    M  5.5 12  30   M    M   0        13  30
15  89  46  68   6   0   3 0.00    M    M  5.9 12 280   M    M   0        13 270
16  87  54  71   9   0   6 0.00    M    M  5.3 12 190   M    M   0        15 290
17  86  53  70   8   0   5 0.00    M    M  4.4 12 260   M    M   2        13 270
18  83  60  72  11   0   7 0.00    M    M 10.8 22 240   M    M   4        27 230
19  84  55  70   9   0   5 0.00    M    M  7.3 15 160   M    M   1        20 170
20  91  51  71  11   0   6 0.00    M    M  6.7 13  40   M    M   0        16  20
21  90  51  71  11   0   6 0.00    M    M  4.5 12  20   M    M   0        15  30
22  85  52  69   9   0   4 0.00    M    M  6.1 20 180   M    M   1        24 180
23  78  58  68   9   0   3 0.02    M    M  3.7 21 180   M    M   5 8      23 180
24  68  58  63   4   2   0 0.12    M    M  6.1 15 150   M    M   8        17 160
25  65  50  58   0   7   0 0.16    M    M  3.2  8  80   M    M   7 1       9  40
26  71  44  58   0   7   0 0.00    M    M  2.7 10 280   M    M   4 12     14 250
27  78  45  62   5   3   0 0.00    M    M  8.4 18  20   M    M   0        22  10
28  81  50  66   9   0   1 0.00    M    M  9.5 22  30   M    M   0        25  30
29  79  51  65   9   0   0    T    M    M  7.6 16 250   M    M   3 8      19 250
================================================================================
SM 2360 1431        49  70  0.30    M    212.9          M       52
================================================================================
AV 81.4 49.3                               7.3 FASTST   M    M   2    MAX(MPH)
                                 MISC ---->  # 31 280               # 38  270
================================================================================
NOTES:
# LAST OF SEVERAL OCCURRENCES

COLUMN 17 PEAK WIND IN M.P.H.

PRELIMINARY LOCAL CLIMATOLOGICAL DATA (WS FORM: F-6) , PAGE 2

                                          STATION:  MOSES LAKE WA AIRPORT
                                          MONTH:    SEPTEMBER
                                          YEAR:     2014
                                          LATITUDE:   47 12 N
                                          LONGITUDE: 119 19 W

[TEMPERATURE DATA]      [PRECIPITATION DATA]       SYMBOLS USED IN COLUMN 16

AVERAGE MONTHLY: 65.4   TOTAL FOR MONTH:   0.30    1 = FOG OR MIST
DPTR FM NORMAL:   3.1   DPTR FM NORMAL:   -0.06    2 = FOG REDUCING VISIBILITY
HIGHEST:    91 ON 20    GRTST 24HR  0.26 ON 24-25      TO 1/4 MILE OR LESS
LOWEST:     37 ON 12                               3 = THUNDER
                        SNOW, ICE PELLETS, HAIL    4 = ICE PELLETS
                        TOTAL MONTH:    M          5 = HAIL
                        GRTST 24HR    M  ON   M    6 = FREEZING RAIN OR DRIZZLE
                        GRTST DEPTH:  M  ON   M    7 = DUSTSTORM OR SANDSTORM:
                                                       VSBY 1/2 MILE OR LESS
                                                   8 = SMOKE OR HAZE
[NO. OF DAYS WITH]      [WEATHER - DAYS WITH]      9 = BLOWING SNOW
                                                   X = TORNADO
MAX 32 OR BELOW:   0    0.01 INCH OR MORE:   3
MAX 90 OR ABOVE:   4    0.10 INCH OR MORE:   2
MIN 32 OR BELOW:   0    0.50 INCH OR MORE:   0
MIN  0 OR BELOW:   0    1.00 INCH OR MORE:   0

[HDD (BASE 65) ]
TOTAL THIS MO.    49    CLEAR  (SCALE 0-3)  21
DPTR FM NORMAL   -72    PTCLDY (SCALE 4-7)   8
TOTAL FM JUL 1    49    CLOUDY (SCALE 8-10)  0
DPTR FM NORMAL   -92

[CDD (BASE 65) ]
TOTAL THIS MO.    70
DPTR FM NORMAL    26    [PRESSURE DATA]
TOTAL FM JAN 1   948    HIGHEST SLP M ON M
DPTR FM NORMAL   334    LOWEST  SLP  0.00 ON M

[REMARKS]
