000
CXUS56 KOTX 281500
CF6MWH
PRELIMINARY LOCAL CLIMATOLOGICAL DATA (WS FORM: F-6)

                                          STATION:   MOSES LAKE WA AIRPORT
                                          MONTH:     MAY
                                          YEAR:      2016
                                          LATITUDE:   47 12 N
                                          LONGITUDE: 119 19 W

  TEMPERATURE IN F:       :PCPN:    SNOW:  WIND      :SUNSHINE: SKY     :PK WND
================================================================================
1   2   3   4   5  6A  6B    7    8   9   10  11  12  13   14  15   16   17  18
                                     12Z  AVG MX 2MIN
DY MAX MIN AVG DEP HDD CDD  WTR  SNW DPTH SPD SPD DIR MIN PSBL S-S WX    SPD DR
================================================================================

 1  78  44  61   7   4   0 0.00    M    M  8.3 20  50   M    M   0        25  50
 2  84  43  64   9   1   0 0.00    M    M  5.0 10 220   M    M   0        17 210
 3  85  46  66  11   0   1 0.00    M    M  6.2 14 310   M    M   0        16 300
 4  77  59  68  13   0   3 0.01    M    M  5.6 21 200   M    M   3        26 200
 5  74  54  64   8   1   0 0.00    M    M  9.2 20 360   M    M   5        25 360
 6  85  50  68  12   0   3 0.00    M    M 11.9 24  40   M    M   0        31  50
 7  88  51  70  14   0   5 0.00    M    M  6.6 14  20   M    M   0        22  10
 8  82  52  67  10   0   2 0.00    M    M 14.4 31 270   M    M   0        41 280
 9  71  46  59   2   6   0    T    M    M 12.4 31 360   M    M   4        39 360
10  74  40  57   0   8   0 0.00    M    M  4.1 13 180   M    M   1        17 230
11  78  42  60   2   5   0 0.00    M    M  8.2 16 200   M    M   0        24 220
12  83  45  64   6   1   0 0.00    M    M  6.6 16  40   M    M   0        23  40
13  82  53  68  10   0   3 0.00    M    M 15.8 24  40   M    M   0        30  20
14  65  55  60   1   5   0 0.10    M    M 10.0 23  30   M    M   6        29  30
15  59  50  55  -4  10   0 0.15    M    M  4.4 15 280   M    M   8 1      17 280
16  75  47  61   2   4   0 0.00    M    M  5.6 13 200   M    M   2        16 180
17  80  47  64   4   1   0 0.00    M    M  6.7 16 170   M    M   0        20 160
18  82  49  66   6   0   1    T    M    M  7.5 28 280   M    M   2 8      33 280
19  68  44  56  -4   9   0 0.00    M    M  9.0 17 340   M    M   3        22 340
20  73  40  57  -3   8   0 0.13    M    M  9.4 18  10   M    M   5        25 360
21  68  52  60  -1   5   0 0.09    M    M  8.3 16 190   M    M   7        21 200
22  72  51  62   1   3   0 0.00    M    M 13.1 25 240   M    M   4        35 230
23  72  51  62   1   3   0 0.00    M    M  7.5 15 230   M    M   3        20 240
24  76  51  64   3   1   0 0.00    M    M  5.9 13 210   M    M   6        17 210
25  80  45  63   1   2   0 0.00    M    M  7.6 17 220   M    M   1        23 210
26  74  48  61  -1   4   0 0.00    M    M  9.6 22 270   M    M   1        26 280
27  70  49  60  -2   5   0 0.00    M    M 11.0 18 270   M    M   1        24 250
================================================================================
SM 2055 1304        86  18  0.48    M    229.9          M       62
================================================================================
AV 76.1 48.3                               8.5 FASTST   M    M   2    MAX(MPH)
                                 MISC ---->  # 31 270               # 41  280
================================================================================
NOTES:
# LAST OF SEVERAL OCCURRENCES

COLUMN 17 PEAK WIND IN M.P.H.

PRELIMINARY LOCAL CLIMATOLOGICAL DATA (WS FORM: F-6) , PAGE 2

                                          STATION:  MOSES LAKE WA AIRPORT
                                          MONTH:    MAY
                                          YEAR:     2016
                                          LATITUDE:   47 12 N
                                          LONGITUDE: 119 19 W

[TEMPERATURE DATA]      [PRECIPITATION DATA]       SYMBOLS USED IN COLUMN 16

AVERAGE MONTHLY: 62.2   TOTAL FOR MONTH:   0.48    1 = FOG OR MIST
DPTR FM NORMAL:   3.7   DPTR FM NORMAL:   -0.04    2 = FOG REDUCING VISIBILITY
HIGHEST:    88 ON  7    GRTST 24HR  0.22 ON 20-21      TO 1/4 MILE OR LESS
LOWEST:     40 ON 20,10                            3 = THUNDER
                        SNOW, ICE PELLETS, HAIL    4 = ICE PELLETS
                        TOTAL MONTH:    M          5 = HAIL
                        GRTST 24HR    M  ON   M    6 = FREEZING RAIN OR DRIZZLE
                        GRTST DEPTH:  M  ON   M    7 = DUSTSTORM OR SANDSTORM:
                                                       VSBY 1/2 MILE OR LESS
                                                   8 = SMOKE OR HAZE
[NO. OF DAYS WITH]      [WEATHER - DAYS WITH]      9 = BLOWING SNOW
                                                   X = TORNADO
MAX 32 OR BELOW:   0    0.01 INCH OR MORE:   5
MAX 90 OR ABOVE:   0    0.10 INCH OR MORE:   3
MIN 32 OR BELOW:   0    0.50 INCH OR MORE:   0
MIN  0 OR BELOW:   0    1.00 INCH OR MORE:   0

[HDD (BASE 65) ]
TOTAL THIS MO.    86    CLEAR  (SCALE 0-3)  18
DPTR FM NORMAL  -109    PTCLDY (SCALE 4-7)   8
TOTAL FM JUL 1  4935    CLOUDY (SCALE 8-10)  1
DPTR FM NORMAL  -877

[CDD (BASE 65) ]
TOTAL THIS MO.    18
DPTR FM NORMAL     1    [PRESSURE DATA]
TOTAL FM JAN 1    19    HIGHEST SLP M ON M
DPTR FM NORMAL     1    LOWEST  SLP  0.00 ON M

[REMARKS]
