000
CXUS56 KOTX 200900
CF6MWH
PRELIMINARY LOCAL CLIMATOLOGICAL DATA (WS FORM: F-6)

                                          STATION:   MOSES LAKE WA AIRPORT
                                          MONTH:     OCTOBER
                                          YEAR:      2017
                                          LATITUDE:   47 12 N
                                          LONGITUDE: 119 19 W

  TEMPERATURE IN F:       :PCPN:    SNOW:  WIND      :SUNSHINE: SKY     :PK WND
================================================================================
1   2   3   4   5  6A  6B    7    8   9   10  11  12  13   14  15   16   17  18
                                     12Z  AVG MX 2MIN
DY MAX MIN AVG DEP HDD CDD  WTR  SNW DPTH SPD SPD DIR MIN PSBL S-S WX    SPD DR
================================================================================

 1  69  44  57   1   8   0 0.03    M    M  8.6 20 340   M    M   3        24  10
 2  68  35  52  -3  13   0    T    M    M  6.4 24  50   M    M   2        30  60
 3  67  34  51  -4  14   0 0.00    M    M  8.4 16  50   M    M   0        22  40
 4  70  33  52  -2  13   0 0.00    M    M  4.9 13  20   M    M   0        16  10
 5  69  33  51  -3  14   0 0.00    M    M  5.1 13 180   M    M   0        15 190
 6  74  32  53   0  12   0    T    M    M 10.5 31 270   M    M   0 8      40 270
 7  67  47  57   4   8   0    T    M    M 12.3 24 260   M    M   2        28 260
 8  66  35  51  -1  14   0 0.00    M    M  7.1 20 340   M    M   0 8      24 340
 9  63  27  45  -7  20   0 0.00    M    M  6.4 15 180   M    M   0        20 180
10  56  35  46  -6  19   0    T    M    M  5.8 10 230   M    M   2        13 210
11  60  33  47  -4  18   0 0.00    M    M  6.7 15 250   M    M   2        19 240
12  51  27  39 -12  26   0 0.03    M    M  5.0 17 170   M    M   6 1      22 170
13  51  32  42  -8  23   0 0.09    M    M  3.4 21 310   M    M   6 123    24 300
14  57  27  42  -8  23   0 0.00    M    M  6.0 14 170   M    M   1 1      17 180
15  61  29  45  -5  20   0 0.00    M    M  4.3  9 150   M    M   0 8      10 130
16  64  28  46  -3  19   0 0.00    M    M  4.5 10 170   M    M   0 8      14 150
17  72  32  52   3  13   0    T    M    M 10.3 33 270   M    M   0 78     41 280
18  65  40  53   5  12   0    T    M    M 10.2 24 180   M    M   4        35 200
19  64  49  57   9   8   0 0.17    M    M  9.6 23 180   M    M   9        31 170
================================================================================
SM 1214  652       297   0  0.32    M    135.5          M       37
================================================================================
AV 63.9 34.3                               7.1 FASTST   M    M   2    MAX(MPH)
                                 MISC ---->  # 33 270               # 41  280
================================================================================
NOTES:
# LAST OF SEVERAL OCCURRENCES

COLUMN 17 PEAK WIND IN M.P.H.

PRELIMINARY LOCAL CLIMATOLOGICAL DATA (WS FORM: F-6) , PAGE 2

                                          STATION:  MOSES LAKE WA AIRPORT
                                          MONTH:    OCTOBER
                                          YEAR:     2017
                                          LATITUDE:   47 12 N
                                          LONGITUDE: 119 19 W

[TEMPERATURE DATA]      [PRECIPITATION DATA]       SYMBOLS USED IN COLUMN 16

AVERAGE MONTHLY: 49.1   TOTAL FOR MONTH:   0.32    1 = FOG OR MIST
DPTR FM NORMAL:  -2.6   DPTR FM NORMAL:   -0.04    2 = FOG REDUCING VISIBILITY
HIGHEST:    74 ON  6    GRTST 24HR  0.17 ON 19-19      TO 1/4 MILE OR LESS
LOWEST:     27 ON 14,12                            3 = THUNDER
                        SNOW, ICE PELLETS, HAIL    4 = ICE PELLETS
                        TOTAL MONTH:    M          5 = HAIL
                        GRTST 24HR    M  ON   M    6 = FREEZING RAIN OR DRIZZLE
                        GRTST DEPTH:  M  ON   M    7 = DUSTSTORM OR SANDSTORM:
                                                       VSBY 1/2 MILE OR LESS
                                                   8 = SMOKE OR HAZE
[NO. OF DAYS WITH]      [WEATHER - DAYS WITH]      9 = BLOWING SNOW
                                                   X = TORNADO
MAX 32 OR BELOW:   0    0.01 INCH OR MORE:   4
MAX 90 OR ABOVE:   0    0.10 INCH OR MORE:   1
MIN 32 OR BELOW:   8    0.50 INCH OR MORE:   0
MIN  0 OR BELOW:   0    1.00 INCH OR MORE:   0

[HDD (BASE 65) ]
TOTAL THIS MO.   297    CLEAR  (SCALE 0-3)  14
DPTR FM NORMAL    45    PTCLDY (SCALE 4-7)   4
TOTAL FM JUL 1   417    CLOUDY (SCALE 8-10)  1
DPTR FM NORMAL    15

[CDD (BASE 65) ]
TOTAL THIS MO.     0
DPTR FM NORMAL     0    [PRESSURE DATA]
TOTAL FM JAN 1   886    HIGHEST SLP M ON M
DPTR FM NORMAL   272    LOWEST  SLP 29.48 ON 19

[REMARKS]
