000
CXUS53 KBIS 300805
CF6N60
PRELIMINARY LOCAL CLIMATOLOGICAL DATA (WS FORM: F-6)

                                          STATION:   GARRISON (AMOS) ND
                                          MONTH:     OCTOBER
                                          YEAR:      2014
                                          LATITUDE:   47 39 N
                                          LONGITUDE: 101 23 W

  TEMPERATURE IN F:       :PCPN:    SNOW:  WIND      :SUNSHINE: SKY     :PK WND
================================================================================
1   2   3   4   5  6A  6B    7    8   9   10  11  12  13   14  15   16   17  18
                                     12Z  AVG MX 2MIN
DY MAX MIN AVG DEP HDD CDD  WTR  SNW DPTH SPD SPD DIR MIN PSBL S-S WX    SPD DR
================================================================================

 1  60  46  53   M  12   0 0.01    M    M 13.8 24 300   M    M   0        33 290
 2  58  38  48   M  17   0 0.00    M    M 16.7 33 310   M    M   0        44 310
 3  45  25  35   M  30   0 0.00    M    M 20.8 35 330   M    M   0        43 340
 4  48  22  35   M  30   0 0.00    M    M  6.9 15 310   M    M   0        20 300
 5  51  37  44   M  21   0 0.00    M    M 15.6 35 320   M    M   0        44 310
 6  57  42  50   M  15   0 0.01    M    M 15.2 28 300   M    M   M        38 290
 7  59  39  49   M  16   0 0.00    M    M 17.7 33 340   M    M   M        43 310
 8  51  28  40   M  25   0 0.00    M    M  3.5 12 330   M    M   M        14 280
 9  56  28  42   M  23   0 0.00    M    M  4.0 10 300   M    M   M        13 290
10  62  25  44   M  21   0 0.00    M    M  5.2 15 220   M    M   M        17 230
11  71  43  57   M   8   0 0.00    M    M 10.6 20 200   M    M   M        24 200
12  58  44  51   M  14   0 0.00    M    M 10.0 21 340   M    M   M        26 340
13  65  32  49   M  16   0 0.00    M    M  9.4 18 310   M    M   0        23 340
14  68  31  50   M  15   0 0.00    M    M  6.6 21 200   M    M   0        25 200
15  72  42  57   M   8   0 0.00    M    M  6.9 17 170   M    M   0        21 160
16  57  40  49   M  16   0 0.02    M    M 18.2 36 270   M    M   0        42 290
17  48  31  40   M  25   0 0.00    M    M 10.3 21 340   M    M   0        26 340
18  56  30  43   M  22   0 0.00    M    M 10.4 18 180   M    M   0        25 190
19  71  36  54   M  11   0 0.00    M    M  7.5 22 330   M    M   0        25 340
20  72  32  52   M  13   0 0.00    M    M  5.9 16 170   M    M   0        22 180
21  75  41  58   M   7   0 0.00    M    M  8.3 16 170   M    M   0        23 180
22  65  41  53   M  12   0 0.00    M    M 11.6 24 280   M    M   0        31 290
23  70  36  53   M  12   0 0.00    M    M  5.5 14 200   M    M   0        17 190
24  66  40  53   M  12   0 0.00    M    M 11.6 29 280   M    M   0        39 310
25  61  36  49   M  16   0 0.00    M    M  5.7 13 150   M    M   0        18 130
26  69  45  57   M   8   0 0.00    M    M 12.6 28 310   M    M   0        35 320
27  48  34  41   M  24   0 0.02    M    M 15.2 26 270   M    M   0        33 260
28  41  33  37   M  28   0 0.01    M    M 14.2 25 320   M    M   0        32 320
29  45  28  37   M  28   0 0.05    M    M  7.1 16 190   M    M   0        21 190
================================================================================
SM 1725 1025       505   0  0.12    M    307.0          M        0
================================================================================
AV 59.5 35.3                              10.6 FASTST   M    M   0    MAX(MPH)
                                 MISC ---->  # 36 270               # 44  310
================================================================================
NOTES:
# LAST OF SEVERAL OCCURRENCES

COLUMN 17 PEAK WIND IN M.P.H.

PRELIMINARY LOCAL CLIMATOLOGICAL DATA (WS FORM: F-6) , PAGE 2

                                          STATION:  GARRISON (AMOS) ND
                                          MONTH:    OCTOBER
                                          YEAR:     2014
                                          LATITUDE:   47 39 N
                                          LONGITUDE: 101 23 W

[TEMPERATURE DATA]      [PRECIPITATION DATA]       SYMBOLS USED IN COLUMN 16

AVERAGE MONTHLY: 47.4   TOTAL FOR MONTH:   0.12    1 = FOG OR MIST
DPTR FM NORMAL:     M   DPTR FM NORMAL:       M    2 = FOG REDUCING VISIBILITY
HIGHEST:    75 ON 21    GRTST 24HR  0.56 ON 30- 1      TO 1/4 MILE OR LESS
LOWEST:     22 ON  4                               3 = THUNDER
                        SNOW, ICE PELLETS, HAIL    4 = ICE PELLETS
                        TOTAL MONTH:    M          5 = HAIL
                        GRTST 24HR    M  ON   M    6 = FREEZING RAIN OR DRIZZLE
                        GRTST DEPTH:  M  ON   M    7 = DUSTSTORM OR SANDSTORM:
                                                       VSBY 1/2 MILE OR LESS
                                                   8 = SMOKE OR HAZE
[NO. OF DAYS WITH]      [WEATHER - DAYS WITH]      9 = BLOWING SNOW
                                                   X = TORNADO
MAX 32 OR BELOW:   0    0.01 INCH OR MORE:   6
MAX 90 OR ABOVE:   0    0.10 INCH OR MORE:   0
MIN 32 OR BELOW:  11    0.50 INCH OR MORE:   0
MIN  0 OR BELOW:   0    1.00 INCH OR MORE:   0

[HDD (BASE 65) ]
TOTAL THIS MO.   505    CLEAR  (SCALE 0-3)  22
DPTR FM NORMAL     M    PTCLDY (SCALE 4-7)   0
TOTAL FM JUL 1   811    CLOUDY (SCALE 8-10)  0
DPTR FM NORMAL     M

[CDD (BASE 65) ]
TOTAL THIS MO.     0
DPTR FM NORMAL     M    [PRESSURE DATA]
TOTAL FM JAN 1   306    HIGHEST SLP  0.00 ON 22
DPTR FM NORMAL     M    LOWEST  SLP 29.46 ON 16

[REMARKS]
