000
CXHW50 PHFO 261250
CF6NGF
PRELIMINARY LOCAL CLIMATOLOGICAL DATA (WS FORM: F-6)

                                          STATION:   KANEOHE BAY MCAS HI
                                          MONTH:     MAY
                                          YEAR:      2016
                                          LATITUDE:   21 25 N
                                          LONGITUDE: 157 46 W

  TEMPERATURE IN F:       :PCPN:    SNOW:  WIND      :SUNSHINE: SKY     :PK WND
================================================================================
1   2   3   4   5  6A  6B    7    8   9   10  11  12  13   14  15   16   17  18
                                     12Z  AVG MX 2MIN
DY MAX MIN AVG DEP HDD CDD  WTR  SNW DPTH SPD SPD DIR MIN PSBL S-S WX    SPD DR
================================================================================

 1  82  73  78   3   0  13 0.08  0.0    0 12.0 16  70   M    M   5        23  70
 2  82  75  79   4   0  14 0.00  0.0    0 10.0 14  60   M    M   3        21  70
 3   M   M   M   M   M   M 0.04    M    0 10.7 17  60   M    M   7 1      24  60
 4  79  72  76   1   0  11 0.08  0.0    0  8.6 14  60   M    M   8        23  90
 5  83  72  78   3   0  13 0.00  0.0    0  6.3  9 300   M    M   7         M  M
 6  85  70  78   3   0  13 0.02  0.0    0  4.4 17  20   M    M   6        31 360
 7  77  70  74  -1   0   9 0.05  0.0    0 11.9 22  10   M    M  10 1      30  10
 8  76  70  73  -2   0   8    T  0.0    0 10.4 16  40   M    M  10        23  50
 9  79  72  76   1   0  11    T  0.0    0 12.3 17  40   M    M   9        21  60
10  81  73  77   2   0  12 0.00  0.0    0 13.4 16  40   M    M   9        18  60
11  81  73  77   2   0  12 0.00  0.0    0 12.4 16  40   M    M   9        21  50
12  81  69  75   0   0  10 0.00  0.0    0  7.0 10  50   M    M   8         M  M
13  81  70  76   1   0  11 0.00  0.0    0  3.8  9  30   M    M   7         M  M
14  82  73  78   3   0  13    T  0.0    0  5.2  9  60   M    M   8         M  M
15  84  75  80   4   0  15 0.00  0.0    0  7.3 12  40   M    M   4         M  M
16  83  76  80   4   0  15 0.00  0.0    0 11.1 15  60   M    M   6        23  80
17  82  74  78   2   0  13 0.00  0.0    0 11.9 17  70   M    M   8        27  60
18  82  73  78   2   0  13    T  0.0    0  9.7 13  80   M    M   9        27  90
19  82  76  79   3   0  14    T  0.0    0 10.2 14  70   M    M   7        23  70
20  83  75  79   3   0  14 0.00  0.0    0 10.7 15  70   M    M   7        23 100
21  83  74  79   3   0  14 0.00  0.0    0 12.5 16  70   M    M   7        25  70
22  82  75  79   3   0  14    T  0.0    0 11.6 17  70   M    M   7        27  70
23  83  75  79   3   0  14 0.00  0.0    0  9.2 14  50   M    M   7        20  70
24  83  75  79   3   0  14 0.00  0.0    0  7.3 13  70   M    M   7        18  80
25  82  75  79   3   0  14    T  0.0    0  7.3 14  70   M    M   9 1      21  80
================================================================================
SM 1958 1755         0 304  0.27     0.0 237.2          M      184
================================================================================
AV 81.6 73.1                               9.5 FASTST   M    M   7    MAX(MPH)
                                 MISC ---->    22   M                 31    M
================================================================================
NOTES:
# LAST OF SEVERAL OCCURRENCES

COLUMN 17 PEAK WIND IN M.P.H.

PRELIMINARY LOCAL CLIMATOLOGICAL DATA (WS FORM: F-6) , PAGE 2

                                          STATION:  KANEOHE BAY MCAS HI
                                          MONTH:    MAY
                                          YEAR:     2016
                                          LATITUDE:   21 25 N
                                          LONGITUDE: 157 46 W

[TEMPERATURE DATA]      [PRECIPITATION DATA]       SYMBOLS USED IN COLUMN 16

AVERAGE MONTHLY: 77.4   TOTAL FOR MONTH:   0.27    1 = FOG OR MIST
DPTR FM NORMAL:   1.9   DPTR FM NORMAL:   -0.90    2 = FOG REDUCING VISIBILITY
HIGHEST:    85 ON  6    GRTST 24HR  0.08 ON  4- 4      TO 1/4 MILE OR LESS
LOWEST:     69 ON 12                               3 = THUNDER
                        SNOW, ICE PELLETS, HAIL    4 = ICE PELLETS
                        TOTAL MONTH:   0.0 INCH    5 = HAIL
                        GRTST 24HR     0.0         6 = FREEZING RAIN OR DRIZZLE
                        GRTST DEPTH:   0           7 = DUSTSTORM OR SANDSTORM:
                                                       VSBY 1/2 MILE OR LESS
                                                   8 = SMOKE OR HAZE
[NO. OF DAYS WITH]      [WEATHER - DAYS WITH]      9 = BLOWING SNOW
                                                   X = TORNADO
MAX 32 OR BELOW:   0    0.01 INCH OR MORE:   5
MAX 90 OR ABOVE:   0    0.10 INCH OR MORE:   0
MIN 32 OR BELOW:   0    0.50 INCH OR MORE:   0
MIN  0 OR BELOW:   0    1.00 INCH OR MORE:   0

[HDD (BASE 65) ]
TOTAL THIS MO.     0    CLEAR  (SCALE 0-3)   1
DPTR FM NORMAL     0    PTCLDY (SCALE 4-7)  16
TOTAL FM JUL 1     0    CLOUDY (SCALE 8-10)  8
DPTR FM NORMAL     0

[CDD (BASE 65) ]
TOTAL THIS MO.   304
DPTR FM NORMAL    43    [PRESSURE DATA]
TOTAL FM JAN 1  1443    HIGHEST SLP M ON M
DPTR FM NORMAL   195    LOWEST  SLP M ON M

[REMARKS]
