000
CXUS54 KMAF 241100
CF6ODO
PRELIMINARY LOCAL CLIMATOLOGICAL DATA (WS FORM: F-6)

                                          STATION:   Odessa Schleymeyer
                                          MONTH:     AUGUST
                                          YEAR:      2016
                                          LATITUDE:   31 55 N
                                          LONGITUDE: 102 23 W

  TEMPERATURE IN F:       :PCPN:    SNOW:  WIND      :SUNSHINE: SKY     :PK WND
================================================================================
1   2   3   4   5  6A  6B    7    8   9   10  11  12  13   14  15   16   17  18
                                     12Z  AVG MX 2MIN
DY MAX MIN AVG DEP HDD CDD  WTR  SNW DPTH SPD SPD DIR MIN PSBL S-S WX    SPD DR
================================================================================

 1  99  77  88   4   0  23 0.00  0.0    0 13.8 21 170   M    M   0        26 200
 2 100  77  89   5   0  24    T  0.0    0  9.2 32 260   M    M   1 38     40 250
 3 101  76  89   5   0  24 0.00  0.0    0 10.7 20 190   M    M   0        24 180
 4 101  78  90   6   0  25 0.00  0.0    0 12.5 20 190   M    M   0        25 190
 5 100  76  88   4   0  23 0.00  0.0    0 13.4 22 170   M    M   0        29 160
 6  99  76  88   5   0  23    T  0.0    0 11.7 20 170   M    M   1        29 150
 7 100  78  89   6   0  24 0.00  0.0    0 12.4 21 180   M    M   0        27 150
 8 100  79  90   7   0  25 0.00  0.0    0 12.9 18 180   M    M   0        25 190
 9  97  74  86   3   0  21 0.01  0.0    0 11.8 25  40   M    M   2 38     32  40
10  95  72  84   1   0  19 0.00  0.0    0  7.4 17 190   M    M   2 8      23 220
11 100  75  88   5   0  23    T  0.0    0 10.1 26 200   M    M   1 3      32 200
12  97  76  87   4   0  22 0.15  0.0    0  7.8 37 130   M    M   3 3      44 140
13  91  73  82  -1   0  17 0.00  0.0    0 10.9 25  60   M    M   2        36  70
14  84  70  77  -6   0  12    T  0.0    0 11.1 20  40   M    M   0        25  60
15  91  63  77  -6   0  12 0.00  0.0    0  9.4 17 130   M    M   0        25 110
16  93  64  79  -4   0  14 0.00  0.0    0  8.8 21  70   M    M   0        26  70
17  89  64  77  -6   0  12 0.00  0.0    0  8.8 21 110   M    M   3        25 110
18  89  71  80  -2   0  15 0.00  0.0    0 13.2 23 170   M    M   3        30 170
19  90  73  82   0   0  17 0.00  0.0    0 13.5 26 210   M    M   4        30 220
20  85  69  77  -5   0  12    T  0.0    0 11.8 24  60   M    M   4 1      30  60
21  86  67  77  -5   0  12 0.00  0.0    0 10.7 18 110   M    M   4        24 100
22  86  71  79  -3   0  14 0.06  0.0    0 10.7 29 150   M    M   6        36 140
23  89  74  82   0   0  17 0.04  0.0    0 13.7 23 190   M    M   2 3      29 190
================================================================================
SM 2162 1673         0 430  0.26     0.0 256.3          M       38
================================================================================
AV 94.0 72.7                              11.1 FASTST   M    M   2    MAX(MPH)
                                 MISC ---->  # 37 130               # 44  140
================================================================================
NOTES:
# LAST OF SEVERAL OCCURRENCES

COLUMN 17 PEAK WIND IN M.P.H.

PRELIMINARY LOCAL CLIMATOLOGICAL DATA (WS FORM: F-6) , PAGE 2

                                          STATION:  Odessa Schleymeyer
                                          MONTH:    AUGUST
                                          YEAR:     2016
                                          LATITUDE:   31 55 N
                                          LONGITUDE: 102 23 W

[TEMPERATURE DATA]      [PRECIPITATION DATA]       SYMBOLS USED IN COLUMN 16

AVERAGE MONTHLY: 83.4   TOTAL FOR MONTH:   0.26    1 = FOG OR MIST
DPTR FM NORMAL:   0.4   DPTR FM NORMAL:   -1.05    2 = FOG REDUCING VISIBILITY
HIGHEST:   101 ON  4, 3 GRTST 24HR  0.15 ON 12-12      TO 1/4 MILE OR LESS
LOWEST:     63 ON 15                               3 = THUNDER
                        SNOW, ICE PELLETS, HAIL    4 = ICE PELLETS
                        TOTAL MONTH:   0.0 INCH    5 = HAIL
                        GRTST 24HR     0.0         6 = FREEZING RAIN OR DRIZZLE
                        GRTST DEPTH:   0           7 = DUSTSTORM OR SANDSTORM:
                                                       VSBY 1/2 MILE OR LESS
                                                   8 = SMOKE OR HAZE
[NO. OF DAYS WITH]      [WEATHER - DAYS WITH]      9 = BLOWING SNOW
                                                   X = TORNADO
MAX 32 OR BELOW:   0    0.01 INCH OR MORE:   4
MAX 90 OR ABOVE:  16    0.10 INCH OR MORE:   1
MIN 32 OR BELOW:   0    0.50 INCH OR MORE:   0
MIN  0 OR BELOW:   0    1.00 INCH OR MORE:   0

[HDD (BASE 65) ]
TOTAL THIS MO.     0    CLEAR  (SCALE 0-3)  18
DPTR FM NORMAL     0    PTCLDY (SCALE 4-7)   5
TOTAL FM JUL 1     0    CLOUDY (SCALE 8-10)  0
DPTR FM NORMAL     0

[CDD (BASE 65) ]
TOTAL THIS MO.   430
DPTR FM NORMAL    18    [PRESSURE DATA]
TOTAL FM JAN 1  2132    HIGHEST SLP M ON M
DPTR FM NORMAL   234    LOWEST  SLP 29.67 ON  8

[REMARKS]
