000
CXUS54 KMAF 271100
CF6ODO
PRELIMINARY LOCAL CLIMATOLOGICAL DATA (WS FORM: F-6)

                                          STATION:   Odessa Schleymeyer
                                          MONTH:     MARCH
                                          YEAR:      2017
                                          LATITUDE:   31 55 N
                                          LONGITUDE: 102 23 W

  TEMPERATURE IN F:       :PCPN:    SNOW:  WIND      :SUNSHINE: SKY     :PK WND
================================================================================
1   2   3   4   5  6A  6B    7    8   9   10  11  12  13   14  15   16   17  18
                                     12Z  AVG MX 2MIN
DY MAX MIN AVG DEP HDD CDD  WTR  SNW DPTH SPD SPD DIR MIN PSBL S-S WX    SPD DR
================================================================================

 1  62  43  53   0  12   0 0.00  0.0    0 10.3 23  50   M    M   0        26  50
 2  64  37  51  -2  14   0 0.00  0.0    0  9.7 18 150   M    M   0        25 150
 3  64  40  52  -2  13   0 0.00  0.0    0 12.9 24 150   M    M   0        29 150
 4  66  41  54   0  11   0 0.00  0.0    0 13.4 24 190   M    M   2        30 190
 5  82  53  68  14   0   3 0.00  0.0    0 12.8 24 190   M    M   5        31 190
 6  84  56  70  16   0   5 0.00  0.0    0 17.4 30 250   M    M   2        38 250
 7  67  43  55   0  10   0 0.00  0.0    0 10.8 23  60   M    M   3 8      30  70
 8  81  45  63   8   2   0 0.00  0.0    0 11.5 20 170   M    M   2        25 160
 9  84  61  73  18   0   8 0.00  0.0    0 10.7 23 270   M    M   8 18     29 270
10  75  54  65   9   0   0 0.00  0.0    0 11.5 22  80   M    M   1 128    45 100
11  82  46  64   8   1   0 0.54    M    0 14.1 37  60   M    M   3 138    47  50
12  60  40  50  -6  15   0 0.00  0.0    0 10.3 25  70   M    M   0 1      30  60
13  65  46  56   0   9   0 0.00  0.0    0 10.0 26  50   M    M   0 1      33  60
14  82  46  64   7   1   0 0.00  0.0    0  9.3 21 200   M    M   0        24 200
15  77  46  62   5   3   0 0.00  0.0    0 11.9 22 180   M    M   0        25 180
16  89  54  72  15   0   7    T  0.0    0 12.0 21 250   M    M   2 18     25 260
17  90  56  73  15   0   8 0.00  0.0    0  9.5 17 200   M    M   1        24 200
18  85  52  69  11   0   4 0.00  0.0    0  9.8 18 150   M    M   0        23 180
19  89  59  74  16   0   9 0.00  0.0    0 11.8 22 170   M    M   0        27 180
20  93  62  78  20   0  13 0.00  0.0    0 11.8 21 180   M    M   0        28 180
21  95  57  76  18   0  11 0.00  0.0    0  9.0 20 190   M    M   0        23 190
22  90  57  74  15   0   9 0.00  0.0    0 13.8 28 170   M    M   0        33 150
23  84  62  73  14   0   8 0.03  0.0    0 23.7 43 170   M    M   0 3      54 170
24  79  50  65   6   0   0 0.00  0.0    0 19.6 33 270   M    M   2        45 270
25  77  43  60   0   5   0 0.00  0.0    0  9.0 16 170   M    M   0        22 170
26  82  59  71  11   0   6 0.00  0.0    0 10.9 31 250   M    M   1        37 270
================================================================================
SM 2048 1308        96  91  0.57     0.0 317.5          M       32
================================================================================
AV 78.8 50.3                              12.2 FASTST   M    M   1    MAX(MPH)
                                 MISC ---->  # 43 170               # 54  170
================================================================================
NOTES:
# LAST OF SEVERAL OCCURRENCES

COLUMN 17 PEAK WIND IN M.P.H.

PRELIMINARY LOCAL CLIMATOLOGICAL DATA (WS FORM: F-6) , PAGE 2

                                          STATION:  Odessa Schleymeyer
                                          MONTH:    MARCH
                                          YEAR:     2017
                                          LATITUDE:   31 55 N
                                          LONGITUDE: 102 23 W

[TEMPERATURE DATA]      [PRECIPITATION DATA]       SYMBOLS USED IN COLUMN 16

AVERAGE MONTHLY: 64.5   TOTAL FOR MONTH:   0.57    1 = FOG OR MIST
DPTR FM NORMAL:   8.0   DPTR FM NORMAL:    0.04    2 = FOG REDUCING VISIBILITY
HIGHEST:    95 ON 21    GRTST 24HR  0.54 ON 11-11      TO 1/4 MILE OR LESS
LOWEST:     37 ON  2                               3 = THUNDER
                        SNOW, ICE PELLETS, HAIL    4 = ICE PELLETS
                        TOTAL MONTH:   0.0 INCH    5 = HAIL
                        GRTST 24HR     0.0         6 = FREEZING RAIN OR DRIZZLE
                        GRTST DEPTH:   0           7 = DUSTSTORM OR SANDSTORM:
                                                       VSBY 1/2 MILE OR LESS
                                                   8 = SMOKE OR HAZE
[NO. OF DAYS WITH]      [WEATHER - DAYS WITH]      9 = BLOWING SNOW
                                                   X = TORNADO
MAX 32 OR BELOW:   0    0.01 INCH OR MORE:   2
MAX 90 OR ABOVE:   4    0.10 INCH OR MORE:   1
MIN 32 OR BELOW:   0    0.50 INCH OR MORE:   1
MIN  0 OR BELOW:   0    1.00 INCH OR MORE:   0

[HDD (BASE 65) ]
TOTAL THIS MO.    96    CLEAR  (SCALE 0-3)  23
DPTR FM NORMAL  -141    PTCLDY (SCALE 4-7)   3
TOTAL FM JUL 1  1578    CLOUDY (SCALE 8-10)  0
DPTR FM NORMAL  -766

[CDD (BASE 65) ]
TOTAL THIS MO.    91
DPTR FM NORMAL    78    [PRESSURE DATA]
TOTAL FM JAN 1   107    HIGHEST SLP M ON M
DPTR FM NORMAL    91    LOWEST  SLP 29.52 ON 23

[REMARKS]
