000
CXUS54 KMAF 261100
CF6ODO
PRELIMINARY LOCAL CLIMATOLOGICAL DATA (WS FORM: F-6)

                                          STATION:   Odessa Schleymeyer
                                          MONTH:     SEPTEMBER
                                          YEAR:      2016
                                          LATITUDE:   31 55 N
                                          LONGITUDE: 102 23 W

  TEMPERATURE IN F:       :PCPN:    SNOW:  WIND      :SUNSHINE: SKY     :PK WND
================================================================================
1   2   3   4   5  6A  6B    7    8   9   10  11  12  13   14  15   16   17  18
                                     12Z  AVG MX 2MIN
DY MAX MIN AVG DEP HDD CDD  WTR  SNW DPTH SPD SPD DIR MIN PSBL S-S WX    SPD DR
================================================================================

 1  80  69  75  -5   0  10 1.37  0.0    0  7.8 17  50   M    M   6 13     21  40
 2  86  67  77  -3   0  12 0.00  0.0    0  6.2 14 150   M    M   3 18     17 140
 3  86  68  77  -2   0  12 0.00  0.0    0 10.1 18 170   M    M   3 18     25 130
 4  88  71  80   1   0  15 0.00  0.0    0 14.8 23 150   M    M   1 18     32 160
 5  85  70  78  -1   0  13 0.00  0.0    0 17.4 28 170   M    M   3        36 160
 6  87  73  80   1   0  15 0.00  0.0    0 14.9 23 180   M    M   2        32 200
 7  92  70  81   3   0  16 0.59  0.0    0 11.8 33 290   M    M   3 138    44 290
 8  90  72  81   3   0  16 0.01  0.0    0  7.6 17 250   M    M   1        25 300
 9  94  73  84   6   0  19 0.00  0.0    0 12.5 20 180   M    M   0        26 180
10  79  64  72  -6   0   7 0.15  0.0    0 12.6 30  40   M    M   5 13     37  50
11  85  61  73  -4   0   8 0.00  0.0    0  8.4 15 210   M    M   0        21 200
12  89  69  79   2   0  14 0.00  0.0    0 10.5 17 170   M    M   0        25 180
13  89  66  78   2   0  13 0.00  0.0    0  8.4 15 160   M    M   1        19 160
14  88  66  77   1   0  12 0.00  0.0    0  8.3 23 130   M    M   3 3      28 130
15  89  68  79   3   0  14 0.00  0.0    0  7.8 18 140   M    M   2        23 140
16  91  67  79   3   0  14 0.22  0.0    0 13.0 25  20   M    M   4 138    42 310
17  91  67  79   4   0  14 0.67  0.0    0 10.5 30 160   M    M   5 13     37 160
18  92  67  80   5   0  15 0.00  0.0    0  6.4 16 210   M    M   0        22 170
19  96  71  84   9   0  19 0.00  0.0    0  7.4 15 200   M    M   0 18     18 230
20  92  70  81   7   0  16 0.00  0.0    0  9.5 20 160   M    M   0        28 190
21  90  68  79   5   0  14 0.00  0.0    0  9.1 18 170   M    M   0        25 180
22  89  68  79   5   0  14 0.00  0.0    0 11.4 20 180   M    M   0        28 190
23  91  67  79   6   0  14 0.00  0.0    0 13.6 22 150   M    M   0        32 190
24  87  69  78   5   0  13    T  0.0    0 10.6 21 180   M    M   3        30 170
25  74  59  67  -5   0   2 0.02  0.0    0 12.8 28  50   M    M   6 1      34  50
================================================================================
SM 2200 1700         0 331  3.03     0.0 263.4          M       51
================================================================================
AV 88.0 68.0                              10.5 FASTST   M    M   2    MAX(MPH)
                                 MISC ---->  # 33 290               # 44  290
================================================================================
NOTES:
# LAST OF SEVERAL OCCURRENCES

COLUMN 17 PEAK WIND IN M.P.H.

PRELIMINARY LOCAL CLIMATOLOGICAL DATA (WS FORM: F-6) , PAGE 2

                                          STATION:  Odessa Schleymeyer
                                          MONTH:    SEPTEMBER
                                          YEAR:     2016
                                          LATITUDE:   31 55 N
                                          LONGITUDE: 102 23 W

[TEMPERATURE DATA]      [PRECIPITATION DATA]       SYMBOLS USED IN COLUMN 16

AVERAGE MONTHLY: 78.0   TOTAL FOR MONTH:   3.03    1 = FOG OR MIST
DPTR FM NORMAL:   1.6   DPTR FM NORMAL:    1.53    2 = FOG REDUCING VISIBILITY
HIGHEST:    96 ON 19    GRTST 24HR  1.37 ON  1- 1      TO 1/4 MILE OR LESS
LOWEST:     59 ON 25                               3 = THUNDER
                        SNOW, ICE PELLETS, HAIL    4 = ICE PELLETS
                        TOTAL MONTH:   0.0 INCH    5 = HAIL
                        GRTST 24HR     0.0         6 = FREEZING RAIN OR DRIZZLE
                        GRTST DEPTH:   0           7 = DUSTSTORM OR SANDSTORM:
                                                       VSBY 1/2 MILE OR LESS
                                                   8 = SMOKE OR HAZE
[NO. OF DAYS WITH]      [WEATHER - DAYS WITH]      9 = BLOWING SNOW
                                                   X = TORNADO
MAX 32 OR BELOW:   0    0.01 INCH OR MORE:   7
MAX 90 OR ABOVE:  10    0.10 INCH OR MORE:   5
MIN 32 OR BELOW:   0    0.50 INCH OR MORE:   3
MIN  0 OR BELOW:   0    1.00 INCH OR MORE:   1

[HDD (BASE 65) ]
TOTAL THIS MO.     0    CLEAR  (SCALE 0-3)  19
DPTR FM NORMAL     0    PTCLDY (SCALE 4-7)   6
TOTAL FM JUL 1     0    CLOUDY (SCALE 8-10)  0
DPTR FM NORMAL     0

[CDD (BASE 65) ]
TOTAL THIS MO.   331
DPTR FM NORMAL    44    [PRESSURE DATA]
TOTAL FM JAN 1  2559    HIGHEST SLP M ON M
DPTR FM NORMAL   247    LOWEST  SLP 29.72 ON 23

[REMARKS]
