000
CXUS53 KOAX 311000
CF6OFK
PRELIMINARY LOCAL CLIMATOLOGICAL DATA (WS FORM: F-6)

                                          STATION:   NORFOLK, NEBRASKA
                                          MONTH:     MAY
                                          YEAR:      2016
                                          LATITUDE:   41 58 N
                                          LONGITUDE:  97 26 W

  TEMPERATURE IN F:       :PCPN:    SNOW:  WIND      :SUNSHINE: SKY     :PK WND
================================================================================
1   2   3   4   5  6A  6B    7    8   9   10  11  12  13   14  15   16   17  18
                                     12Z  AVG MX 2MIN
DY MAX MIN AVG DEP HDD CDD  WTR  SNW DPTH SPD SPD DIR MIN PSBL S-S WX    SPD DR
================================================================================

 1  54  38  46 -10  19   0 0.33  0.0    0 11.3 23  20   M    M   9 1      26  20
 2  63  34  49  -7  16   0 0.00  0.0    0  4.3 10 330   M    M   1        14 330
 3  70  38  54  -2  11   0 0.00  0.0    0  8.9 22 290   M    M   1        27 330
 4  69  43  56  -1   9   0 0.00  0.0    0  9.6 18 340   M    M   0        24 340
 5  81  37  59   2   6   0 0.00  0.0    0  6.1 15 190   M    M   0        20 190
 6  86  56  71  14   0   6 0.00  0.0    0 13.6 26 210   M    M   0        33 210
 7  70  54  62   4   3   0 0.00  0.0    0 11.4 21  70   M    M   1 8      29  70
 8  76  52  64   6   1   0 0.31  0.0    0 15.5 29 100   M    M   4 13     36 120
 9  71  54  63   5   2   0 0.91  0.0    0 10.7 29 110   M    M   4 13     36 110
10  77  50  64   6   1   0 1.12  0.0    0  7.8 31 270   M    M   3 13     43 270
11  68  49  59   0   6   0 0.73  0.0    0 11.3 23 310   M    M   5 1      29 300
12  67  45  56  -3   9   0 0.00  0.0    0 11.6 26 320   M    M   1        34 320
13  62  39  51  -9  14   0    T  0.0    0 19.1 37 350   M    M   4        47 350
14  58  34  46 -14  19   0 0.00  0.0    0 12.3 26 330   M    M   2        36 340
15  64  35  50 -10  15   0 0.00  0.0    0  6.9 18 230   M    M   2        24 220
16  53  40  47 -13  18   0 0.25  0.0    0  3.6 12  80   M    M   7 1      15 110
17  70  39  55  -6  10   0    T  0.0    0  5.0 17  20   M    M   2        23  20
18  70  36  53  -8  12   0 0.00  0.0    0  5.9 16 170   M    M   1        20 160
19  71  50  61   0   4   0 0.00  0.0    0 12.9 24 170   M    M   4        32 170
20  65  43  54  -8  11   0 0.00  0.0    0 10.8 22 130   M    M   6        27 150
21  74  49  62   0   3   0 0.00  0.0    0 12.6 23 140   M    M   0 8      29 130
22  83  57  70   8   0   5 0.00  0.0    0 20.3 31 170   M    M   5        38 180
23  77  58  68   5   0   3 0.37  0.0    0 10.0 28 160   M    M   7 13     37 160
24  86  54  70   7   0   5 0.00  0.0    0  6.8 20 130   M    M   0 1      25 130
25  82  60  71   8   0   6 0.21  0.0    0  9.1 28 290   M    M   4 13     33 290
26  80  52  66   2   0   1    T  0.0    0  6.4 23 140   M    M   1 3      33 150
27  76  57  67   3   0   2 1.57  0.0    0  7.3 30 220   M    M   4 13     42 210
28  69  53  61  -3   4   0 0.24  0.0    0 11.7 25 310   M    M   7 1      35 310
29  81  53  67   2   0   2 0.00  0.0    0  3.5 13 230   M    M   2 3      16 220
30  84  59  72   7   0   7 0.50  0.0    0 10.3 29 280   M    M   1 13     36 270
================================================================================
SM 2157 1418       193  37  6.54     0.0 296.6          M       88
================================================================================
AV 71.9 47.3                               9.9 FASTST   M    M   3    MAX(MPH)
                                 MISC ---->  # 37 350               # 47  350
================================================================================
NOTES:
# LAST OF SEVERAL OCCURRENCES

COLUMN 17 PEAK WIND IN M.P.H.

PRELIMINARY LOCAL CLIMATOLOGICAL DATA (WS FORM: F-6) , PAGE 2

                                          STATION:  NORFOLK, NEBRASKA
                                          MONTH:    MAY
                                          YEAR:     2016
                                          LATITUDE:   41 58 N
                                          LONGITUDE:  97 26 W

[TEMPERATURE DATA]      [PRECIPITATION DATA]       SYMBOLS USED IN COLUMN 16

AVERAGE MONTHLY: 59.6   TOTAL FOR MONTH:   6.54    1 = FOG OR MIST
DPTR FM NORMAL:  -0.7   DPTR FM NORMAL:    2.76    2 = FOG REDUCING VISIBILITY
HIGHEST:    86 ON 24, 6 GRTST 24HR  1.85 ON 10-11      TO 1/4 MILE OR LESS
LOWEST:     34 ON 14, 2                            3 = THUNDER
                        SNOW, ICE PELLETS, HAIL    4 = ICE PELLETS
                        TOTAL MONTH:   0.0 INCH    5 = HAIL
                        GRTST 24HR     0.0         6 = FREEZING RAIN OR DRIZZLE
                        GRTST DEPTH:   0           7 = DUSTSTORM OR SANDSTORM:
                                                       VSBY 1/2 MILE OR LESS
                                                   8 = SMOKE OR HAZE
[NO. OF DAYS WITH]      [WEATHER - DAYS WITH]      9 = BLOWING SNOW
                                                   X = TORNADO
MAX 32 OR BELOW:   0    0.01 INCH OR MORE:  11
MAX 90 OR ABOVE:   0    0.10 INCH OR MORE:  11
MIN 32 OR BELOW:   0    0.50 INCH OR MORE:   5
MIN  0 OR BELOW:   0    1.00 INCH OR MORE:   2

[HDD (BASE 65) ]
TOTAL THIS MO.   193    CLEAR  (SCALE 0-3)  17
DPTR FM NORMAL     7    PTCLDY (SCALE 4-7)  12
TOTAL FM JUL 1  5576    CLOUDY (SCALE 8-10)  1
DPTR FM NORMAL -1033

[CDD (BASE 65) ]
TOTAL THIS MO.    37
DPTR FM NORMAL   -10    [PRESSURE DATA]
TOTAL FM JAN 1    37    HIGHEST SLP M ON M
DPTR FM NORMAL   -22    LOWEST  SLP 29.50 ON  9

[REMARKS]
