000
CXUS55 KEAX 280736
CF6OJC
PRELIMINARY LOCAL CLIMATOLOGICAL DATA (WS FORM: F-6)

                                          STATION:   Johnson County Executive KS
                                          MONTH:     MARCH
                                          YEAR:      2015
                                          LATITUDE:   38 50 N
                                          LONGITUDE:  94 44 W

  TEMPERATURE IN F:       :PCPN:    SNOW:  WIND      :SUNSHINE: SKY     :PK WND
================================================================================
1   2   3   4   5  6A  6B    7    8   9   10  11  12  13   14  15   16   17  18
                                     12Z  AVG MX 2MIN
DY MAX MIN AVG DEP HDD CDD  WTR  SNW DPTH SPD SPD DIR MIN PSBL S-S WX    SPD DR
================================================================================

 1  34  21  28 -11  37   0    T    M    M  3.3  9 320   M    M   7 1      13 280
 2  38  18  28 -12  37   0 0.00    M    M  7.5 18 110   M    M   3 18     23 170
 3  47  30  39  -1  26   0 0.00    M    M 13.2 22  10   M    M   8 1      30 190
 4  30  18  24 -16  41   0    T    M    M 13.1 24  10   M    M   7 1      31 360
 5  33  11  22 -19  43   0 0.00    M    M  6.4 14 160   M    M   0        18 160
 6  58  21  40  -1  25   0 0.00    M    M 10.8 18 230   M    M   0        25 230
 7  70  38  54  12  11   0 0.00    M    M  8.8 15 240   M    M   0        21 230
 8  69  38  54  12  11   0 0.00    M    M  6.7 16 260   M    M   0        24 210
 9  61  33  47   5  18   0 0.00    M    M  5.2 15 190   M    M   0 18     19 190
10  71  41  56  13   9   0 0.00    M    M  2.7  9 350   M    M   0 18     16 310
11  75  42  59  16   6   0 0.00    M    M  3.7 10 200   M    M   0        14 200
12  72  46  59  15   6   0 0.00    M    M  7.8 15 140   M    M   0        21 130
13  73  46  60  16   5   0 0.00    M    M  8.4 20  20   M    M   1        27  20
14  66  42  54  10  11   0 0.00    M    M  9.9 20  10   M    M   0        26  20
15  73  35  54   9  11   0 0.00    M    M  7.7 17 200   M    M   0        23 240
16  81  53  67  22   0   2 0.00    M    M 10.8 23 220   M    M   0        32 220
17  60  43  52   7  13   0 0.00    M    M 15.6 28  10   M    M   0        37  30
18  44  36  40  -6  25   0 0.26    M    M 10.3 17 110   M    M   7 1      23 120
19  42  35  39  -7  26   0 0.38    M    M  4.8 10  90   M    M  10 1      14  90
20  63  31  47   1  18   0 0.00    M    M  4.8 12 230   M    M   3 12     16 230
21  71  43  57  10   8   0 0.00    M    M  6.2 12 100   M    M   0        16  60
22  72  46  59  12   6   0 0.00    M    M  4.8 15 160   M    M   0        21 160
23  59  39  49   1  16   0 0.00    M    M  9.1 21  70   M    M   3        30  70
24  56  39  48   0  17   0 0.11    M    M 11.5 22  80   M    M  10 13     30  80
25  58  41  50   2  15   0 0.02    M    M  9.7 22  20   M    M   8 128    27  30
26  52  34  43  -5  22   0 0.07    M    M  9.4 20  20   M    M   3 1      28 360
27  45  33  39 -10  26   0 0.02    M    M  8.3 17 360   M    M   7 1      21 350
================================================================================
SM 1573  953       489   2  0.86    M    220.5          M       77
================================================================================
AV 58.3 35.3                               8.2 FASTST   M    M   3    MAX(MPH)
                                 MISC ---->  # 28  10               # 37   30
================================================================================
NOTES:
# LAST OF SEVERAL OCCURRENCES

COLUMN 17 PEAK WIND IN M.P.H.

PRELIMINARY LOCAL CLIMATOLOGICAL DATA (WS FORM: F-6) , PAGE 2

                                          STATION:  Johnson County Executive KS
                                          MONTH:    MARCH
                                          YEAR:     2015
                                          LATITUDE:   38 50 N
                                          LONGITUDE:  94 44 W

[TEMPERATURE DATA]      [PRECIPITATION DATA]       SYMBOLS USED IN COLUMN 16

AVERAGE MONTHLY: 46.8   TOTAL FOR MONTH:   0.86    1 = FOG OR MIST
DPTR FM NORMAL:   2.6   DPTR FM NORMAL:   -1.44    2 = FOG REDUCING VISIBILITY
HIGHEST:    81 ON 16    GRTST 24HR  0.38 ON 19-19      TO 1/4 MILE OR LESS
LOWEST:     11 ON  5                               3 = THUNDER
                        SNOW, ICE PELLETS, HAIL    4 = ICE PELLETS
                        TOTAL MONTH:    M          5 = HAIL
                        GRTST 24HR    M  ON   M    6 = FREEZING RAIN OR DRIZZLE
                        GRTST DEPTH:  M  ON   M    7 = DUSTSTORM OR SANDSTORM:
                                                       VSBY 1/2 MILE OR LESS
                                                   8 = SMOKE OR HAZE
[NO. OF DAYS WITH]      [WEATHER - DAYS WITH]      9 = BLOWING SNOW
                                                   X = TORNADO
MAX 32 OR BELOW:   1    0.01 INCH OR MORE:   6
MAX 90 OR ABOVE:   0    0.10 INCH OR MORE:   3
MIN 32 OR BELOW:   7    0.50 INCH OR MORE:   0
MIN  0 OR BELOW:   0    1.00 INCH OR MORE:   0

[HDD (BASE 65) ]
TOTAL THIS MO.   489    CLEAR  (SCALE 0-3)  18
DPTR FM NORMAL   -74    PTCLDY (SCALE 4-7)   6
TOTAL FM JUL 1  4524    CLOUDY (SCALE 8-10)  3
DPTR FM NORMAL    68

[CDD (BASE 65) ]
TOTAL THIS MO.     2
DPTR FM NORMAL     2    [PRESSURE DATA]
TOTAL FM JAN 1     2    HIGHEST SLP  0.00 ON M
DPTR FM NORMAL     2    LOWEST  SLP  0.00 ON M

[REMARKS]
