000
CXUS56 KSGX 281445
CF6OKB
PRELIMINARY LOCAL CLIMATOLOGICAL DATA (WS FORM: F-6)

                                          STATION:   OCEANSIDE AIRPORT CA
                                          MONTH:     MARCH
                                          YEAR:      2015
                                          LATITUDE:   33 13 N
                                          LONGITUDE: 117 21 W

  TEMPERATURE IN F:       :PCPN:    SNOW:  WIND      :SUNSHINE: SKY     :PK WND
================================================================================
1   2   3   4   5  6A  6B    7    8   9   10  11  12  13   14  15   16   17  18
                                     12Z  AVG MX 2MIN
DY MAX MIN AVG DEP HDD CDD  WTR  SNW DPTH SPD SPD DIR MIN PSBL S-S WX    SPD DR
================================================================================

 1  59  52  56   1   9   0 0.39  0.0    0  6.1 18 110   M    M  10 1      25 110
 2  61  42  52  -3  13   0 0.35    M    0  4.2 16 290   M    M   4 1      22 300
 3  65  40  53  -2  12   0 0.00  0.0    0  5.4 15 300   M    M   0        20 280
 4  68  41  55   0  10   0 0.00  0.0    0  4.3 15 290   M    M   0        17 290
 5  74  38  56   1   9   0 0.00  0.0    0  3.9 13 240   M    M   0        16 240
 6  83  34  59   4   6   0 0.00  0.0    0  5.7 20 290   M    M   0        24 290
 7  84  41  63   8   2   0 0.00  0.0    0  2.5 13 250   M    M   0        17 250
 8  72  39  56   1   9   0 0.00  0.0    0  4.1 13 230   M    M   2 1      17 240
 9  66  47  57   2   8   0 0.00  0.0    0  3.8 12 240   M    M   4 18     15 230
10  71  42  57   2   8   0 0.00  0.0    0  3.4 13 240   M    M   2 128    15 250
11  72  52  62   7   3   0 0.00  0.0    0  3.5 15 280   M    M   1 128    20 290
12  76  46  61   6   4   0 0.00  0.0    0  3.3 14 240   M    M   0 18     18 250
13  92  48  70  15   0   5 0.00  0.0    0  6.0 18 290   M    M   0        25 290
14  92  50  71  16   0   6 0.00  0.0    0  3.8 15 300   M    M   0        18 290
15  92  55  74  18   0   9 0.00  0.0    0  6.2 18 290   M    M   0        23 300
16  91  52  72  16   0   7 0.00  0.0    0  3.6 13 240   M    M   0        15 230
17  79  47  63   7   2   0 0.00  0.0    0  4.5 12 210   M    M   1        15 240
18  72  61  67  11   0   2 0.00  0.0    0  6.0 16 220   M    M   9        20 220
19  71  54  63   7   2   0 0.00  0.0    0  4.8 14 240   M    M   3        20 250
20  72  51  62   6   3   0 0.00  0.0    0  4.5 15 240   M    M   4 18     19 240
21  70  58  64   8   1   0 0.00  0.0    0  3.5 10 240   M    M   6 18     16 250
22  70  52  61   5   4   0 0.00  0.0    0  3.6 13 230   M    M   5        17 250
23  70  48  59   3   6   0 0.00  0.0    0  4.1 14 250   M    M   2 1      20 240
24  71  48  60   4   5   0 0.00  0.0    0  3.4 14 240   M    M   1        17 210
25  76  48  62   6   3   0 0.00  0.0    0  3.1 12 280   M    M   0        17 280
26  85  49  67  11   0   2 0.00  0.0    0  4.9 18 290   M    M   0        23 290
27  84  46  65   9   0   0 0.00  0.0    0  4.5 14 240   M    M   0 1      19 290
================================================================================
SM 2038 1281       119  31  0.74     0.0 116.7          M       54
================================================================================
AV 75.5 47.4                               4.3 FASTST   M    M   2    MAX(MPH)
                                 MISC ---->  # 20 290               # 25  110
================================================================================
NOTES:
# LAST OF SEVERAL OCCURRENCES

COLUMN 17 PEAK WIND IN M.P.H.

PRELIMINARY LOCAL CLIMATOLOGICAL DATA (WS FORM: F-6) , PAGE 2

                                          STATION:  OCEANSIDE AIRPORT CA
                                          MONTH:    MARCH
                                          YEAR:     2015
                                          LATITUDE:   33 13 N
                                          LONGITUDE: 117 21 W

[TEMPERATURE DATA]      [PRECIPITATION DATA]       SYMBOLS USED IN COLUMN 16

AVERAGE MONTHLY: 61.5   TOTAL FOR MONTH:   0.74    1 = FOG OR MIST
DPTR FM NORMAL:   6.0   DPTR FM NORMAL:   -1.32    2 = FOG REDUCING VISIBILITY
HIGHEST:    92 ON 15,14 GRTST 24HR  0.39 ON  1- 1      TO 1/4 MILE OR LESS
LOWEST:     34 ON  6                               3 = THUNDER
                        SNOW, ICE PELLETS, HAIL    4 = ICE PELLETS
                        TOTAL MONTH:   0.0 INCH    5 = HAIL
                        GRTST 24HR     0.0         6 = FREEZING RAIN OR DRIZZLE
                        GRTST DEPTH:   0           7 = DUSTSTORM OR SANDSTORM:
                                                       VSBY 1/2 MILE OR LESS
                                                   8 = SMOKE OR HAZE
[NO. OF DAYS WITH]      [WEATHER - DAYS WITH]      9 = BLOWING SNOW
                                                   X = TORNADO
MAX 32 OR BELOW:   0    0.01 INCH OR MORE:   2
MAX 90 OR ABOVE:   4    0.10 INCH OR MORE:   2
MIN 32 OR BELOW:   0    0.50 INCH OR MORE:   0
MIN  0 OR BELOW:   0    1.00 INCH OR MORE:   0

[HDD (BASE 65) ]
TOTAL THIS MO.   119    CLEAR  (SCALE 0-3)  20
DPTR FM NORMAL  -139    PTCLDY (SCALE 4-7)   5
TOTAL FM JUL 1   993    CLOUDY (SCALE 8-10)  2
DPTR FM NORMAL  -673

[CDD (BASE 65) ]
TOTAL THIS MO.    31
DPTR FM NORMAL    31    [PRESSURE DATA]
TOTAL FM JAN 1    31    HIGHEST SLP M ON M
DPTR FM NORMAL    31    LOWEST  SLP 29.85 ON M

[REMARKS]
