000
CXUS55 KGGW 230800
CF6OLF
PRELIMINARY LOCAL CLIMATOLOGICAL DATA (WS FORM: F-6)

                                          STATION:   WOLF POINT MT
                                          MONTH:     AUGUST
                                          YEAR:      2016
                                          LATITUDE:   48  5 N
                                          LONGITUDE: 105 35 W

  TEMPERATURE IN F:       :PCPN:    SNOW:  WIND      :SUNSHINE: SKY     :PK WND
================================================================================
1   2   3   4   5  6A  6B    7    8   9   10  11  12  13   14  15   16   17  18
                                     12Z  AVG MX 2MIN
DY MAX MIN AVG DEP HDD CDD  WTR  SNW DPTH SPD SPD DIR MIN PSBL S-S WX    SPD DR
================================================================================

 1  87  58  73   1   0   8 0.02  0.0    0  7.7 17 300   M    M   1 3      21 300
 2  93  50  72   0   0   7 0.00  0.0    0  7.0 21  80   M    M   0        26  80
 3  86  58  72   0   0   7    T  0.0    0 18.5 35 290   M    M   1        46 290
 4  82  56  69  -3   0   4    T  0.0    0 12.0 21 300   M    M   1        29 290
 5  90  49  70  -2   0   5 0.00  0.0    0  4.4 14  80   M    M   0        20 110
 6  94  59  77   5   0  12 0.00  0.0    0  7.4 16  90   M    M   1        22  90
 7  94  64  79   7   0  14 0.32  0.0    0  7.3 30 200   M    M   2 3      40 210
 8  88  60  74   2   0   9 0.00  0.0    0  9.8 23 290   M    M   1        30 260
 9  87  55  71   0   0   6 0.00  0.0    0 12.5 28 100   M    M   0        35  90
10  86  55  71   0   0   6 0.00  0.0    0  9.7 18  90   M    M   4        23  90
11  83  50  67  -4   0   2 0.00  0.0    0 10.2 29 280   M    M   1 8      42 310
12  82  54  68  -3   0   3    T  0.0    0 10.3 25 270   M    M   2 3      33 270
13  86  51  69  -1   0   4 0.00  0.0    0  6.7 16 300   M    M   1 8      21 310
14  95  51  73   3   0   8 0.00  0.0    0  4.3 23  20   M    M   0        29  10
15  89  54  72   2   0   7 0.17  0.0    0  3.8 37 310   M    M   1 38     52 310
16  92  56  74   4   0   9    T  0.0    0  2.7 10 220   M    M   2        16 230
17  99  55  77   8   0  12 0.00  0.0    0  8.4 31  10   M    M   0        38  10
18  81  58  70   1   0   5 0.08  0.0    0 10.1 24  30   M    M   5        31  30
19  72  52  62  -7   3   0 0.12  0.0    0  8.6 22 330   M    M   6 1      27 320
20  80  46  63  -5   2   0 0.00  0.0    0  3.6 13 200   M    M   1        17 220
21  94  46  70   2   0   5 0.00  0.0    0  5.0 18 220   M    M   0        25 200
22  97  50  74   6   0   9 0.00  0.0    0  7.7 21 320   M    M   0 8      26 330
================================================================================
SM 1937 1187         5 142  0.71     0.0 177.7          M       30
================================================================================
AV 88.0 54.0                               8.1 FASTST   M    M   1    MAX(MPH)
                                 MISC ---->  # 37 310               # 52  310
================================================================================
NOTES:
# LAST OF SEVERAL OCCURRENCES

COLUMN 17 PEAK WIND IN M.P.H.

PRELIMINARY LOCAL CLIMATOLOGICAL DATA (WS FORM: F-6) , PAGE 2

                                          STATION:  WOLF POINT MT
                                          MONTH:    AUGUST
                                          YEAR:     2016
                                          LATITUDE:   48  5 N
                                          LONGITUDE: 105 35 W

[TEMPERATURE DATA]      [PRECIPITATION DATA]       SYMBOLS USED IN COLUMN 16

AVERAGE MONTHLY: 71.0   TOTAL FOR MONTH:   0.71    1 = FOG OR MIST
DPTR FM NORMAL:   0.5   DPTR FM NORMAL:   -0.34    2 = FOG REDUCING VISIBILITY
HIGHEST:    99 ON 17    GRTST 24HR  0.32 ON  7- 7      TO 1/4 MILE OR LESS
LOWEST:     46 ON 21,20                            3 = THUNDER
                        SNOW, ICE PELLETS, HAIL    4 = ICE PELLETS
                        TOTAL MONTH:   0.0 INCH    5 = HAIL
                        GRTST 24HR     0.0         6 = FREEZING RAIN OR DRIZZLE
                        GRTST DEPTH:   0           7 = DUSTSTORM OR SANDSTORM:
                                                       VSBY 1/2 MILE OR LESS
                                                   8 = SMOKE OR HAZE
[NO. OF DAYS WITH]      [WEATHER - DAYS WITH]      9 = BLOWING SNOW
                                                   X = TORNADO
MAX 32 OR BELOW:   0    0.01 INCH OR MORE:   5
MAX 90 OR ABOVE:   9    0.10 INCH OR MORE:   3
MIN 32 OR BELOW:   0    0.50 INCH OR MORE:   0
MIN  0 OR BELOW:   0    1.00 INCH OR MORE:   0

[HDD (BASE 65) ]
TOTAL THIS MO.     5    CLEAR  (SCALE 0-3)  19
DPTR FM NORMAL   -13    PTCLDY (SCALE 4-7)   3
TOTAL FM JUL 1     9    CLOUDY (SCALE 8-10)  0
DPTR FM NORMAL   -29

[CDD (BASE 65) ]
TOTAL THIS MO.   142
DPTR FM NORMAL     4    [PRESSURE DATA]
TOTAL FM JAN 1   458    HIGHEST SLP M ON M
DPTR FM NORMAL    67    LOWEST  SLP 29.55 ON 22

[REMARKS]
