000
CXUS55 KGGW 010800
CF6OLF
PRELIMINARY LOCAL CLIMATOLOGICAL DATA (WS FORM: F-6)

                                          STATION:   WOLF POINT MT
                                          MONTH:     SEPTEMBER
                                          YEAR:      2014
                                          LATITUDE:   48  5 N
                                          LONGITUDE: 105 35 W

  TEMPERATURE IN F:       :PCPN:    SNOW:  WIND      :SUNSHINE: SKY     :PK WND
================================================================================
1   2   3   4   5  6A  6B    7    8   9   10  11  12  13   14  15   16   17  18
                                     12Z  AVG MX 2MIN
DY MAX MIN AVG DEP HDD CDD  WTR  SNW DPTH SPD SPD DIR MIN PSBL S-S WX    SPD DR
================================================================================

 1  75  47  61  -3   4   0 0.06    M    0  7.2 22 300   M    M   1 3      27 300
 2  76  51  64   1   1   0 0.00  0.0    0  5.7 17 270   M    M   1        22 270
 3  82  50  66   3   0   1    T  0.0    0 12.7 29  40   M    M   1 38     37  40
 4  69  43  56  -6   9   0 0.00  0.0    0 12.4 29 320   M    M   5        36 300
 5  76  39  58  -4   7   0 0.00  0.0    0  5.5 18 280   M    M   1        27 240
 6  81  39  60  -1   5   0 0.00  0.0    0  4.2 16 270   M    M   0        26 250
 7  87  45  66   5   0   1 0.00  0.0    0  5.3 14 230   M    M   0        18 250
 8  73  44  59  -1   6   0 0.00  0.0    0  9.9 21  40   M    M   1        26  40
 9  54  41  48 -12  17   0 0.03    M    0 15.9 24  70   M    M  10 1      30  70
10  43  38  41 -19  24   0 0.05    M    0  9.9 22  60   M    M  10        26  60
11  49  33  41 -18  24   0 0.00  0.0    0  5.1 12 280   M    M   9        15  30
12  61  27  44 -15  21   0 0.00  0.0    0  5.6 18 230   M    M   0        27 340
13  58  31  45 -13  20   0 0.00  0.0    0 10.8 23 290   M    M   4        29 320
14  61  27  44 -14  21   0 0.00  0.0    0  3.1  9 200   M    M   4        13 200
15  72  30  51  -6  14   0 0.00  0.0    0  1.8 12 240   M    M   0        16 230
16  79  35  57   0   8   0 0.00  0.0    0  1.6  8 100   M    M   0        10  80
17  81  41  61   5   4   0 0.00  0.0    0  6.6 13  50   M    M   0 8      18 120
18  79  49  64   8   1   0 0.00  0.0    0  5.0 12 220   M    M   0        15 240
19  80  51  66  10   0   1 0.00  0.0    0  9.2 24 280   M    M   1 18     31 280
20  76  41  59   4   6   0 0.00  0.0    0 11.1 26 310   M    M   1        37 330
21  78  36  57   2   8   0 0.00  0.0    0  2.8  8  50   M    M   0         9  50
22  86  40  63   9   2   0 0.00  0.0    0  6.4 12 180   M    M   0        19 150
23  84  43  64  10   1   0 0.00  0.0    0  4.3 16 280   M    M   0 8      21 250
24  90  47  69  16   0   4 0.00  0.0    0  3.5 14 190   M    M   0        18 190
25  96  49  73  20   0   8    T    M    0  5.5 13 180   M    M   0        19 180
26  90  52  71  19   0   6 0.00  0.0    0  9.1 22 310   M    M   0 8      28 320
27  70  50  60   8   5   0    T  0.0    0 17.7 28  30   M    M   5        34  20
28  51  47  49  -3  16   0 0.05    M    0  9.9 15  60   M    M   8        20  60
29  54  47  51   0  14   0 0.08    M    0 10.1 16  90   M    M  10 1      21  80
30  61  52  57   6   8   0 0.08  0.0    0  5.6 18 300   M    M  10 1      23 300
================================================================================
SM 2172 1265       246  21  0.35     0.0 223.5          M       82
================================================================================
AV 72.4 42.2                               7.5 FASTST   M    M   3    MAX(MPH)
                                 MISC ---->  # 29  40               # 37   40
================================================================================
NOTES:
# LAST OF SEVERAL OCCURRENCES

COLUMN 17 PEAK WIND IN M.P.H.

PRELIMINARY LOCAL CLIMATOLOGICAL DATA (WS FORM: F-6) , PAGE 2

                                          STATION:  WOLF POINT MT
                                          MONTH:    SEPTEMBER
                                          YEAR:     2014
                                          LATITUDE:   48  5 N
                                          LONGITUDE: 105 35 W

[TEMPERATURE DATA]      [PRECIPITATION DATA]       SYMBOLS USED IN COLUMN 16

AVERAGE MONTHLY: 57.3   TOTAL FOR MONTH:   0.35    1 = FOG OR MIST
DPTR FM NORMAL:   0.2   DPTR FM NORMAL:   -0.66    2 = FOG REDUCING VISIBILITY
HIGHEST:    96 ON 25    GRTST 24HR  0.10 ON 28-29      TO 1/4 MILE OR LESS
LOWEST:     27 ON 14,12                            3 = THUNDER
                        SNOW, ICE PELLETS, HAIL    4 = ICE PELLETS
                        TOTAL MONTH:   0.0 INCH    5 = HAIL
                        GRTST 24HR     0.0         6 = FREEZING RAIN OR DRIZZLE
                        GRTST DEPTH:   0           7 = DUSTSTORM OR SANDSTORM:
                                                       VSBY 1/2 MILE OR LESS
                                                   8 = SMOKE OR HAZE
[NO. OF DAYS WITH]      [WEATHER - DAYS WITH]      9 = BLOWING SNOW
                                                   X = TORNADO
MAX 32 OR BELOW:   0    0.01 INCH OR MORE:   6
MAX 90 OR ABOVE:   3    0.10 INCH OR MORE:   0
MIN 32 OR BELOW:   4    0.50 INCH OR MORE:   0
MIN  0 OR BELOW:   0    1.00 INCH OR MORE:   0

[HDD (BASE 65) ]
TOTAL THIS MO.   246    CLEAR  (SCALE 0-3)  20
DPTR FM NORMAL   -17    PTCLDY (SCALE 4-7)   5
TOTAL FM JUL 1   290    CLOUDY (SCALE 8-10)  5
DPTR FM NORMAL   -33

[CDD (BASE 65) ]
TOTAL THIS MO.    21
DPTR FM NORMAL    -6    [PRESSURE DATA]
TOTAL FM JAN 1   493    HIGHEST SLP M ON M
DPTR FM NORMAL    45    LOWEST  SLP 29.51 ON 30

[REMARKS]
#FINAL-09-14#
