000
CXUS55 KSEW 220930
CF6OLM
PRELIMINARY LOCAL CLIMATOLOGICAL DATA (WS FORM: F-6)

                                          STATION:   OLYMPIA WA AIRPORT
                                          MONTH:     OCTOBER
                                          YEAR:      2017
                                          LATITUDE:   46 58 N
                                          LONGITUDE: 122 54 W

  TEMPERATURE IN F:       :PCPN:    SNOW:  WIND      :SUNSHINE: SKY     :PK WND
================================================================================
1   2   3   4   5  6A  6B    7    8   9   10  11  12  13   14  15   16   17  18
                                     12Z  AVG MX 2MIN
DY MAX MIN AVG DEP HDD CDD  WTR  SNW DPTH SPD SPD DIR MIN PSBL S-S WX    SPD DR
================================================================================

 1  66  41  54   0  11   0 0.05  0.0    0  2.3 10  20   M    M   9 12     13 330
 2  61  39  50  -4  15   0 0.00  0.0    0  3.3 15  30   M    M   6 12     22  30
 3  69  35  52  -2  13   0 0.00  0.0    0  3.5 13  20   M    M   2 12     20  80
 4  68  32  50  -4  15   0 0.00  0.0    0  1.6 10 340   M    M   0        13  20
 5  71  32  52  -1  13   0 0.00  0.0    0  1.5  8  30   M    M   1 12     10  30
 6  67  35  51  -2  14   0 0.13  0.0    0  9.2 20 230   M    M   5 1      27 240
 7  59  44  52  -1  13   0 0.16  0.0    0  7.7 14 250   M    M   3 1      20 270
 8  62  35  49  -3  16   0 0.00  0.0    0  2.4  9 350   M    M   5 12     12  20
 9  63  33  48  -4  17   0 0.00  0.0    0  1.3  7  20   M    M   3 12      9  10
10  60  40  50  -2  15   0    T  0.0    0  7.7 17 260   M    M   3 1      24 240
11  56  39  48  -4  17   0 0.04  0.0    0  7.5 17 210   M    M   5        23 220
12  53  42  48  -3  17   0 0.20  0.0    0  6.8 12 180   M    M   7 1      15 210
13  56  31  44  -7  21   0    T  0.0    0  6.1 16 210   M    M   3 1      22 210
14  58  30  44  -7  21   0 0.00  0.0    0  3.8 12 210   M    M   4 1      18 210
15  63  32  48  -2  17   0 0.00  0.0    0  1.2  8  20   M    M   2 12     10 350
16  62  36  49  -1  16   0 0.00  0.0    0  5.5 14 230   M    M   4 12     19 210
17  60  41  51   1  14   0 0.12  0.0    0  8.1 20 210   M    M   3 1      30 240
18  60  44  52   2  13   0 1.52  0.0    0 11.3 28 180   M    M   9 1      38 190
19  54  48  51   2  14   0 0.90  0.0    0  7.7 15 180   M    M   9 1      19 180
20  53  41  47  -2  18   0 0.37  0.0    0  7.8 21 270   M    M   6 1      28 260
21  58  45  52   3  13   0 2.91    M    0 10.8 23 170   M    M  10 1      30 170
================================================================================
SM 1279  795       323   0  6.40     0.0 117.1          M       99
================================================================================
AV 60.9 37.9                               5.6 FASTST   M    M   5    MAX(MPH)
                                 MISC ---->  # 28 180               # 38  190
================================================================================
NOTES:
# LAST OF SEVERAL OCCURRENCES

COLUMN 17 PEAK WIND IN M.P.H.

PRELIMINARY LOCAL CLIMATOLOGICAL DATA (WS FORM: F-6) , PAGE 2

                                          STATION:  OLYMPIA WA AIRPORT
                                          MONTH:    OCTOBER
                                          YEAR:     2017
                                          LATITUDE:   46 58 N
                                          LONGITUDE: 122 54 W

[TEMPERATURE DATA]      [PRECIPITATION DATA]       SYMBOLS USED IN COLUMN 16

AVERAGE MONTHLY: 49.4   TOTAL FOR MONTH:   6.40    1 = FOG OR MIST
DPTR FM NORMAL:  -2.2   DPTR FM NORMAL:    3.80    2 = FOG REDUCING VISIBILITY
HIGHEST:    71 ON  5    GRTST 24HR  2.91 ON 21-21      TO 1/4 MILE OR LESS
LOWEST:     30 ON 14                               3 = THUNDER
                        SNOW, ICE PELLETS, HAIL    4 = ICE PELLETS
                        TOTAL MONTH:   0.0 INCH    5 = HAIL
                        GRTST 24HR     0.0         6 = FREEZING RAIN OR DRIZZLE
                        GRTST DEPTH:   0           7 = DUSTSTORM OR SANDSTORM:
                                                       VSBY 1/2 MILE OR LESS
                                                   8 = SMOKE OR HAZE
[NO. OF DAYS WITH]      [WEATHER - DAYS WITH]      9 = BLOWING SNOW
                                                   X = TORNADO
MAX 32 OR BELOW:   0    0.01 INCH OR MORE:  10
MAX 90 OR ABOVE:   0    0.10 INCH OR MORE:   8
MIN 32 OR BELOW:   5    0.50 INCH OR MORE:   3
MIN  0 OR BELOW:   0    1.00 INCH OR MORE:   2

[HDD (BASE 65) ]
TOTAL THIS MO.   323    CLEAR  (SCALE 0-3)   7
DPTR FM NORMAL    42    PTCLDY (SCALE 4-7)  10
TOTAL FM JUL 1   515    CLOUDY (SCALE 8-10)  4
DPTR FM NORMAL  -106

[CDD (BASE 65) ]
TOTAL THIS MO.     0
DPTR FM NORMAL     0    [PRESSURE DATA]
TOTAL FM JAN 1   204    HIGHEST SLP M ON M
DPTR FM NORMAL    98    LOWEST  SLP 29.87 ON 10

[REMARKS]
