000
CXUS53 KOAX 241000
CF6OMA
PRELIMINARY LOCAL CLIMATOLOGICAL DATA (WS FORM: F-6)

                                          STATION:   OMAHA EPPLEY, NEBRASKA
                                          MONTH:     APRIL
                                          YEAR:      2014
                                          LATITUDE:   41 17 N
                                          LONGITUDE:  95 54 W

  TEMPERATURE IN F:       :PCPN:    SNOW:  WIND      :SUNSHINE: SKY     :PK WND
================================================================================
1   2   3   4   5  6A  6B    7    8   9   10  11  12  13   14  15   16   17  18
                                     12Z  AVG MX 2MIN
DY MAX MIN AVG DEP HDD CDD  WTR  SNW DPTH SPD SPD DIR MIN PSBL S-S WX    SPD DR
================================================================================

 1  45  22  34 -12  31   0 0.00  0.0    0 11.5 29 300   M    M   7        38 320
 2  46  31  39  -7  26   0 0.01  0.0    0 10.7 22  90   M    M   9 18     27  80
 3  42  33  38  -9  27   0 0.13    T    0 15.1 24 320   M    M  10 1      30 340
 4  44  28  36 -11  29   0 0.05  0.2    T 15.3 31 320   M    M   8 1      39 320
 5  61  25  43  -5  22   0 0.00  0.0    0 13.5 23 160   M    M   5        27 150
 6  63  46  55   7  10   0    T  0.0    0 11.0 22 180   M    M   9 8      28 180
 7  67  38  53   5  12   0 0.03  0.0    0  9.4 29 350   M    M   6 1      35 350
 8  60  37  49   0  16   0 0.00  0.0    0 12.4 25 350   M    M   4        32 340
 9  82  34  58   9   7   0 0.00  0.0    0 12.4 26 200   M    M   4        35 210
10  69  48  59   9   6   0 0.00  0.0    0 10.2 38  10   M    M   6        46  10
11  77  41  59   9   6   0 0.00  0.0    0  8.4 18 220   M    M   5        21 170
12  84  58  71  21   0   6 0.00  0.0    0 10.7 22 170   M    M   8 8      27 170
13  61  31  46  -5  19   0 1.34  0.4    0 25.3 38  20   M    M  10 138    50  30
14  43  28  36 -15  29   0 0.00  0.0    T 17.6 39 350   M    M   7        47 340
15  53  22  38 -14  27   0 0.00  0.0    0 12.2 29 170   M    M   3        38 180
16  69  36  53   1  12   0 0.00  0.0    0 23.7 36 310   M    M   9        43 300
17  57  32  45  -7  20   0 0.00  0.0    0  8.6 25 340   M    M   5        31 350
18  69  29  49  -4  16   0 0.00  0.0    0 11.0 25 170   M    M   3 8      31 170
19  80  53  67  14   0   2 0.00  0.0    0 17.6 25 190   M    M   7        31 180
20  85  58  72  18   0   7 0.02  0.0    0 10.6 26 210   M    M   8        36 210
21  76  48  62   8   3   0 0.10  0.0    0 13.7 31 360   M    M   7 18     37 360
22  69  38  54   0  11   0 0.00  0.0    0  8.3 16 130   M    M   4        21 130
23  58  49  54  -1  11   0 0.12  0.0    0 18.9 36 150   M    M   9 3      43 150
================================================================================
SM 1460  865       340  15  1.80     0.6 308.1          M      153
================================================================================
AV 63.5 37.6                              13.4 FASTST   M    M   7    MAX(MPH)
                                 MISC ---->  # 39 350               # 50   30
================================================================================
NOTES:
# LAST OF SEVERAL OCCURRENCES

COLUMN 17 PEAK WIND IN M.P.H.

PRELIMINARY LOCAL CLIMATOLOGICAL DATA (WS FORM: F-6) , PAGE 2

                                          STATION:  OMAHA EPPLEY, NEBRASKA
                                          MONTH:    APRIL
                                          YEAR:     2014
                                          LATITUDE:   41 17 N
                                          LONGITUDE:  95 54 W

[TEMPERATURE DATA]      [PRECIPITATION DATA]       SYMBOLS USED IN COLUMN 16

AVERAGE MONTHLY: 50.5   TOTAL FOR MONTH:   1.80    1 = FOG OR MIST
DPTR FM NORMAL:   0.2   DPTR FM NORMAL:   -0.32    2 = FOG REDUCING VISIBILITY
HIGHEST:    85 ON 20    GRTST 24HR  1.34 ON 13-13      TO 1/4 MILE OR LESS
LOWEST:     22 ON 15, 1                            3 = THUNDER
                        SNOW, ICE PELLETS, HAIL    4 = ICE PELLETS
                        TOTAL MONTH:   0.6 INCH    5 = HAIL
                        GRTST 24HR   0.4 ON   M    6 = FREEZING RAIN OR DRIZZLE
                        GRTST DEPTH:   0           7 = DUSTSTORM OR SANDSTORM:
                                                       VSBY 1/2 MILE OR LESS
                                                   8 = SMOKE OR HAZE
[NO. OF DAYS WITH]      [WEATHER - DAYS WITH]      9 = BLOWING SNOW
                                                   X = TORNADO
MAX 32 OR BELOW:   0    0.01 INCH OR MORE:   8
MAX 90 OR ABOVE:   0    0.10 INCH OR MORE:   4
MIN 32 OR BELOW:   9    0.50 INCH OR MORE:   1
MIN  0 OR BELOW:   0    1.00 INCH OR MORE:   1

[HDD (BASE 65) ]
TOTAL THIS MO.   340    CLEAR  (SCALE 0-3)   1
DPTR FM NORMAL    -4    PTCLDY (SCALE 4-7)  13
TOTAL FM JUL 1  6324    CLOUDY (SCALE 8-10)  9
DPTR FM NORMAL   391

[CDD (BASE 65) ]
TOTAL THIS MO.    15
DPTR FM NORMAL     8    [PRESSURE DATA]
TOTAL FM JAN 1    15    HIGHEST SLP M ON M
DPTR FM NORMAL     7    LOWEST  SLP 29.45 ON 12

[REMARKS]
