000
CXAK56 PAOM 280931
CF6OME

PRELIMINARY LOCAL CLIMATOLOGICAL DATA (WS FORM: F-6)

                                          STATION:   NOME
                                          MONTH:     12
                                          YEAR:      2014
                                          LATITUDE:   64 31 N
                                          LONGITUDE: 165 27 W

  TEMPERATURE IN F:       :PCPN:    SNOW:  WIND      :SUNSHINE: SKY     :PK WND
================================================================================
1   2   3   4   5  6A  6B    7     8   9   10  11  12  13   14  15   16  17  18
                                      12Z  AVG MX 2MIN
DY MAX MIN AVG DEP HDD CDD  WTR   SNW DPTH SPD SPD DIR MIN PSBL S-S WX   SPD DR
================================================================================

 1  32  25  29  16  36   0  0.08  0.8  11 15.3 24   80   M    M   M 19    33  70
 2  32  11  22  10  43   0  0.00  0.0  11 13.3 24   10   M    M   M       29 360
 3  19   2  11  -1  54   0  0.00  0.0  11  1.8 10  340   M    M   M       11 340
 4  29  16  23  11  42   0  0.06  0.5  11 12.9 21   70   M    M   M 1     24  80
 5  31  21  26  14  39   0  0.00  0.0  12 10.3 22   30   M    M   M       26  40
 6  25  11  18   6  47   0  0.00  0.0  12  9.8 25   20   M    M   M       31  20
 7  29  10  20   9  45   0  0.00  0.0  12  8.7 22   40   M    M   M       24  40
 8  26  21  24  13  41   0  0.00  0.0  12 12.9 24   30   M    M   M       30  40
 9  25  18  22  11  43   0     T    T  11 15.6 26   20   M    M   M       32  30
10  20   9  15   4  50   0     T    T  11  9.2 23   30   M    M   M       27  30
11  11  -7   2  -8  63   0  0.00  0.0  11  4.0 15  340   M    M   M       17 360
12   7  -6   1  -9  64   0     T    T  11  3.5  8  360   M    M   M 1      9 360
13  10   5   8  -2  57   0  0.06  0.9  11  8.0 14   30   M    M   M 1     18  50
14  16   2   9  -1  56   0  0.00  0.0  12 18.2 37   20   M    M   M 89    44  20
15  24  14  19   9  46   0     T    T  11 19.5 33   20   M    M   M 19    39  20
16  28  24  26  16  39   0  0.02  0.3  11 13.5 24   30   M    M   M 19    30  30
17  28  25  27  18  38   0  0.03  0.4  11 12.7 17   90   M    M   M 1     20  70
18  30  23  27  18  38   0  0.00  0.0  11 11.7 18   80   M    M   M       22  70
19  26   4  15   6  50   0  0.00  0.0  11  5.7 17   40   M    M   M       21  40
20  18   2  10   1  55   0  0.00  0.0  11  5.6 17  350   M    M   M       23 350
21  11   4   8  -1  57   0  0.00  0.0  11 12.2 22  360   M    M   M       26 360
22   5 -12  -3 -11  68   0  0.00  0.0  11  4.5 15  360   M    M   M       19  10
23   5 -12  -3 -11  68   0  0.00  0.0  10  7.3 23   20   M    M   M       26  30
24  11  -1   5  -3  60   0  0.00  0.0  10  8.3 20  350   M    M   M       22 350
25   1 -12  -5 -13  70   0  0.00  0.0  10  4.9 14  340   M    M   M       15 340
26   4 -16  -6 -14  71   0  0.00  0.0  10  3.5 14   40   M    M   M       17  40
27  28   4  16   9  49   0     T    T  10 22.2 35  110   M    M   M 19    44 110
================================================================================
SM  531  185      1389   0  0.25 2.9    275.1           M        M
================================================================================
AV 19.7  6.9                             10.2 FASTST  PSBL  %   M    MAX(MPH)
                                 MISC ---->     37   20               # 44 110
================================================================================
NOTES:
# LAST OF SEVERAL OCCURRENCES

COLUMN 17 PEAK WIND IN M.P.H.

PRELIMINARY LOCAL CLIMATOLOGICAL DATA (WS FORM: F-6) , PAGE 2

                                          STATION:   NOME
                                          MONTH:     12
                                          YEAR:      2014
                                          LATITUDE:  64 31 N
                                          LONGITUDE: 165 27 W

[TEMPERATURE DATA]      [PRECIPITATION DATA]       SYMBOLS USED IN COLUMN 16

AVERAGE MONTHLY:13.3   TOTAL FOR MONTH: 0.25       1 = FOG
DPTR FM NORMAL:  3.3   DPTR FM NORMAL: -0.69       2 = FOG REDUCING VISIBILITY
HIGHEST:    32 ON  2    GRTST 24HR   0.08 ON  1        TO 1/4 MILE OR LESS
LOWEST:    -16 ON 26                               3 = THUNDER
                        SNOW, ICE PELLETS, HAIL    4 = ICE PELLETS
                        TOTAL MONTH: 2.9 INCHES  5 = HAIL
                        GRTST 24HR   0.9 ON 13     6 = GLAZE OR RIME
                        GRTST DEPTH:   12 ON 14    7 = BLOWING DUST OR SAND:
                                                       VSBY 1/2 MILE OR LESS
                                                   8 = SMOKE OR HAZE
[NO. OF DAYS WITH]      [WEATHER - DAYS WITH]      9 = BLOWING SNOW
                                                   X = TORNADO
MAX 32 OR BELOW:  27    0.01 INCH OR MORE:   5
MAX 70 OR ABOVE:   0    0.10 INCH OR MORE:   0
MIN 32 OR BELOW:  27    0.50 INCH OR MORE:   0
MIN  0 OR BELOW:   7    1.00 INCH OR MORE:   0

[HDD (BASE 65) ]
TOTAL THIS MO.  1392    CLEAR  (SCALE 0-3)   M
DPTR FM NORMAL   -96    PTCLDY (SCALE 4-7)   M
SEASONAL TOTAL  4934    CLOUDY (SCALE 8-10)  M
DPTR FM NORMAL  -652

[CDD (BASE 65) ]
TOTAL THIS MO.     0
DPTR FM NORMAL     0    [PRESSURE DATA]
SEASONAL TOTAL     3    HIGHEST SLP     M
DPTR FM NORMAL     3    LOWEST  SLP     M

[REMARKS]
