659
CXAK56 PAFG 221405
CF6OME
PRELIMINARY LOCAL CLIMATOLOGICAL DATA (WS FORM: F-6)

                                          STATION:   NOME AK
                                          MONTH:     JULY
                                          YEAR:      2017
                                          LATITUDE:   64 30 N
                                          LONGITUDE: 165 26 W

  TEMPERATURE IN F:       :PCPN:    SNOW:  WIND      :SUNSHINE: SKY     :PK WND
================================================================================
1   2   3   4   5  6A  6B    7    8   9   10  11  12  13   14  15   16   17  18
                                     12Z  AVG MX 2MIN
DY MAX MIN AVG DEP HDD CDD  WTR  SNW DPTH SPD SPD DIR MIN PSBL S-S WX    SPD DR
================================================================================

 1  58  46  52   0  13   0 0.00  0.0    0 11.2 24 260   M    M   8 1      28 260
 2  52  40  46  -6  19   0 0.00  0.0    0 11.5 17 260   M    M   4        20 260
 3  52  38  45  -7  20   0 0.00  0.0    0 15.0 25 260   M    M   2        30 260
 4  49  40  45  -7  20   0    T  0.0    0  8.1 13 200   M    M   7 1      16 280
 5  57  47  52   0  13   0 0.00  0.0    0 11.2 18 110   M    M  10        22 110
 6  55  49  52   0  13   0 0.10  0.0    0 10.3 20 170   M    M   8 1      24 170
 7  57  46  52   0  13   0 0.00  0.0    0  7.9 16 170   M    M   5 1      19 170
 8  62  46  54   2  11   0    T  0.0    0  5.3 13 200   M    M   6        15 210
 9  75  46  61   8   4   0 0.00  0.0    0  9.4 22 360   M    M   5        27 340
10  64  49  57   4   8   0 0.05  0.0    0  6.6 14  70   M    M   8 1      18  70
11  59  39  49  -4  16   0 0.00  0.0    0  6.3 16 260   M    M   5 12     18 250
12  62  45  54   1  11   0 0.00  0.0    0  4.4  9 260   M    M   1 12     13 210
13  59  46  53   0  12   0 0.00  0.0    0  4.6 10 260   M    M   0        12 240
14  64  49  57   4   8   0    T  0.0    0  4.3 13 170   M    M   4 1      14 170
15  56  52  54   1  11   0 0.01  0.0    0  7.2 14 180   M    M   9 1      16 180
16  57  51  54   1  11   0 0.20  0.0    0 11.8 25 150   M    M  10 1      30 150
17  56  53  55   2  10   0 0.94  0.0    0 15.6 25 160   M    M  10 1      32 160
18  56  50  53   0  12   0 0.15  0.0    0 10.8 23 120   M    M   7 1      30 120
19  67  45  56   4   9   0 0.00  0.0    0  8.9 17 260   M    M   2        21 260
20  74  49  62  10   3   0 0.00  0.0    0  6.9 16 360   M    M   2        19 360
21  67  52  60   8   5   0 0.00  0.0    0  9.7 18 260   M    M   3        20 250
================================================================================
SM 1258  978       242   0  1.45     0.0 187.0          M      116
================================================================================
AV 59.9 46.6                               8.9 FASTST   M    M   6    MAX(MPH)
                                 MISC ---->  # 25 260               # 32  160
================================================================================
NOTES:
# LAST OF SEVERAL OCCURRENCES

COLUMN 17 PEAK WIND IN M.P.H.

PRELIMINARY LOCAL CLIMATOLOGICAL DATA (WS FORM: F-6) , PAGE 2

                                          STATION:  NOME AK
                                          MONTH:    JULY
                                          YEAR:     2017
                                          LATITUDE:   64 30 N
                                          LONGITUDE: 165 26 W

[TEMPERATURE DATA]      [PRECIPITATION DATA]       SYMBOLS USED IN COLUMN 16

AVERAGE MONTHLY: 53.2   TOTAL FOR MONTH:   1.45    1 = FOG OR MIST
DPTR FM NORMAL:   0.8   DPTR FM NORMAL:    0.20    2 = FOG REDUCING VISIBILITY
HIGHEST:    75 ON  9    GRTST 24HR  0.94 ON 17-17      TO 1/4 MILE OR LESS
LOWEST:     38 ON  3                               3 = THUNDER
                        SNOW, ICE PELLETS, HAIL    4 = ICE PELLETS
                        TOTAL MONTH:   0.0 INCH    5 = HAIL
                        GRTST 24HR     0.0         6 = FREEZING RAIN OR DRIZZLE
                        GRTST DEPTH:   0           7 = DUSTSTORM OR SANDSTORM:
                                                       VSBY 1/2 MILE OR LESS
                                                   8 = SMOKE OR HAZE
[NO. OF DAYS WITH]      [WEATHER - DAYS WITH]      9 = BLOWING SNOW
                                                   X = TORNADO
MAX 32 OR BELOW:   0    0.01 INCH OR MORE:   6
MAX 90 OR ABOVE:   0    0.10 INCH OR MORE:   4
MIN 32 OR BELOW:   0    0.50 INCH OR MORE:   1
MIN  0 OR BELOW:   0    1.00 INCH OR MORE:   0

[HDD (BASE 65) ]
TOTAL THIS MO.   242    CLEAR  (SCALE 0-3)   6
DPTR FM NORMAL   -28    PTCLDY (SCALE 4-7)   9
TOTAL FM JUL 1   242    CLOUDY (SCALE 8-10)  6
DPTR FM NORMAL   -28

[CDD (BASE 65) ]
TOTAL THIS MO.     0
DPTR FM NORMAL     0    [PRESSURE DATA]
TOTAL FM JAN 1     4    HIGHEST SLP M ON M
DPTR FM NORMAL     3    LOWEST  SLP 29.53 ON 21

[REMARKS]
