000
CXAK56 PAOM 210905
CF6OME

PRELIMINARY LOCAL CLIMATOLOGICAL DATA (WS FORM: F-6)

                                          STATION:   NOME
                                          MONTH:     10
                                          YEAR:      2014
                                          LATITUDE:   64 31 N
                                          LONGITUDE: 165 27 W

  TEMPERATURE IN F:       :PCPN:    SNOW:  WIND      :SUNSHINE: SKY     :PK WND
================================================================================
1   2   3   4   5  6A  6B    7     8   9   10  11  12  13   14  15   16  17  18
                                      12Z  AVG MX 2MIN
DY MAX MIN AVG DEP HDD CDD  WTR   SNW DPTH SPD SPD DIR MIN PSBL S-S WX   SPD DR
================================================================================

 1  47  41  44   8  21   0     T  0.0   0 10.9 22  240   M    M   M 1     25 240
 2  47  34  41   6  24   0     T  0.0   0  6.7 18  350   M    M   M       22 360
 3  41  31  36   1  29   0     T  0.0   0 11.7 29   10   M    M   M       36 360
 4  39  28  34   0  31   0     T    T   0  9.5 17  340   M    M   M       21 320
 5  37  22  30  -4  35   0  0.00  0.0   0  7.6 21  350   M    M   M       25 350
 6  40  23  32  -1  33   0  0.00  0.0   0  5.7 12  330   M    M   M       13 300
 7  37  24  31  -2  34   0  0.00  0.0   0  5.4 12   40   M    M   M       14  40
 8  39  20  30  -2  35   0  0.00  0.0   0  5.8 22   50   M    M   M       26  40
 9  34  22  28  -4  37   0  0.00  0.0   0  9.9 24   10   M    M   M       29  40
10  32  22  27  -4  38   0  0.00  0.0   0 11.5 26   10   M    M   M       34  30
11  31  20  26  -5  39   0  0.00  0.0   0 10.8 21   10   M    M   M       24  10
12  35  26  31   0  34   0     T    T   0  7.3 16   10   M    M   M       20 360
13  35  23  29  -1  36   0  0.00  0.0   0  7.4 21  320   M    M   M       26 310
14  35  24  30   0  35   0  0.00  0.0   0  6.5 22  350   M    M   M       26 350
15  33  19  26  -3  39   0  0.00  0.0   0  2.9 12   30   M    M   M       13  20
16  34  24  29   0  36   0  0.00  0.0   0 11.1 20   30   M    M   M 8     24  40
17  35  21  28   0  37   0  0.00  0.0   0  8.5 15   10   M    M   M       18  20
18  32  17  25  -3  40   0     T    T   0  4.5 10  350   M    M   M 8     12 350
19  34  27  31   4  34   0     T    T   T  3.5 13   40   M    M   M 1     18  60
20  35  20  28   1  37   0  0.00  0.0   T  6.8 18   20   M    M   M       21  30
================================================================================
SM  732  488       684   0     T     T    154.0           M        M
================================================================================
AV 36.6 24.4                              7.7 FASTST  PSBL  %   M    MAX(MPH)
                                 MISC ---->     29   10                 36 360
================================================================================
NOTES:
# LAST OF SEVERAL OCCURRENCES

COLUMN 17 PEAK WIND IN M.P.H.

PRELIMINARY LOCAL CLIMATOLOGICAL DATA (WS FORM: F-6) , PAGE 2

                                          STATION:   NOME
                                          MONTH:     10
                                          YEAR:      2014
                                          LATITUDE:  64 31 N
                                          LONGITUDE: 165 27 W

[TEMPERATURE DATA]      [PRECIPITATION DATA]       SYMBOLS USED IN COLUMN 16

AVERAGE MONTHLY:30.5   TOTAL FOR MONTH:    T       1 = FOG
DPTR FM NORMAL: -0.8   DPTR FM NORMAL: -1.12       2 = FOG REDUCING VISIBILITY
HIGHEST:    47 ON  2    GRTST 24HR     T ON 19        TO 1/4 MILE OR LESS
LOWEST:     17 ON 18                               3 = THUNDER
                        SNOW, ICE PELLETS, HAIL    4 = ICE PELLETS
                        TOTAL MONTH:     T         5 = HAIL
                        GRTST 24HR     T ON 19     6 = GLAZE OR RIME
                        GRTST DEPTH:   T ON 20    7 = BLOWING DUST OR SAND:
                                                       VSBY 1/2 MILE OR LESS
                                                   8 = SMOKE OR HAZE
[NO. OF DAYS WITH]      [WEATHER - DAYS WITH]      9 = BLOWING SNOW
                                                   X = TORNADO
MAX 32 OR BELOW:   3    0.01 INCH OR MORE:   0
MAX 70 OR ABOVE:   0    0.10 INCH OR MORE:   0
MIN 32 OR BELOW:  18    0.50 INCH OR MORE:   0
MIN  0 OR BELOW:   0    1.00 INCH OR MORE:   0

[HDD (BASE 65) ]
TOTAL THIS MO.   684    CLEAR  (SCALE 0-3)   M
DPTR FM NORMAL     8    PTCLDY (SCALE 4-7)   M
SEASONAL TOTAL  1970    CLOUDY (SCALE 8-10)  M
DPTR FM NORMAL  -236

[CDD (BASE 65) ]
TOTAL THIS MO.     0
DPTR FM NORMAL     0    [PRESSURE DATA]
SEASONAL TOTAL     3    HIGHEST SLP     M
DPTR FM NORMAL     3    LOWEST  SLP     M

[REMARKS]
