000
CXUS53 KARX 010930
CF6ONA
PRELIMINARY LOCAL CLIMATOLOGICAL DATA (WS FORM: F-6)

                                          STATION:   WINONA_MUNI_(AWOS) MN
                                          MONTH:     JUNE
                                          YEAR:      2015
                                          LATITUDE:   44  4 N
                                          LONGITUDE:  91 42 W

  TEMPERATURE IN F:       :PCPN:    SNOW:  WIND      :SUNSHINE: SKY     :PK WND
================================================================================
1   2   3   4   5  6A  6B    7    8   9   10  11  12  13   14  15   16   17  18
                                     12Z  AVG MX 2MIN
DY MAX MIN AVG DEP HDD CDD  WTR  SNW DPTH SPD SPD DIR MIN PSBL S-S WX    SPD DR
================================================================================

 1  70  41  56   M   9   0 0.00  0.0    0  4.2 12 110   M    M   0         M  M
 2  73  48  61   M   4   0 0.00  0.0    0  3.6  9 110   M    M   1         M  M
 3  73  57  65   M   0   0 0.16  0.0    0  5.6 10 150   M    M   6 1      18 170
 4  77  61  69   M   0   4 0.00  0.0    0  4.2  8 300   M    M   7         M  M
 5  75  55  65   M   0   0 0.00  0.0    0  3.0  9  20   M    M   5         M  M
 6  77  54  66   M   0   1    T  0.0    0  6.1 13 140   M    M   1 3      16 140
 7  80  63  72   M   0   7 1.03  0.0    0  4.4 10 320   M    M   4 3      16 320
 8  79  61  70   M   0   5 0.00  0.0    0  5.2 14 310   M    M   1        22 320
 9  90  59  75   M   0  10 0.00  0.0    0  1.6  5  50   M    M   2         M  M
10  79  63  71   M   0   6 0.00  0.0    0  6.1 10 310   M    M   0         M  M
11  66  59  63   M   2   0 0.98  0.0    0  4.8 13 100   M    M  10         M  M
12  77  55  66   M   0   1 0.14  0.0    0  5.8 12 110   M    M   6 8       M  M
13  73  59  66   M   0   1 0.12  0.0    0  3.4  8 120   M    M  10 1       M  M
14  81  66  74   M   0   9 0.00  0.0    0  0.7  4 130   M    M   6 1       M  M
15  73  57  65   M   0   0 0.13  0.0    0  3.2 10 320   M    M   2        16 320
16  73  54  64   M   1   0 0.00  0.0    0  2.5  5  60   M    M   0         M  M
17  77  63  70   M   0   5 0.14  0.0    0  4.7  9 310   M    M   7         M  M
18  79  63  71   M   0   6 0.00  0.0    0  6.4 12 320   M    M   5        16 310
19  77  59  68   M   0   3 0.00  0.0    0  5.4 13 130   M    M   0         M  M
20  81  61  71   M   0   6 0.13  0.0    0  5.0 14 130   M    M   4 3      17 230
21  82  61  72   M   0   7 0.00  0.0    0  1.5  6  20   M    M   1         M  M
22  81  66  74   M   0   9 0.38  0.0    0  8.0 17 300   M    M   3 3      24 300
23  77  55  66   M   0   1 0.00  0.0    0  4.2 10 330   M    M   0        18 320
24  79  55  67   M   0   2 0.00  0.0    0  0.9  6 220   M    M   1         M  M
25  82  59  71   M   0   6 0.00  0.0    0  1.9  7 330   M    M   3 12      M  M
26  77  61  69   M   0   4 0.00  0.0    0  2.9  8  60   M    M   1         M  M
27  81  55  68   M   0   3 0.00  0.0    0  1.3  6 310   M    M   2 12      M  M
28  77  61  69   M   0   4 0.26  0.0    0  3.1  9 130   M    M   8 1       M  M
29  81  61  71   M   0   6 0.25  0.0    0  2.1  7 300   M    M   6 13      M  M
30  75  55  65   M   0   0 0.00  0.0    0  3.5  9 340   M    M   5 1       M  M
================================================================================
SM 2322 1747        16 106  3.72     0.0 115.3          M      107
================================================================================
AV 77.4 58.2                               3.8 FASTST   M    M   4    MAX(MPH)
                                 MISC ---->    17   M                 24    M
================================================================================
NOTES:
# LAST OF SEVERAL OCCURRENCES

COLUMN 17 PEAK WIND IN M.P.H.

PRELIMINARY LOCAL CLIMATOLOGICAL DATA (WS FORM: F-6) , PAGE 2

                                          STATION:  WINONA_MUNI_(AWOS) MN
                                          MONTH:    JUNE
                                          YEAR:     2015
                                          LATITUDE:   44  4 N
                                          LONGITUDE:  91 42 W

[TEMPERATURE DATA]      [PRECIPITATION DATA]       SYMBOLS USED IN COLUMN 16

AVERAGE MONTHLY: 67.8   TOTAL FOR MONTH:   3.72    1 = FOG OR MIST
DPTR FM NORMAL:     M   DPTR FM NORMAL:       M    2 = FOG REDUCING VISIBILITY
HIGHEST:    90 ON  9    GRTST 24HR  1.03 ON  7- 7      TO 1/4 MILE OR LESS
LOWEST:     41 ON  1                               3 = THUNDER
                        SNOW, ICE PELLETS, HAIL    4 = ICE PELLETS
                        TOTAL MONTH:   0.0 INCH    5 = HAIL
                        GRTST 24HR     0.0         6 = FREEZING RAIN OR DRIZZLE
                        GRTST DEPTH:   0           7 = DUSTSTORM OR SANDSTORM:
                                                       VSBY 1/2 MILE OR LESS
                                                   8 = SMOKE OR HAZE
[NO. OF DAYS WITH]      [WEATHER - DAYS WITH]      9 = BLOWING SNOW
                                                   X = TORNADO
MAX 32 OR BELOW:   0    0.01 INCH OR MORE:  11
MAX 90 OR ABOVE:   1    0.10 INCH OR MORE:  11
MIN 32 OR BELOW:   0    0.50 INCH OR MORE:   2
MIN  0 OR BELOW:   0    1.00 INCH OR MORE:   1

[HDD (BASE 65) ]
TOTAL THIS MO.    16    CLEAR  (SCALE 0-3)  15
DPTR FM NORMAL     M    PTCLDY (SCALE 4-7)  13
TOTAL FM JUL 1  7302    CLOUDY (SCALE 8-10)  2
DPTR FM NORMAL     M

[CDD (BASE 65) ]
TOTAL THIS MO.   106
DPTR FM NORMAL     M    [PRESSURE DATA]
TOTAL FM JAN 1   138    HIGHEST SLP M ON M
DPTR FM NORMAL     M    LOWEST  SLP M ON M

[REMARKS]
#FINAL-06-15#
