000
CXUS56 KBOI 291002
CF6ONO
PRELIMINARY LOCAL CLIMATOLOGICAL DATA (WS FORM: F-6)

                                          STATION:   ONTARIO OR
                                          MONTH:     SEPTEMBER
                                          YEAR:      2016
                                          LATITUDE:   44  1 N
                                          LONGITUDE: 117  1 W

  TEMPERATURE IN F:       :PCPN:    SNOW:  WIND      :SUNSHINE: SKY     :PK WND
================================================================================
1   2   3   4   5  6A  6B    7    8   9   10  11  12  13   14  15   16   17  18
                                     12Z  AVG MX 2MIN
DY MAX MIN AVG DEP HDD CDD  WTR  SNW DPTH SPD SPD DIR MIN PSBL S-S WX    SPD DR
================================================================================

 1  88  62  75   7   0  10 0.00    M    M  9.1 26 320   M    M   0        30 320
 2  77  53  65  -3   0   0 0.00    M    M  5.7 14 310   M    M   2 8      19 320
 3  79  50  65  -3   0   0 0.00    M    M  5.6 21 320   M    M   0        27 320
 4  76  53  65  -2   0   0    T    M    M  9.5 25 310   M    M   4 3      31 320
 5  75  43  59  -8   6   0 0.00    M    M  2.5  9 250   M    M   0        12 150
 6  78  40  59  -8   6   0 0.00    M    M  4.7 24 320   M    M   1 8      31 320
 7  77  50  64  -2   1   0 0.00    M    M  4.4 12 250   M    M   0 8      19 220
 8  82  48  65  -1   0   0 0.00    M    M  7.7 23 320   M    M   1        28 320
 9  81  47  64  -2   1   0 0.00    M    M  5.1 17 310   M    M   0        22 310
10  84  38  61  -4   4   0 0.00    M    M  1.9  8 140   M    M   0 8      15 140
11  85  42  64  -1   1   0 0.00    M    M  7.4 25 320   M    M   0        31 320
12  78  51  65   1   0   0 0.00    M    M 10.8 18 340   M    M   2 8      25 310
13  75  41  58  -6   7   0 0.00    M    M  2.9 12 100   M    M   1        14 100
14  72  45  59  -5   6   0 0.00    M    M  4.1 13  90   M    M   3 8      16 100
15  78  38  58  -5   7   0 0.00    M    M  2.2  8 250   M    M   0 8       9 240
16  80  37  59  -4   6   0 0.00    M    M  2.0  7 100   M    M   0 8       9 100
17  77  41  59  -3   6   0 0.00    M    M  2.8 10  20   M    M   2        13  20
18  84  59  72  10   0   7 0.00    M    M  3.7 18 320   M    M   4        23 320
19  83  51  67   5   0   2 0.00    M    M  6.1 24 320   M    M   0 8      31 330
20  78  56  67   6   0   2 0.00    M    M  9.2 24 310   M    M   1        29 310
21  70  54  62   1   3   0 0.05    M    M  7.4 23 320   M    M   4 18     27 310
22  67  54  61   0   4   0    T    M    M 17.0 29 310   M    M   5        37 320
23  74  54  64   4   1   0 0.00    M    M 16.9 33 320   M    M   4        40 320
24  74  45  60   0   5   0 0.00    M    M  7.1 24 310   M    M   0        27 310
25  79  39  59   0   6   0 0.00    M    M  1.6  9 260   M    M   0 8      10 250
26  83  41  62   3   3   0 0.00    M    M  2.5  8 250   M    M   0 8      11  50
27  85  45  65   7   0   0 0.00    M    M  1.9  9 240   M    M   0 8      11 240
28  88  44  66   8   0   1 0.00    M    M  2.5  9 320   M    M   0        11 320
================================================================================
SM 2207 1321        73  22  0.05    M    164.3          M       34
================================================================================
AV 78.8 47.2                               5.9 FASTST   M    M   1    MAX(MPH)
                                 MISC ---->  # 33 320               # 40  320
================================================================================
NOTES:
# LAST OF SEVERAL OCCURRENCES

COLUMN 17 PEAK WIND IN M.P.H.

PRELIMINARY LOCAL CLIMATOLOGICAL DATA (WS FORM: F-6) , PAGE 2

                                          STATION:  ONTARIO OR
                                          MONTH:    SEPTEMBER
                                          YEAR:     2016
                                          LATITUDE:   44  1 N
                                          LONGITUDE: 117  1 W

[TEMPERATURE DATA]      [PRECIPITATION DATA]       SYMBOLS USED IN COLUMN 16

AVERAGE MONTHLY: 63.0   TOTAL FOR MONTH:   0.05    1 = FOG OR MIST
DPTR FM NORMAL:  -0.4   DPTR FM NORMAL:   -0.32    2 = FOG REDUCING VISIBILITY
HIGHEST:    88 ON 28, 1 GRTST 24HR  0.05 ON 21-21      TO 1/4 MILE OR LESS
LOWEST:     37 ON 16                               3 = THUNDER
                        SNOW, ICE PELLETS, HAIL    4 = ICE PELLETS
                        TOTAL MONTH:    M          5 = HAIL
                        GRTST 24HR    M  ON   M    6 = FREEZING RAIN OR DRIZZLE
                        GRTST DEPTH:  M  ON   M    7 = DUSTSTORM OR SANDSTORM:
                                                       VSBY 1/2 MILE OR LESS
                                                   8 = SMOKE OR HAZE
[NO. OF DAYS WITH]      [WEATHER - DAYS WITH]      9 = BLOWING SNOW
                                                   X = TORNADO
MAX 32 OR BELOW:   0    0.01 INCH OR MORE:   1
MAX 90 OR ABOVE:   0    0.10 INCH OR MORE:   0
MIN 32 OR BELOW:   0    0.50 INCH OR MORE:   0
MIN  0 OR BELOW:   0    1.00 INCH OR MORE:   0

[HDD (BASE 65) ]
TOTAL THIS MO.    73    CLEAR  (SCALE 0-3)  22
DPTR FM NORMAL   -28    PTCLDY (SCALE 4-7)   6
TOTAL FM JUL 1    82    CLOUDY (SCALE 8-10)  0
DPTR FM NORMAL   -35

[CDD (BASE 65) ]
TOTAL THIS MO.    22
DPTR FM NORMAL   -34    [PRESSURE DATA]
TOTAL FM JAN 1   967    HIGHEST SLP M ON M
DPTR FM NORMAL   118    LOWEST  SLP 29.71 ON  4

[REMARKS]
