000
CXUS56 KSGX 011445
CF6ONT
PRELIMINARY LOCAL CLIMATOLOGICAL DATA (WS FORM: F-6)

                                          STATION:   ONTARIO INTL AIRPORT CA
                                          MONTH:     FEBRUARY
                                          YEAR:      2015
                                          LATITUDE:   34  2 N
                                          LONGITUDE: 117 37 W

  TEMPERATURE IN F:       :PCPN:    SNOW:  WIND      :SUNSHINE: SKY     :PK WND
================================================================================
1   2   3   4   5  6A  6B    7    8   9   10  11  12  13   14  15   16   17  18
                                     12Z  AVG MX 2MIN
DY MAX MIN AVG DEP HDD CDD  WTR  SNW DPTH SPD SPD DIR MIN PSBL S-S WX    SPD DR
================================================================================

 1  75  45  60   5   5   0 0.00  0.0    0  3.8 12 280   M    M   3        14 280
 2  79  48  64   9   1   0 0.00  0.0    0  2.5 10 240   M    M   5        14 280
 3  77  45  61   6   4   0 0.00  0.0    0  2.9 12 270   M    M   4 8      13 260
 4  78  47  63   8   2   0 0.00  0.0    0  2.3  9 240   M    M   2 18     11 260
 5  84  48  66  11   0   1 0.00  0.0    0  2.7 12 220   M    M   4 8      15 250
 6  80  51  66  11   0   1 0.00  0.0    0  4.2 15 270   M    M   3 18     20 270
 7  74  46  60   5   5   0    T    M    0  3.5 16 310   M    M   6 8      20 260
 8  78  57  68  13   0   3 0.00  0.0    0  3.5 14 280   M    M   3 18     17 290
 9  75  55  65  10   0   0 0.00  0.0    0  3.4 13 230   M    M   2 1      17 240
10  81  48  65  10   0   0 0.00  0.0    0  2.1  8 310   M    M   1        11 270
11  85  49  67  12   0   2 0.00  0.0    0  9.8 23  80   M    M   3        33  40
12  86  51  69  14   0   4 0.00  0.0    0  7.1 22  60   M    M   2        31  70
13  86  49  68  13   0   3 0.00  0.0    0  3.2 14 280   M    M   1        18 280
14  85  49  67  12   0   2 0.00  0.0    0  3.9 14 220   M    M   1        17 230
15  81  49  65   9   0   0 0.00  0.0    0  4.1 12 230   M    M   1        18 260
16  78  51  65   9   0   0 0.00  0.0    0  4.7 15 250   M    M   2 18     20 240
17  75  56  66  10   0   1 0.00  0.0    0  3.7 12 240   M    M   4 18     14 280
18  78  51  65   9   0   0 0.00  0.0    0  4.1 14 260   M    M   6 128    18 240
19  77  50  64   8   1   0 0.00  0.0    0  4.2 14 260   M    M   4 128    17 260
20  72  51  62   6   3   0 0.00  0.0    0  3.9 13 250   M    M   8 128    17 260
21  68  51  60   4   5   0 0.00  0.0    0  6.7 17 220   M    M   8 18     21 220
22  60  53  57   1   8   0 0.77  0.0    0  7.1 20 280   M    M   9 1      25 200
23  60  45  53  -3  12   0 0.68    M    0  4.9 20  30   M    M   7 18     22  30
24  69  41  55  -1  10   0 0.00  0.0    0  4.2 16 240   M    M   2 1      18 250
25  72  44  58   1   7   0 0.00  0.0    0  4.3 13 220   M    M   2        16 220
26  70  45  58   1   7   0 0.00  0.0    0  3.8 15 230   M    M   4        21 250
27  61  48  55  -2  10   0    T    M    0  5.3 14 250   M    M   9 1      18 260
28  61  49  55  -2  10   0 0.21    M    0  7.9 17 210   M    M   8 1      23 200
================================================================================
SM 2105 1372        90  17  1.66     0.0 123.8          M      114
================================================================================
AV 75.2 49.0                               4.4 FASTST   M    M   4    MAX(MPH)
                                 MISC ---->  # 23  80               # 33   40
================================================================================
NOTES:
# LAST OF SEVERAL OCCURRENCES

COLUMN 17 PEAK WIND IN M.P.H.

PRELIMINARY LOCAL CLIMATOLOGICAL DATA (WS FORM: F-6) , PAGE 2

                                          STATION:  ONTARIO INTL AIRPORT CA
                                          MONTH:    FEBRUARY
                                          YEAR:     2015
                                          LATITUDE:   34  2 N
                                          LONGITUDE: 117 37 W

[TEMPERATURE DATA]      [PRECIPITATION DATA]       SYMBOLS USED IN COLUMN 16

AVERAGE MONTHLY: 62.1   TOTAL FOR MONTH:   1.66    1 = FOG OR MIST
DPTR FM NORMAL:   6.6   DPTR FM NORMAL:   -1.73    2 = FOG REDUCING VISIBILITY
HIGHEST:    86 ON 13,12 GRTST 24HR  1.37 ON 22-23      TO 1/4 MILE OR LESS
LOWEST:     41 ON 24                               3 = THUNDER
                        SNOW, ICE PELLETS, HAIL    4 = ICE PELLETS
                        TOTAL MONTH:   0.0 INCH    5 = HAIL
                        GRTST 24HR     0.0         6 = FREEZING RAIN OR DRIZZLE
                        GRTST DEPTH:   0           7 = DUSTSTORM OR SANDSTORM:
                                                       VSBY 1/2 MILE OR LESS
                                                   8 = SMOKE OR HAZE
[NO. OF DAYS WITH]      [WEATHER - DAYS WITH]      9 = BLOWING SNOW
                                                   X = TORNADO
MAX 32 OR BELOW:   0    0.01 INCH OR MORE:   3
MAX 90 OR ABOVE:   0    0.10 INCH OR MORE:   3
MIN 32 OR BELOW:   0    0.50 INCH OR MORE:   2
MIN  0 OR BELOW:   0    1.00 INCH OR MORE:   0

[HDD (BASE 65) ]
TOTAL THIS MO.    90    CLEAR  (SCALE 0-3)  11
DPTR FM NORMAL  -178    PTCLDY (SCALE 4-7)  15
TOTAL FM JUL 1   600    CLOUDY (SCALE 8-10)  2
DPTR FM NORMAL  -557

[CDD (BASE 65) ]
TOTAL THIS MO.    17
DPTR FM NORMAL    14    [PRESSURE DATA]
TOTAL FM JAN 1    30    HIGHEST SLP 30.23 ON 24
DPTR FM NORMAL    24    LOWEST  SLP 29.74 ON 27

[REMARKS]
#FINAL-02-15#
