000
CXUS52 KMFL 261000
CF6OPF
PRELIMINARY LOCAL CLIMATOLOGICAL DATA (WS FORM: F-6)

                                          STATION:   OPA-LOCKA ARPT
                                          MONTH:     SEPTEMBER
                                          YEAR:      2017
                                          LATITUDE:   25 53 N
                                          LONGITUDE:  80 17 W

  TEMPERATURE IN F:       :PCPN:    SNOW:  WIND      :SUNSHINE: SKY     :PK WND
================================================================================
1   2   3   4   5  6A  6B    7    8   9   10  11  12  13   14  15   16   17  18
                                     12Z  AVG MX 2MIN
DY MAX MIN AVG DEP HDD CDD  WTR  SNW DPTH SPD SPD DIR MIN PSBL S-S WX    SPD DR
================================================================================

 1  94  80  87   4   0  22 0.02  0.0    0  7.6 17 190   M    M   1 3      22 160
 2  91  74  83   0   0  18 0.44  0.0    0  5.7 24 200   M    M   2 138    30 210
 3  92  79  86   3   0  21 0.00  0.0    0  4.2 14 340   M    M   1        19 340
 4  92  79  86   3   0  21    T  0.0    0  8.6 17  80   M    M   2        20 100
 5  92  80  86   3   0  21    T  0.0    0  7.3 15  90   M    M   1        20 100
 6  91  80  86   3   0  21 0.01  0.0    0  4.1 17 130   M    M   2 1      22 140
 7  94  79  87   4   0  22    T  0.0    0  6.4 16  90   M    M   1        20 100
 8  94  83  89   6   0  24 0.01  0.0    0 14.3 25  80   M    M   3        33  60
 9  88  75  82  -1   0  17 3.06  0.0    0 22.3 45  90   M    M   7 13     55 110
10   M   M   M   M   M   M 4.97    M    0 40.7 55 140   M    M  10 1      85 110
11   M   M   M   M   M   M    M    M    M   M   M   M   M    M   M         M  M
12   M   M   M   M   M   M    M    M    M   M   M   M   M    M   M         M  M
13  90  78  84   1   0  19 1.82  0.0    M  4.8 14 140   M    M   1 13     16 140
14  91  77  84   1   0  19 0.00  0.0    0  4.6 15 100   M    M   0        18 100
15  91  79  85   2   0  20 0.00  0.0    0  6.6 14  60   M    M   1        17  99
16  92  80  86   3   0  21    T  0.0    M  8.9 20  50   M    M   1        26  70
17  91  78  85   2   0  20 0.00  0.0    0  7.9 15 340   M    M   2        18 340
18  90  76  83   0   0  18 0.00  0.0    0  7.4 14 290   M    M   1        21 280
19  93  79  86   3   0  21    T  0.0    0  5.9 17 140   M    M   2 3      20 140
20  92  78  85   2   0  20 0.00  0.0    0  4.1 13 120   M    M   2 3      16 130
21  91  78  85   2   0  20 0.65  0.0    0  4.9 15  60   M    M   3 138    19  50
22  86  77  82  -1   0  17 1.00  0.0    0  3.9 21  80   M    M   3 13     26  60
23  90  76  83   1   0  18 0.07  0.0    0  6.1 20  60   M    M   3 1      22  60
24  90  77  84   2   0  19 0.18  0.0    0  4.9 21 350   M    M   4 138    26 360
25  91  78  85   3   0  20 0.00  0.0    0  3.3 13 200   M    M   3 3      15 200
================================================================================
SM 2006 1720         0 439 12.23     0.0 194.5          M       56
================================================================================
AV 91.2 78.2                               8.5 FASTST   M    M   2    MAX(MPH)
                                 MISC ---->  # 55 140               # 85  110
================================================================================
NOTES:
# LAST OF SEVERAL OCCURRENCES

COLUMN 17 PEAK WIND IN M.P.H.

PRELIMINARY LOCAL CLIMATOLOGICAL DATA (WS FORM: F-6) , PAGE 2

                                          STATION:  OPA-LOCKA ARPT
                                          MONTH:    SEPTEMBER
                                          YEAR:     2017
                                          LATITUDE:   25 53 N
                                          LONGITUDE:  80 17 W

[TEMPERATURE DATA]      [PRECIPITATION DATA]       SYMBOLS USED IN COLUMN 16

AVERAGE MONTHLY: 84.7   TOTAL FOR MONTH:  12.23    1 = FOG OR MIST
DPTR FM NORMAL:   1.8   DPTR FM NORMAL:    5.09    2 = FOG REDUCING VISIBILITY
HIGHEST:    94 ON  8, 7 GRTST 24HR  4.97 ON 10-10      TO 1/4 MILE OR LESS
LOWEST:     74 ON  2                               3 = THUNDER
                        SNOW, ICE PELLETS, HAIL    4 = ICE PELLETS
                        TOTAL MONTH:   0.0 INCH    5 = HAIL
                        GRTST 24HR     0.0         6 = FREEZING RAIN OR DRIZZLE
                        GRTST DEPTH:   0           7 = DUSTSTORM OR SANDSTORM:
                                                       VSBY 1/2 MILE OR LESS
                                                   8 = SMOKE OR HAZE
[NO. OF DAYS WITH]      [WEATHER - DAYS WITH]      9 = BLOWING SNOW
                                                   X = TORNADO
MAX 32 OR BELOW:   0    0.01 INCH OR MORE:  11
MAX 90 OR ABOVE:  20    0.10 INCH OR MORE:   7
MIN 32 OR BELOW:   0    0.50 INCH OR MORE:   5
MIN  0 OR BELOW:   0    1.00 INCH OR MORE:   4

[HDD (BASE 65) ]
TOTAL THIS MO.     0    CLEAR  (SCALE 0-3)  18
DPTR FM NORMAL     0    PTCLDY (SCALE 4-7)   4
TOTAL FM JUL 1     0    CLOUDY (SCALE 8-10)  1
DPTR FM NORMAL     0

[CDD (BASE 65) ]
TOTAL THIS MO.   439
DPTR FM NORMAL    -8    [PRESSURE DATA]
TOTAL FM JAN 1  3713    HIGHEST SLP M ON M
DPTR FM NORMAL   361    LOWEST  SLP 29.57 ON  9

[REMARKS]
