000
CXUS51 KBOX 241200
CF6ORH
PRELIMINARY LOCAL CLIMATOLOGICAL DATA (WS FORM: F-6)

                                          STATION:   WORCESTER MA
                                          MONTH:     DECEMBER
                                          YEAR:      2014
                                          LATITUDE:   42 16 N
                                          LONGITUDE:  71 52 W

  TEMPERATURE IN F:       :PCPN:    SNOW:  WIND      :SUNSHINE: SKY     :PK WND
================================================================================
1   2   3   4   5  6A  6B    7    8   9   10  11  12  13   14  15   16   17  18
                                     12Z  AVG MX 2MIN
DY MAX MIN AVG DEP HDD CDD  WTR  SNW DPTH SPD SPD DIR MIN PSBL S-S WX    SPD DR
================================================================================

 1  55  43  49  14  16   0 0.00  0.0    M 12.1 18 230   M    M   4        22 230
 2   M   M   M   M   M   M 0.11  0.3    M  9.4 14 100   M    M   6 126    22  90
 3  44  31  38   4  27   0 0.40  0.0    M 13.9 33 290   M    M   9 126    42 290
 4  37  26  32  -2  33   0 0.00  0.0    M 11.7 24 280   M    M   0        37 280
 5  35  21  28  -5  37   0 0.27    T    M  6.5 10  80   M    M   4 126    16  80
 6  38  32  35   2  30   0 0.95    T    M  7.3 17 350   M    M  10 126    22 360
 7  34  15  25  -7  40   0 0.01    T    M 13.8 25 360   M    M   1 1      35  10
 8  21  12  17 -15  48   0 0.00  0.0    M  9.2 15  30   M    M   8 1      23  30
 9  37  21  29  -3  36   0 1.52    T    M 16.2 28  10   M    M  10 1246   43  40
10  37  32  35   4  30   0 0.22    T    M  9.9 20 360   M    M  10 1      27 350
11  32  26  29  -2  36   0 0.04  1.0    0 12.6 18 250   M    M  10 1      24 260
12  31  26  29  -2  36   0 0.00  0.0    0 13.7 21 300   M    M   7        25 300
13  36  27  32   2  33   0 0.00  0.0    0 15.9 24 300   M    M   3        33 300
14  38  28  33   3  32   0 0.00  0.0    0 14.2 21 310   M    M   2        28 310
15  41  30  36   6  29   0 0.00  0.0    M  6.2 17 300   M    M   2        24 330
16  35  28  32   3  33   0 0.14  0.0    M  2.8  9  10   M    M   8 12     12  10
17  44  35  40  11  25   0 0.37  0.0    M 12.4 22 290   M    M  10 12     30 270
18  37  31  34   5  31   0    T    T    0 15.4 26 290   M    M   9 1      38 280
19  31  23  27  -1  38   0 0.00  0.0    M 11.2 20 300   M    M   9        26 290
20  33  23  28   0  37   0    T    T    M  6.1 10  20   M    M   7 1      15  20
21  30  26  28   0  37   0 0.03  0.2    M  6.8 10  30   M    M  10 1      15  20
22  37  29  33   6  32   0 0.05    T    0  6.0 10  40   M    M  10 12     16  40
23  40  35  38  11  27   0 0.15  0.0    M  9.1 16  60   M    M  10 12     24  50
================================================================================
SM  803  600       723   0  4.26     1.5 242.4          M      159
================================================================================
AV 36.5 27.3                              10.5 FASTST   M    M   7    MAX(MPH)
                                 MISC ---->  # 33 290               # 43   40
================================================================================
NOTES:
# LAST OF SEVERAL OCCURRENCES

COLUMN 17 PEAK WIND IN M.P.H.

PRELIMINARY LOCAL CLIMATOLOGICAL DATA (WS FORM: F-6) , PAGE 2

                                          STATION:  WORCESTER MA
                                          MONTH:    DECEMBER
                                          YEAR:     2014
                                          LATITUDE:   42 16 N
                                          LONGITUDE:  71 52 W

[TEMPERATURE DATA]      [PRECIPITATION DATA]       SYMBOLS USED IN COLUMN 16

AVERAGE MONTHLY: 31.9   TOTAL FOR MONTH:   4.26    1 = FOG OR MIST
DPTR FM NORMAL:   1.2   DPTR FM NORMAL:    1.35    2 = FOG REDUCING VISIBILITY
HIGHEST:    55 ON  1    GRTST 24HR  1.53 ON  9-10      TO 1/4 MILE OR LESS
LOWEST:     12 ON  8                               3 = THUNDER
                        SNOW, ICE PELLETS, HAIL    4 = ICE PELLETS
                        TOTAL MONTH:   1.5 INCHES  5 = HAIL
                        GRTST 24HR   1.0 ON 11-11  6 = FREEZING RAIN OR DRIZZLE
                        GRTST DEPTH:   0           7 = DUSTSTORM OR SANDSTORM:
                                                       VSBY 1/2 MILE OR LESS
                                                   8 = SMOKE OR HAZE
[NO. OF DAYS WITH]      [WEATHER - DAYS WITH]      9 = BLOWING SNOW
                                                   X = TORNADO
MAX 32 OR BELOW:   5    0.01 INCH OR MORE:  13
MAX 90 OR ABOVE:   0    0.10 INCH OR MORE:   9
MIN 32 OR BELOW:  19    0.50 INCH OR MORE:   2
MIN  0 OR BELOW:   0    1.00 INCH OR MORE:   1

[HDD (BASE 65) ]
TOTAL THIS MO.   723    CLEAR  (SCALE 0-3)   4
DPTR FM NORMAL   -65    PTCLDY (SCALE 4-7)   8
TOTAL FM JUL 1  2101    CLOUDY (SCALE 8-10) 11
DPTR FM NORMAL   -89

[CDD (BASE 65) ]
TOTAL THIS MO.     0
DPTR FM NORMAL     0    [PRESSURE DATA]
TOTAL FM JAN 1   426    HIGHEST SLP M ON M
DPTR FM NORMAL   -45    LOWEST  SLP 29.43 ON M

[REMARKS]
