000
CXUS53 KGRB 270753
CF6OSH
PRELIMINARY LOCAL CLIMATOLOGICAL DATA (WS FORM: F-6)

                                          STATION:   OSHKOSH WI
                                          MONTH:     NOVEMBER
                                          YEAR:      2014
                                          LATITUDE:   44  0 N
                                          LONGITUDE:  88 34 W

  TEMPERATURE IN F:       :PCPN:    SNOW:  WIND      :SUNSHINE: SKY     :PK WND
================================================================================
1   2   3   4   5  6A  6B    7    8   9   10  11  12  13   14  15   16   17  18
                                     12Z  AVG MX 2MIN
DY MAX MIN AVG DEP HDD CDD  WTR  SNW DPTH SPD SPD DIR MIN PSBL S-S WX    SPD DR
================================================================================

 1  42  24  33 -10  32   0 0.00  0.0    0  5.7 14 360   M    M   3 18     17  10
 2  51  26  39  -3  26   0 0.00  0.0    0 12.3 22 190   M    M   1 1      26 190
 3  56  38  47   5  18   0 0.18  0.0    0 10.1 17 200   M    M   1 18     26 190
 4  58  37  48   7  17   0 0.07  0.0    0 11.7 24 290   M    M   7 18     31 290
 5  46  34  40  -1  25   0 0.07  0.0    0  5.6 12 120   M    M   6 1      16 250
 6  44  35  40   0  25   0    M    M    M 15.0 26 340   M    M  10 1      36 360
 7  43  31  37  -3  28   0 0.04  0.0    0  8.8 20 190   M    M   8        26 180
 8  43  33  38  -2  27   0 0.04  0.0    0 11.5 25 310   M    M   7 1      32 300
 9  43  33  38  -1  27   0    M    M    M  7.7 21 200   M    M   9 1      28 200
10  46  36  41   2  24   0    M    M    0 10.1 21 360   M    M   9 18     25  90
11  37  23  30  -8  35   0    M    M    M 14.4 24 330   M    M  10 1      31 310
12  30  19  25 -13  40   0    M    M    M 10.0 17 290   M    M   5        23 290
13  29  19  24 -13  41   0 0.00  0.0    0 10.1 20 290   M    M   5 1      25 300
14  26  17  22 -15  43   0 0.00  0.0    0  6.5 14 290   M    M   7        18 290
15  25  13  19 -17  46   0    M    M    M  4.9 10 270   M    M   6 18     17 230
16  27  12  20 -16  45   0    M    M    M  8.1 15 200   M    M   7 18     21 240
17  16   8  12 -23  53   0    T    M    M  9.8 22 290   M    M   6 18     31 290
18  19   9  14 -21  51   0 0.00  0.0    M 10.0 18 290   M    M   5        27 300
19  24  16  20 -14  45   0    T    M    M 11.0 24 290   M    M   8 18     34 300
20  20   8  14 -20  51   0    T    M    M 10.5 22 290   M    M   4        28 300
21  31   1  16 -17  49   0 0.00  0.0    M 11.0 22 190   M    M   1        30 200
22  47  31  39   6  26   0 0.00  0.0    M  9.8 22 210   M    M  10 18     31 220
23  49  43  46  14  19   0 0.42  0.0    M  9.1 20 190   M    M  10 12     25 200
24  44  25  35   3  30   0 0.38    M    M  8.9 21 270   M    M  10 12     30 270
25  25  11  18 -13  47   0    T    M    M  7.5 16 290   M    M   9 18     21 290
26  23   8  16 -15  49   0    T    M    M  2.5  7 150   M    M   6 18      9 140
================================================================================
SM  944  590       919   0  1.20     0.0 242.6          M      170
================================================================================
AV 36.3 22.7                               9.3 FASTST   M    M   7    MAX(MPH)
                                 MISC ---->  # 26 340               # 36  360
================================================================================
NOTES:
# LAST OF SEVERAL OCCURRENCES

COLUMN 17 PEAK WIND IN M.P.H.

PRELIMINARY LOCAL CLIMATOLOGICAL DATA (WS FORM: F-6) , PAGE 2

                                          STATION:  OSHKOSH WI
                                          MONTH:    NOVEMBER
                                          YEAR:     2014
                                          LATITUDE:   44  0 N
                                          LONGITUDE:  88 34 W

[TEMPERATURE DATA]      [PRECIPITATION DATA]       SYMBOLS USED IN COLUMN 16

AVERAGE MONTHLY: 29.5   TOTAL FOR MONTH:   1.20    1 = FOG OR MIST
DPTR FM NORMAL:  -7.4   DPTR FM NORMAL:   -0.65    2 = FOG REDUCING VISIBILITY
HIGHEST:    58 ON  4    GRTST 24HR  0.61 ON 23-24      TO 1/4 MILE OR LESS
LOWEST:      1 ON 21                               3 = THUNDER
                        SNOW, ICE PELLETS, HAIL    4 = ICE PELLETS
                        TOTAL MONTH:   0.0 INCH    5 = HAIL
                        GRTST 24HR     0.0         6 = FREEZING RAIN OR DRIZZLE
                        GRTST DEPTH:   0           7 = DUSTSTORM OR SANDSTORM:
                                                       VSBY 1/2 MILE OR LESS
                                                   8 = SMOKE OR HAZE
[NO. OF DAYS WITH]      [WEATHER - DAYS WITH]      9 = BLOWING SNOW
                                                   X = TORNADO
MAX 32 OR BELOW:  12    0.01 INCH OR MORE:   7
MAX 90 OR ABOVE:   0    0.10 INCH OR MORE:   3
MIN 32 OR BELOW:  18    0.50 INCH OR MORE:   0
MIN  0 OR BELOW:   0    1.00 INCH OR MORE:   0

[HDD (BASE 65) ]
TOTAL THIS MO.   919    CLEAR  (SCALE 0-3)   4
DPTR FM NORMAL   189    PTCLDY (SCALE 4-7)  14
TOTAL FM JUL 1  1636    CLOUDY (SCALE 8-10)  8
DPTR FM NORMAL   198

[CDD (BASE 65) ]
TOTAL THIS MO.     0
DPTR FM NORMAL     0    [PRESSURE DATA]
TOTAL FM JAN 1   433    HIGHEST SLP M ON M
DPTR FM NORMAL  -108    LOWEST  SLP 29.02 ON 24

[REMARKS]
