000
CXUS56 KOTX 291500
CF6OTX
PRELIMINARY LOCAL CLIMATOLOGICAL DATA (WS FORM: F-6)

                                          STATION:   SPOKANE  WA WFO
                                          MONTH:     MARCH
                                          YEAR:      2015
                                          LATITUDE:   47 40 N
                                          LONGITUDE: 117 38 W

  TEMPERATURE IN F:       :PCPN:    SNOW:  WIND      :SUNSHINE: SKY     :PK WND
================================================================================
1   2   3   4   5  6A  6B    7    8   9   10  11  12  13   14  15   16   17  18
                                     12Z  AVG MX 2MIN
DY MAX MIN AVG DEP HDD CDD  WTR  SNW DPTH SPD SPD DIR MIN PSBL S-S WX    SPD DR
================================================================================

 1  43  19  31  -3  34   0 0.00  0.0    0   M   M   M   M    M   M         M  M
 2  41  26  34  -1  31   0 0.03  0.4    0   M   M   M   M    M   M         M  M
 3  39  15  27  -8  38   0 0.00  0.0    T   M   M   M   M    M   M         M  M
 4  44  13  29  -6  36   0 0.00  0.0    0   M   M   M   M    M   M         M  M
 5  52  25  39   3  26   0 0.00  0.0    0   M   M   M   M    M   M         M  M
 6  59  26  43   7  22   0 0.00  0.0    0   M   M   M   0    0   0         0   0
 7  61  26  44   8  21   0 0.00  0.0    0   M   M   M   0    0   0         0   0
 8  61  27  44   8  21   0 0.00  0.0    0   M   M   M   0    0   0         0   0
 9  62  28  45   8  20   0 0.00  0.0    0   M   M   M   0    0   0         0   0
10  66  30  48  11  17   0 0.00  0.0    0   M   M   M   M    M   0         0   0
11  55  42  49  11  16   0    T  0.0    0   M   M   M   M    M   0         0   0
12  61  37  49  11  16   0 0.00  0.0    0   M   M   M   M    M   0         M  M
13  63  32  48  10  17   0    T  0.0    0   M   M   M   M    M   0         0   0
14  58  44  51  13  14   0 0.14  0.0    0   M   M   M   M    M   0         0   0
15  49  42  46   7  19   0 1.35  0.0    0   M   M   M   M    M   0         0   0
16  53  35  44   5  21   0 0.00  0.0    0   M   M   M   M    M   0         0   0
17  44  39  42   3  23   0 0.18  0.0    0   M   M   M   M    M   M         M  M
18  56  35  46   6  19   0 0.00  0.0    0   M   M   M   M    M   M         M  M
19  55  30  43   3  22   0 0.00  0.0    0   M   M   M   M    M   M         M  M
20  60  38  49   9  16   0 0.00  0.0    0   M   M   M   M    M   M         M  M
21  56  34  45   5  20   0 0.02  0.0    0   M   M   M   M    M   M         M  M
22  57  29  43   2  22   0    T  0.0    0   M   M   M   M    M   M         M  M
23  52  37  45   4  20   0 0.07  0.0    0   M   M   M   M    M   M         M  M
24  49  33  41   0  24   0 0.14  0.0    0   M   M   M   M    M   M         M  M
25  47  31  39  -3  26   0 0.20  0.0    0  9.0 16   M   M    M   M        22  M
26  62  42  52  10  13   0 0.01  0.0    0  6.0 14   M   M    M   M 1      16  M
27  70  40  55  13  10   0 0.07  0.0    0  7.0 23   M   M    M   M 12     29  M
28  58  39  49   7  16   0 0.22  0.0    0   M   M   M   0    0   0         0   0
================================================================================
SM 1533  894       600   0  2.43     0.4  22.0            0      0
================================================================================
AV 54.8 31.9                               7.3 FASTST    0   0   0    MAX(MPH)
                                 MISC ---->    23   M                 29    M
================================================================================
NOTES:
# LAST OF SEVERAL OCCURRENCES

COLUMN 17 PEAK WIND IN M.P.H.

PRELIMINARY LOCAL CLIMATOLOGICAL DATA (WS FORM: F-6) , PAGE 2

                                          STATION:  SPOKANE  WA WFO
                                          MONTH:    MARCH
                                          YEAR:     2015
                                          LATITUDE:   47 40 N
                                          LONGITUDE: 117 38 W

[TEMPERATURE DATA]      [PRECIPITATION DATA]       SYMBOLS USED IN COLUMN 16

AVERAGE MONTHLY: 43.3   TOTAL FOR MONTH:   2.43    1 = FOG OR MIST
DPTR FM NORMAL:   4.9   DPTR FM NORMAL:    0.89    2 = FOG REDUCING VISIBILITY
HIGHEST:    70 ON 27    GRTST 24HR  1.35 ON 15-15      TO 1/4 MILE OR LESS
LOWEST:     13 ON  4                               3 = THUNDER
                        SNOW, ICE PELLETS, HAIL    4 = ICE PELLETS
                        TOTAL MONTH:   0.4 INCH    5 = HAIL
                        GRTST 24HR   0.4 ON   M    6 = FREEZING RAIN OR DRIZZLE
                        GRTST DEPTH:   T           7 = DUSTSTORM OR SANDSTORM:
                                                       VSBY 1/2 MILE OR LESS
                                                   8 = SMOKE OR HAZE
[NO. OF DAYS WITH]      [WEATHER - DAYS WITH]      9 = BLOWING SNOW
                                                   X = TORNADO
MAX 32 OR BELOW:   0    0.01 INCH OR MORE:  11
MAX 90 OR ABOVE:   0    0.10 INCH OR MORE:   6
MIN 32 OR BELOW:  14    0.50 INCH OR MORE:   1
MIN  0 OR BELOW:   0    1.00 INCH OR MORE:   1

[HDD (BASE 65) ]
TOTAL THIS MO.   600    CLEAR  (SCALE 0-3)  12
DPTR FM NORMAL  -142    PTCLDY (SCALE 4-7)   0
TOTAL FM JUL 1  5034    CLOUDY (SCALE 8-10)  0
DPTR FM NORMAL  -907

[CDD (BASE 65) ]
TOTAL THIS MO.     0
DPTR FM NORMAL     0    [PRESSURE DATA]
TOTAL FM JAN 1     0    HIGHEST SLP M ON M
DPTR FM NORMAL     0    LOWEST  SLP  0.00 ON M

[REMARKS]
