000
CXUS55 KLOX 181655
CF6OXR
PRELIMINARY LOCAL CLIMATOLOGICAL DATA (WS FORM: F-6)

                                          STATION:   OXNARD AIRPORT CA
                                          MONTH:     JANUARY
                                          YEAR:      2018
                                          LATITUDE:   34 12 N
                                          LONGITUDE: 119 12 W

  TEMPERATURE IN F:       :PCPN:    SNOW:  WIND      :SUNSHINE: SKY     :PK WND
================================================================================
1   2   3   4   5  6A  6B    7    8   9   10  11  12  13   14  15   16   17  18
                                     12Z  AVG MX 2MIN
DY MAX MIN AVG DEP HDD CDD  WTR  SNW DPTH SPD SPD DIR MIN PSBL S-S WX    SPD DR
================================================================================

 1  67  44  56   1   9   0 0.00  0.0    0  4.2  9  20   M    M   0 1      12  30
 2  64  49  57   2   8   0 0.00  0.0    0  3.8  M   M   M    M   0 12      M  M
 3  70  48  59   4   6   0    T    M    0  3.3 15 320   M    M   4 128    28 330
 4  68  54  61   6   4   0 0.00  0.0    0  2.5  9 190   M    M   6 18     12 190
 5  65  53  59   4   6   0 0.00  0.0    0  5.0 14 280   M    M   5 12     17 290
 6  64  56  60   5   5   0 0.00  0.0    0  3.5 13 280   M    M   6 12     15 270
 7  65  54  60   5   5   0 0.00  0.0    0  4.1 12 280   M    M   5 128    14 280
 8  64  58  61   6   4   0 0.39  0.0    0  7.0 15  60   M    M   9 1      18 270
 9  64  53  59   4   6   0 0.52  0.0    0  7.9 35 260   M    M   8 18     42 260
10  65  49  57   2   8   0 0.00  0.0    0  4.5 12 240   M    M   2        15  30
11  66  47  57   2   8   0 0.00  0.0    0  3.5  9 250   M    M   0 18     14 290
12  69  51  60   5   5   0 0.00  0.0    0  5.3 14 280   M    M   0 1      16 280
13  86  64  75  20   0  10 0.00  0.0    0 13.8 25  70   M    M   0        33  70
14  85  58  72  17   0   7 0.00  0.0    0  9.5 21  80   M    M   0        28  80
15  64  49  57   2   8   0 0.00  0.0    0  5.5 15 270   M    M   3 128    18 270
16  68  50  59   4   6   0 0.00  0.0    0  2.2 10 270   M    M   0 18     12 210
17  68  50  59   4   6   0 0.00  0.0    0  5.5 17 270   M    M   0 18     19 270
================================================================================
SM 1162  887        94  17  0.91     0.0  91.1          M       48
================================================================================
AV 68.4 52.2                               5.4 FASTST   M    M   3    MAX(MPH)
                                 MISC ---->    35   M                 42    M
================================================================================
NOTES:
# LAST OF SEVERAL OCCURRENCES

COLUMN 17 PEAK WIND IN M.P.H.

PRELIMINARY LOCAL CLIMATOLOGICAL DATA (WS FORM: F-6) , PAGE 2

                                          STATION:  OXNARD AIRPORT CA
                                          MONTH:    JANUARY
                                          YEAR:     2018
                                          LATITUDE:   34 12 N
                                          LONGITUDE: 119 12 W

[TEMPERATURE DATA]      [PRECIPITATION DATA]       SYMBOLS USED IN COLUMN 16

AVERAGE MONTHLY: 60.3   TOTAL FOR MONTH:   0.91    1 = FOG OR MIST
DPTR FM NORMAL:   5.3   DPTR FM NORMAL:   -1.21    2 = FOG REDUCING VISIBILITY
HIGHEST:    86 ON 13    GRTST 24HR  0.52 ON  9- 9      TO 1/4 MILE OR LESS
LOWEST:     44 ON  1                               3 = THUNDER
                        SNOW, ICE PELLETS, HAIL    4 = ICE PELLETS
                        TOTAL MONTH:   0.0 INCH    5 = HAIL
                        GRTST 24HR     0.0         6 = FREEZING RAIN OR DRIZZLE
                        GRTST DEPTH:   0           7 = DUSTSTORM OR SANDSTORM:
                                                       VSBY 1/2 MILE OR LESS
                                                   8 = SMOKE OR HAZE
[NO. OF DAYS WITH]      [WEATHER - DAYS WITH]      9 = BLOWING SNOW
                                                   X = TORNADO
MAX 32 OR BELOW:   0    0.01 INCH OR MORE:   2
MAX 90 OR ABOVE:   0    0.10 INCH OR MORE:   2
MIN 32 OR BELOW:   0    0.50 INCH OR MORE:   1
MIN  0 OR BELOW:   0    1.00 INCH OR MORE:   0

[HDD (BASE 65) ]
TOTAL THIS MO.    94    CLEAR  (SCALE 0-3)  10
DPTR FM NORMAL   -76    PTCLDY (SCALE 4-7)   6
TOTAL FM JUL 1   439    CLOUDY (SCALE 8-10)  1
DPTR FM NORMAL  -433

[CDD (BASE 65) ]
TOTAL THIS MO.    17
DPTR FM NORMAL    17    [PRESSURE DATA]
TOTAL FM JAN 1    17    HIGHEST SLP M ON M
DPTR FM NORMAL    17    LOWEST  SLP 29.55 ON  9

[REMARKS]
