000
CXUS53 KDDC 241200
CF6P28
PRELIMINARY LOCAL CLIMATOLOGICAL DATA (WS FORM: F-6)

                                          STATION:   MEDICINE LODGE KS
                                          MONTH:     JULY
                                          YEAR:      2017
                                          LATITUDE:   37 17 N
                                          LONGITUDE:  98 35 W

  TEMPERATURE IN F:       :PCPN:    SNOW:  WIND      :SUNSHINE: SKY     :PK WND
================================================================================
1   2   3   4   5  6A  6B    7    8   9   10  11  12  13   14  15   16   17  18
                                     12Z  AVG MX 2MIN
DY MAX MIN AVG DEP HDD CDD  WTR  SNW DPTH SPD SPD DIR MIN PSBL S-S WX    SPD DR
================================================================================

 1  88  57  73  -7   0   8 0.00  0.0    0  6.1 14 170   M    M   0        19 130
 2  91  70  81   0   0  16 0.00  0.0    0  7.9 16 180   M    M   0        22 130
 3  87  67  77  -4   0  12 0.37  0.0    0  8.4 23 130   M    M   0        33 130
 4  86  63  75  -6   0  10 0.00  0.0    0  5.2 13 170   M    M   0        16 170
 5  92  64  78  -3   0  13 0.00  0.0    0  4.2 10  10   M    M   0        13  40
 6  96  64  80  -1   0  15 0.00  0.0    0  4.5 10 190   M    M   0        13 200
 7 100  67  84   2   0  19 0.14  0.0    0  6.4 24  50   M    M   0        30  60
 8  86  68  77  -5   0  12 0.12  0.0    0  6.6 18 190   M    M   0        28 200
 9  94  66  80  -2   0  15 0.00  0.0    0  6.4 16 190   M    M   0        21 190
10  98  70  84   2   0  19 0.00  0.0    0  8.9 16 190   M    M   0        21 180
11 102  74  88   6   0  23 0.00  0.0    0 12.0 23 190   M    M   0        33 190
12 101  73  87   5   0  22 0.00  0.0    0 12.0 23 190   M    M   0        30 190
13 101  73  87   5   0  22 0.00  0.0    0  7.2 20  10   M    M   0        27  10
14  92  71  82   0   0  17 0.16  0.0    0  6.3 13  80   M    M   0        18  20
15  96  71  84   2   0  19 0.00  0.0    0  6.4 13  40   M    M   0        22  10
16  94  70  82   0   0  17 0.00  0.0    0  5.2 12 140   M    M   0        17 160
17  97  73  85   3   0  20 0.00  0.0    0  9.7 20 170   M    M   0        26 180
18 100  74  87   5   0  22 0.00  0.0    0 12.0 23 190   M    M   0        29 200
19 102  74  88   6   0  23 0.00  0.0    0 10.4 21 190   M    M   0        26 170
20 103  73  88   5   0  23 0.00  0.0    0  9.4 22 190   M    M   0        31 180
21 106  77  92   9   0  27 0.00  0.0    0 10.0 20 200   M    M   0        27 200
22 106  74  90   7   0  25 0.00  0.0    0  9.6 33  50   M    M   0        43  40
23  97  72  85   2   0  20 0.04  0.0    0  6.9 15  70   M    M   0        22  20
================================================================================
SM 2215 1605         0 419  0.83     0.0 181.7          M        0
================================================================================
AV 96.3 69.8                               7.9 FASTST   M    M   0    MAX(MPH)
                                 MISC ---->  # 33  50               # 43   40
================================================================================
NOTES:
# LAST OF SEVERAL OCCURRENCES

COLUMN 17 PEAK WIND IN M.P.H.

PRELIMINARY LOCAL CLIMATOLOGICAL DATA (WS FORM: F-6) , PAGE 2

                                          STATION:  MEDICINE LODGE KS
                                          MONTH:    JULY
                                          YEAR:     2017
                                          LATITUDE:   37 17 N
                                          LONGITUDE:  98 35 W

[TEMPERATURE DATA]      [PRECIPITATION DATA]       SYMBOLS USED IN COLUMN 16

AVERAGE MONTHLY: 83.0   TOTAL FOR MONTH:   0.83    1 = FOG OR MIST
DPTR FM NORMAL:   1.2   DPTR FM NORMAL:   -1.81    2 = FOG REDUCING VISIBILITY
HIGHEST:   106 ON 22,21 GRTST 24HR  0.37 ON  3- 3      TO 1/4 MILE OR LESS
LOWEST:     57 ON  1                               3 = THUNDER
                        SNOW, ICE PELLETS, HAIL    4 = ICE PELLETS
                        TOTAL MONTH:   0.0 INCH    5 = HAIL
                        GRTST 24HR     0.0         6 = FREEZING RAIN OR DRIZZLE
                        GRTST DEPTH:   0           7 = DUSTSTORM OR SANDSTORM:
                                                       VSBY 1/2 MILE OR LESS
                                                   8 = SMOKE OR HAZE
[NO. OF DAYS WITH]      [WEATHER - DAYS WITH]      9 = BLOWING SNOW
                                                   X = TORNADO
MAX 32 OR BELOW:   0    0.01 INCH OR MORE:   5
MAX 90 OR ABOVE:  19    0.10 INCH OR MORE:   4
MIN 32 OR BELOW:   0    0.50 INCH OR MORE:   0
MIN  0 OR BELOW:   0    1.00 INCH OR MORE:   0

[HDD (BASE 65) ]
TOTAL THIS MO.     0    CLEAR  (SCALE 0-3)  23
DPTR FM NORMAL     0    PTCLDY (SCALE 4-7)   0
TOTAL FM JUL 1     0    CLOUDY (SCALE 8-10)  0
DPTR FM NORMAL     0

[CDD (BASE 65) ]
TOTAL THIS MO.   419
DPTR FM NORMAL    31    [PRESSURE DATA]
TOTAL FM JAN 1   889    HIGHEST SLP M ON M
DPTR FM NORMAL    -8    LOWEST  SLP 29.70 ON 11

[REMARKS]
