000
CXUS55 KRIW 010945
CF6P60
PRELIMINARY LOCAL CLIMATOLOGICAL DATA (WS FORM: F-6)

                                          STATION:   LAKE YELLOWSTONE WY
                                          MONTH:     AUGUST
                                          YEAR:      2015
                                          LATITUDE:   44 32 N
                                          LONGITUDE: 110 25 W

  TEMPERATURE IN F:       :PCPN:    SNOW:  WIND      :SUNSHINE: SKY     :PK WND
================================================================================
1   2   3   4   5  6A  6B    7    8   9   10  11  12  13   14  15   16   17  18
                                     12Z  AVG MX 2MIN
DY MAX MIN AVG DEP HDD CDD  WTR  SNW DPTH SPD SPD DIR MIN PSBL S-S WX    SPD DR
================================================================================

 1  76  35  56  -1   9   0 0.00  0.0    0  2.1  9 120   M    M   0        13 130
 2  80  39  60   3   5   0 0.00  0.0    0  1.9  9 100   M    M   0        13 120
 3  75  44  60   3   5   0 0.18  0.0    0  2.7 14 310   M    M   0        20 300
 4  71  43  57   0   8   0 0.09  0.0    0  2.8 20 290   M    M   0        34 280
 5  65  39  52  -5  13   0 0.33  0.0    0  1.7 17 280   M    M   0        30 280
 6  65  36  51  -6  14   0 0.00  0.0    0  2.8 16 280   M    M   0        25 290
 7  70  38  54  -3  11   0 0.00  0.0    0  2.2 12 210   M    M   0        17 220
 8  55  44  50  -7  15   0 0.50  0.0    0  1.2 10 270   M    M   0        18 280
 9  64  39  52  -4  13   0 0.00  0.0    0  2.1  8 100   M    M   0        13  90
10  72  35  54  -2  11   0 0.00  0.0    0  2.2  8 110   M    M   0        11 120
11  79  39  59   3   6   0 0.00  0.0    0  1.6  8 100   M    M   0        12 130
12  71  46  59   3   6   0 0.06  0.0    0  1.2  7 110   M    M   0        11 130
13  75  45  60   4   5   0 0.01  0.0    0  2.1  8 270   M    M   0        13 270
14  72  45  59   3   6   0 0.33  0.0    0  2.0 18 280   M    M   0        29 300
15  71  41  56   0   9   0 0.00  0.0    0  4.5 14 270   M    M   0        26 290
16  69  32  51  -5  14   0 0.00  0.0    0  3.3 13 290   M    M   0        19 270
17  65  33  49  -6  16   0 0.00  0.0    0  3.7 16 300   M    M   0        26 300
18  54  29  42 -13  23   0 0.00  0.0    0  2.3 10 330   M    M   0        19  20
19  66  28  47  -8  18   0 0.00  0.0    0  2.5 13 280   M    M   0        18 280
20  70  33  52  -3  13   0 0.00  0.0    0  2.5  9 270   M    M   0        17 250
21  72  33  53  -2  12   0 0.00  0.0    0  5.4 21 280   M    M   0        35 280
22  59  31  45  -9  20   0 0.00  0.0    0  4.7 13 330   M    M   0        23 320
23  72  27  50  -4  15   0 0.00  0.0    0  3.1  9 200   M    M   0        15 260
24  79  32  56   2   9   0 0.00  0.0    0  3.4 13 270   M    M   0        23 210
25  80  37  59   5   6   0 0.00  0.0    0  2.3  9 220   M    M   0        17 180
26  69  42  56   2   9   0 0.00  0.0    0  1.3  8 260   M    M   0        14 240
27  64  38  51  -2  14   0 0.26  0.0    0  1.5  8 110   M    M   0        10 350
28  74  35  55   2  10   0 0.00  0.0    0  2.8 12 280   M    M   0        17 200
29  71  40  56   3   9   0 0.04  0.0    0  2.5 18 280   M    M   0        31 280
30  67  39  53   1  12   0 0.05  0.0    0  3.7 13 270   M    M   0        25 250
31  65  31  48  -4  17   0 0.00  0.0    0  4.1 13 220   M    M   0        23 210
================================================================================
SM 2157 1148       353   0  1.85     0.0  82.2          M        0
================================================================================
AV 69.6 37.0                               2.7 FASTST   M    M   0    MAX(MPH)
                                 MISC ---->  # 21 280               # 35  280
================================================================================
NOTES:
# LAST OF SEVERAL OCCURRENCES

COLUMN 17 PEAK WIND IN M.P.H.

PRELIMINARY LOCAL CLIMATOLOGICAL DATA (WS FORM: F-6) , PAGE 2

                                          STATION:  LAKE YELLOWSTONE WY
                                          MONTH:    AUGUST
                                          YEAR:     2015
                                          LATITUDE:   44 32 N
                                          LONGITUDE: 110 25 W

[TEMPERATURE DATA]      [PRECIPITATION DATA]       SYMBOLS USED IN COLUMN 16

AVERAGE MONTHLY: 53.3   TOTAL FOR MONTH:   1.85    1 = FOG OR MIST
DPTR FM NORMAL:  -1.9   DPTR FM NORMAL:    0.33    2 = FOG REDUCING VISIBILITY
HIGHEST:    80 ON 25, 2 GRTST 24HR  0.50 ON  8- 8      TO 1/4 MILE OR LESS
LOWEST:     27 ON 23                               3 = THUNDER
                        SNOW, ICE PELLETS, HAIL    4 = ICE PELLETS
                        TOTAL MONTH:   0.0 INCH    5 = HAIL
                        GRTST 24HR     0.0         6 = FREEZING RAIN OR DRIZZLE
                        GRTST DEPTH:   0           7 = DUSTSTORM OR SANDSTORM:
                                                       VSBY 1/2 MILE OR LESS
                                                   8 = SMOKE OR HAZE
[NO. OF DAYS WITH]      [WEATHER - DAYS WITH]      9 = BLOWING SNOW
                                                   X = TORNADO
MAX 32 OR BELOW:   0    0.01 INCH OR MORE:  10
MAX 90 OR ABOVE:   0    0.10 INCH OR MORE:   5
MIN 32 OR BELOW:   7    0.50 INCH OR MORE:   1
MIN  0 OR BELOW:   0    1.00 INCH OR MORE:   0

[HDD (BASE 65) ]
TOTAL THIS MO.   353    CLEAR  (SCALE 0-3)  31
DPTR FM NORMAL    49    PTCLDY (SCALE 4-7)   0
TOTAL FM JUL 1   685    CLOUDY (SCALE 8-10)  0
DPTR FM NORMAL    98

[CDD (BASE 65) ]
TOTAL THIS MO.     0
DPTR FM NORMAL     0    [PRESSURE DATA]
TOTAL FM JAN 1     1    HIGHEST SLP 30.35 ON 28
DPTR FM NORMAL     1    LOWEST  SLP 29.70 ON 21

[REMARKS]
#FINAL-08-15#
