000
CXUS56 KLKN 301009
CF6P68
PRELIMINARY LOCAL CLIMATOLOGICAL DATA (WS FORM: F-6)

                                          STATION:   EUREKA AIRPORT NV
                                          MONTH:     JUNE
                                          YEAR:      2015
                                          LATITUDE:   39 30 N
                                          LONGITUDE: 115 58 W

  TEMPERATURE IN F:       :PCPN:    SNOW:  WIND      :SUNSHINE: SKY     :PK WND
================================================================================
1   2   3   4   5  6A  6B    7    8   9   10  11  12  13   14  15   16   17  18
                                     12Z  AVG MX 2MIN
DY MAX MIN AVG DEP HDD CDD  WTR  SNW DPTH SPD SPD DIR MIN PSBL S-S WX    SPD DR
================================================================================

 1  83  51  67  11   0   2 0.00    M    M  8.6 18 280   M    M   M        26 340
 2  78  40  59   3   6   0 0.00    M    M  6.1 18  30   M    M   M        21  20
 3  78  40  59   3   6   0 0.00    M    M  6.0 28 150   M    M   M        34 160
 4  75  45  60   3   5   0 0.00    M    M  7.4 29 180   M    M   M        37 170
 5  78  43  61   4   4   0 0.00    M    M  6.7 30 170   M    M   M        37 170
 6  67  41  54  -3  11   0 0.15    M    M  6.8 30 130   M    M   M        37 130
 7  77  41  59   1   6   0 0.00    M    M  5.8 15  60   M    M   M        19  10
 8  83  45  64   6   1   0 0.00    M    M  5.1 14 140   M    M   M        19  10
 9  89  47  68  10   0   3 0.00    M    M  6.4 17 190   M    M   M        21  30
10  76  55  66   7   0   1 0.54    M    M  7.4 25 250   M    M   M        31 250
11  77  53  65   6   0   0 0.12    M    M  7.9 24 140   M    M   M        30 140
12  84  50  67   8   0   2 0.00    M    M  6.8 17 340   M    M   M        22 350
13  89  46  68   8   0   3 0.00    M    M  7.6 18 320   M    M   M        24 340
14  89  50  70  10   0   5 0.00    M    M  6.9 26 160   M    M   M        34 160
15  93  47  70  10   0   5 0.00    M    M  8.1 26 270   M    M   M        37 240
16  90  46  68   7   0   3 0.00    M    M  6.2 16 310   M    M   M        21 350
17  94  48  71  10   0   6 0.00    M    M  7.0 18 260   M    M   M        25 280
18  96  50  73  12   0   8 0.00    M    M  7.5 24 310   M    M   M        31 310
19  94  47  71   9   0   6 0.00    M    M  8.3 23 270   M    M   M        31 280
20  95  47  71   9   0   6 0.00    M    M  7.3 22 280   M    M   M        26 270
21  95  49  72  10   0   7 0.00    M    M  9.7 30 250   M    M   M        37 240
22  92  43  68   5   0   3 0.00    M    M  6.0 18  10   M    M   M        23 360
23  94  46  70   7   0   5 0.00    M    M  5.9 16 330   M    M   M        21 330
24  96  51  74  10   0   9 0.00    M    M  7.0 23 160   M    M   M        29 160
25  97  50  74  10   0   9 0.00    M    M  4.8 15  70   M    M   M        19  60
26  97  53  75  11   0  10 0.00    M    M  5.7 23 190   M    M   M        30 170
27 101  57  79  14   0  14 0.00    M    M  7.7 30  40   M    M   M        40  60
28 101  68  85  20   0  20 0.00    M    M  5.8 22 150   M    M   M        29 160
29  99  64  82  16   0  17 0.00    M    M  7.8 23 260   M    M   M        32 240
================================================================================
SM 2557 1413        39 144  0.81    M    200.3          M        M
================================================================================
AV 88.2 48.7                               6.9 FASTST   M    M   1    MAX(MPH)
                                 MISC ---->  # 30 170               # 40   60
================================================================================
NOTES:
# LAST OF SEVERAL OCCURRENCES

COLUMN 17 PEAK WIND IN M.P.H.

PRELIMINARY LOCAL CLIMATOLOGICAL DATA (WS FORM: F-6) , PAGE 2

                                          STATION:  EUREKA AIRPORT NV
                                          MONTH:    JUNE
                                          YEAR:     2015
                                          LATITUDE:   39 30 N
                                          LONGITUDE: 115 58 W

[TEMPERATURE DATA]      [PRECIPITATION DATA]       SYMBOLS USED IN COLUMN 16

AVERAGE MONTHLY: 68.4   TOTAL FOR MONTH:   0.81    1 = FOG OR MIST
DPTR FM NORMAL:   8.0   DPTR FM NORMAL:   -0.03    2 = FOG REDUCING VISIBILITY
HIGHEST:   101 ON 28,27 GRTST 24HR  0.55 ON 10-11      TO 1/4 MILE OR LESS
LOWEST:     40 ON  3, 2                            3 = THUNDER
                        SNOW, ICE PELLETS, HAIL    4 = ICE PELLETS
                        TOTAL MONTH:    M          5 = HAIL
                        GRTST 24HR    M  ON   M    6 = FREEZING RAIN OR DRIZZLE
                        GRTST DEPTH:  M  ON   M    7 = DUSTSTORM OR SANDSTORM:
                                                       VSBY 1/2 MILE OR LESS
                                                   8 = SMOKE OR HAZE
[NO. OF DAYS WITH]      [WEATHER - DAYS WITH]      9 = BLOWING SNOW
                                                   X = TORNADO
MAX 32 OR BELOW:   0    0.01 INCH OR MORE:   3
MAX 90 OR ABOVE:  15    0.10 INCH OR MORE:   3
MIN 32 OR BELOW:   0    0.50 INCH OR MORE:   1
MIN  0 OR BELOW:   0    1.00 INCH OR MORE:   0

[HDD (BASE 65) ]
TOTAL THIS MO.    39    CLEAR  (SCALE 0-3)   0
DPTR FM NORMAL  -119    PTCLDY (SCALE 4-7)   0
TOTAL FM JUL 1  5744    CLOUDY (SCALE 8-10)  0
DPTR FM NORMAL -1630

[CDD (BASE 65) ]
TOTAL THIS MO.   144
DPTR FM NORMAL   117    [PRESSURE DATA]
TOTAL FM JAN 1   152    HIGHEST SLP M ON M
DPTR FM NORMAL   122    LOWEST  SLP 29.68 ON M

[REMARKS]
