000
CXUS53 KPAH 240634
CF6PAH
PRELIMINARY LOCAL CLIMATOLOGICAL DATA (WS FORM: F-6)

                                          STATION:   PADUCAH KY
                                          MONTH:     JANUARY
                                          YEAR:      2018
                                          LATITUDE:   37  4 N
                                          LONGITUDE:  88 46 W

  TEMPERATURE IN F:       :PCPN:    SNOW:  WIND      :SUNSHINE: SKY     :PK WND
================================================================================
1   2   3   4   5  6A  6B    7    8   9   10  11  12  13   14  15   16   17  18
                                     12Z  AVG MX 2MIN
DY MAX MIN AVG DEP HDD CDD  WTR  SNW DPTH SPD SPD DIR MIN PSBL S-S WX    SPD DR
================================================================================

 1  17   3  10 -25  55   0 0.00  0.0    0  9.0 16 360   M    M   1        21  10
 2  22   2  12 -23  53   0 0.00  0.0    0  1.9  9  30   M    M   0        12  30
 3  33   8  21 -14  44   0    T    T    0  8.6 17 360   M    M   3        25 260
 4  24   6  15 -19  50   0 0.00  0.0    0  6.4 18 340   M    M   2        24 350
 5  30  13  22 -12  43   0 0.00  0.0    0  4.6 13  40   M    M   7        16  30
 6  27   7  17 -17  48   0 0.00  0.0    0  6.7 13  40   M    M   2        16  40
 7  44  17  31  -3  34   0 0.38  0.0    0  9.6 20 170   M    M   6 1      30 150
 8  44  35  40   6  25   0 0.24  0.0    0  2.5 18 170   M    M  10 1      28 180
 9  47  37  42   8  23   0 0.02  0.0    0  6.0 12  80   M    M  10 128    15  90
10  60  47  54  20  11   0 0.06  0.0    0  8.6 16 170   M    M  10 1      24 190
11  64  32  48  14  17   0 0.91  0.0    0 10.2 29 350   M    M  10 1      39 330
12  32  17  25  -9  40   0 0.85  4.3    T 17.1 29 350   M    M   9 126    40 340
13  26  10  18 -16  47   0 0.00  0.0    4  8.7 20 350   M    M   4        29 350
14  25   2  14 -20  51   0    T    T    3  3.0 12 120   M    M   4        14 120
15  31  14  23 -11  42   0 0.33  8.1    2  7.9 21 350   M    M   9 1      27 360
16  14   3   9 -25  56   0    T    T    8  7.2 16 350   M    M   6        22 350
17  20   3  12 -22  53   0    T    T    8  5.9 15  10   M    M   4 18     19  10
18  31   7  19 -15  46   0 0.00  0.0    8  6.4 13 210   M    M   0        22 210
19  41  19  30  -4  35   0 0.00  0.0    7  8.3 14 210   M    M   1        24 210
20  50  35  43   9  22   0    T  0.0    6  6.3 12 210   M    M   7        21 210
21  61  50  56  22   9   0 0.00  0.0    0  8.5 17 170   M    M   9        25 160
22  63  45  54  19  11   0 0.70  0.0    0 17.9 29 260   M    M   5 138    45 240
23  45  31  38   3  27   0 0.00  0.0    0 11.2 28 250   M    M   9        37 270
================================================================================
SM  851  443       842   0  3.49    12.4 182.5          M      128
================================================================================
AV 37.0 19.3                               7.9 FASTST   M    M   6    MAX(MPH)
                                 MISC ---->  # 29 350               # 45  240
================================================================================
NOTES:
# LAST OF SEVERAL OCCURRENCES

COLUMN 17 PEAK WIND IN M.P.H.

PRELIMINARY LOCAL CLIMATOLOGICAL DATA (WS FORM: F-6) , PAGE 2

                                          STATION:  PADUCAH KY
                                          MONTH:    JANUARY
                                          YEAR:     2018
                                          LATITUDE:   37  4 N
                                          LONGITUDE:  88 46 W

[TEMPERATURE DATA]      [PRECIPITATION DATA]       SYMBOLS USED IN COLUMN 16

AVERAGE MONTHLY: 28.1   TOTAL FOR MONTH:   3.49    1 = FOG OR MIST
DPTR FM NORMAL:  -6.1   DPTR FM NORMAL:    0.78    2 = FOG REDUCING VISIBILITY
HIGHEST:    64 ON 11    GRTST 24HR  0.91 ON 11-11      TO 1/4 MILE OR LESS
LOWEST:      2 ON 14, 2                            3 = THUNDER
                        SNOW, ICE PELLETS, HAIL    4 = ICE PELLETS
                        TOTAL MONTH:  12.4 INCHES  5 = HAIL
                        GRTST 24HR   8.1 ON 15-15  6 = FREEZING RAIN OR DRIZZLE
                        GRTST DEPTH:   8 ON 18,17  7 = DUSTSTORM OR SANDSTORM:
                                                       VSBY 1/2 MILE OR LESS
                                                   8 = SMOKE OR HAZE
[NO. OF DAYS WITH]      [WEATHER - DAYS WITH]      9 = BLOWING SNOW
                                                   X = TORNADO
MAX 32 OR BELOW:  12    0.01 INCH OR MORE:   8
MAX 90 OR ABOVE:   0    0.10 INCH OR MORE:   6
MIN 32 OR BELOW:  17    0.50 INCH OR MORE:   3
MIN  0 OR BELOW:   0    1.00 INCH OR MORE:   0

[HDD (BASE 65) ]
TOTAL THIS MO.   842    CLEAR  (SCALE 0-3)   6
DPTR FM NORMAL   135    PTCLDY (SCALE 4-7)   9
TOTAL FM JUL 1  2376    CLOUDY (SCALE 8-10)  8
DPTR FM NORMAL    38

[CDD (BASE 65) ]
TOTAL THIS MO.     0
DPTR FM NORMAL     0    [PRESSURE DATA]
TOTAL FM JAN 1     0    HIGHEST SLP M ON M
DPTR FM NORMAL     0    LOWEST  SLP 29.57 ON 22

[REMARKS]
