000
CXUS53 KPAH 200630
CF6PAH
PRELIMINARY LOCAL CLIMATOLOGICAL DATA (WS FORM: F-6)

                                          STATION:   PADUCAH KY
                                          MONTH:     APRIL
                                          YEAR:      2014
                                          LATITUDE:   37  4 N
                                          LONGITUDE:  88 46 W

  TEMPERATURE IN F:       :PCPN:    SNOW:  WIND      :SUNSHINE: SKY     :PK WND
================================================================================
1   2   3   4   5  6A  6B    7    8   9   10  11  12  13   14  15   16   17  18
                                     12Z  AVG MX 2MIN
DY MAX MIN AVG DEP HDD CDD  WTR  SNW DPTH SPD SPD DIR MIN PSBL S-S WX    SPD DR
================================================================================

 1  77  54  66  13   0   1 0.00  0.0    0  6.9 15  30   M    M   4        17 240
 2  81  55  68  14   0   3 0.95  0.0    0  7.0 18 230   M    M  10 13     24 220
 3  78  61  70  16   0   5 0.21  0.0    0 10.4 31 320   M    M   7 13     39 330
 4  62  47  55   1  10   0 1.28  0.0    0 12.2 24 270   M    M   6 13     30 320
 5  58  41  50  -5  15   0 0.00  0.0    0  6.2 15  30   M    M   4        20 360
 6  63  36  50  -5  15   0 0.00  0.0    0  5.0 17  80   M    M   2 8      22 100
 7  55  44  50  -5  15   0 0.60  0.0    0  9.8 20 310   M    M  10 138    26 310
 8  58  42  50  -6  15   0 0.11  0.0    0  6.5 25 350   M    M   6 1      32 350
 9  65  40  53  -3  12   0 0.00  0.0    0   M  17 250   M    M   0        23 270
10  82  53  68  12   0   3 0.00  0.0    0 11.5 25 220   M    M   0        36 210
11  75  56  66  10   0   1 0.04  0.0    0  7.0 20 250   M    M   2 138    24 250
12  80  58  69  12   0   4 0.00  0.0    0 10.1 23 220   M    M   2 18     33 220
13  77  61  69  12   0   4 0.94  0.0    0 11.4 33 260   M    M   6 13     42 260
14  63  39  51  -7  14   0 0.60  0.0    0 11.3 23 340   M    M   9 18     32 350
15  51  34  43 -15  22   0    T  0.0    0 10.1 24 350   M    M   1        30 330
16  60  32  46 -12  19   0 0.00  0.0    0  7.5 16 140   M    M   0        21 120
17  70  37  54  -4  11   0 0.00  0.0    0  5.5 16 190   M    M   0        24 200
18  76  46  61   2   4   0 0.00  0.0    0  2.4 13  40   M    M   2        15  40
19  79  46  63   4   2   0 0.00  0.0    0  4.5 15  60   M    M   0        18  50
================================================================================
SM 1310  882       154  21  4.73     0.0 145.3          M       71
================================================================================
AV 68.9 46.4                               8.1 FASTST   M    M   4    MAX(MPH)
                                 MISC ---->  # 33 260               # 42  260
================================================================================
NOTES:
# LAST OF SEVERAL OCCURRENCES

COLUMN 17 PEAK WIND IN M.P.H.

PRELIMINARY LOCAL CLIMATOLOGICAL DATA (WS FORM: F-6) , PAGE 2

                                          STATION:  PADUCAH KY
                                          MONTH:    APRIL
                                          YEAR:     2014
                                          LATITUDE:   37  4 N
                                          LONGITUDE:  88 46 W

[TEMPERATURE DATA]      [PRECIPITATION DATA]       SYMBOLS USED IN COLUMN 16

AVERAGE MONTHLY: 57.7   TOTAL FOR MONTH:   4.73    1 = FOG OR MIST
DPTR FM NORMAL:   1.5   DPTR FM NORMAL:    1.86    2 = FOG REDUCING VISIBILITY
HIGHEST:    82 ON 10    GRTST 24HR  1.53 ON 13-14      TO 1/4 MILE OR LESS
LOWEST:     32 ON 16                               3 = THUNDER
                        SNOW, ICE PELLETS, HAIL    4 = ICE PELLETS
                        TOTAL MONTH:   0.0 INCH    5 = HAIL
                        GRTST 24HR     0.0         6 = FREEZING RAIN OR DRIZZLE
                        GRTST DEPTH:   0           7 = DUSTSTORM OR SANDSTORM:
                                                       VSBY 1/2 MILE OR LESS
                                                   8 = SMOKE OR HAZE
[NO. OF DAYS WITH]      [WEATHER - DAYS WITH]      9 = BLOWING SNOW
                                                   X = TORNADO
MAX 32 OR BELOW:   0    0.01 INCH OR MORE:   8
MAX 90 OR ABOVE:   0    0.10 INCH OR MORE:   7
MIN 32 OR BELOW:   1    0.50 INCH OR MORE:   5
MIN  0 OR BELOW:   0    1.00 INCH OR MORE:   1

[HDD (BASE 65) ]
TOTAL THIS MO.   154    CLEAR  (SCALE 0-3)  10
DPTR FM NORMAL   -29    PTCLDY (SCALE 4-7)   6
TOTAL FM JUL 1  4455    CLOUDY (SCALE 8-10)  3
DPTR FM NORMAL   453

[CDD (BASE 65) ]
TOTAL THIS MO.    21
DPTR FM NORMAL     2    [PRESSURE DATA]
TOTAL FM JAN 1    21    HIGHEST SLP M ON M
DPTR FM NORMAL    -5    LOWEST  SLP 29.46 ON  7

[REMARKS]
