000
CXUS51 KBTV 230700
CF6PBG
PRELIMINARY LOCAL CLIMATOLOGICAL DATA (WS FORM: F-6)

                                          STATION:   PLATTSBURGH NY
                                          MONTH:     APRIL
                                          YEAR:      2017
                                          LATITUDE:   44 39 N
                                          LONGITUDE:  73 28 W

  TEMPERATURE IN F:       :PCPN:    SNOW:  WIND      :SUNSHINE: SKY     :PK WND
================================================================================
1   2   3   4   5  6A  6B    7    8   9   10  11  12  13   14  15   16   17  18
                                     12Z  AVG MX 2MIN
DY MAX MIN AVG DEP HDD CDD  WTR  SNW DPTH SPD SPD DIR MIN PSBL S-S WX    SPD DR
================================================================================

 1  37  32  35  -1  30   0 0.42    M    0  3.8  8 360   M    M  10 1      11  30
 2  50  30  40   4  25   0 0.00  0.0    0  5.5 16 330   M    M   5 12     21 320
 3  47  27  37   0  28   0 0.00  0.0    0  3.4 10  30   M    M   1        14  10
 4  45  35  40   3  25   0 0.28    M    0 11.4 23 170   M    M  10 1      32 170
 5  50  38  44   6  21   0 0.01    M    0  4.8 13 140   M    M  10 1      15 140
 6  41  37  39   1  26   0 0.83    M    0  6.5 15 150   M    M  10 1      21 150
 7  44  36  40   1  25   0 0.20    M    0  5.4 14 300   M    M  10 1      25 300
 8  48  27  38  -1  27   0 0.00  0.0    0 11.5 20 310   M    M   8        31 320
 9  62  26  44   4  21   0 0.00  0.0    0  6.2 17 150   M    M   1        24 140
10  81  38  60  20   5   0 0.00  0.0    0  6.8 25 160   M    M   2        31 160
11  66  42  54  14  11   0 0.05    M    0  5.4 17  10   M    M   5 12     22  10
12  57  43  50   9  15   0    T    M    0  5.9 20 290   M    M   8 12     31 270
13  59  40  50   8  15   0    T    M    0  8.4 24 350   M    M   4        31  10
14  58  30  44   2  21   0 0.00  0.0    0  2.8 12 120   M    M   0        18 200
15  69  28  49   6  16   0    T    M    0  7.3 22 150   M    M   3 13     28 150
16  81  48  65  22   0   0    T    M    0  6.5 22 360   M    M   7 13     30 270
17  53  39  46   2  19   0    T    M    0  8.1 18 320   M    M  10 1      24 320
18  49  32  41  -3  24   0 0.00  0.0    0  6.1 15  70   M    M   4        19  70
19  50  32  41  -4  24   0 0.09    M    0 13.8 23 170   M    M   7 1      35 160
20  47  42  45   0  20   0    T    M    0  6.8 20 360   M    M   9 1      25  10
21  53  41  47   1  18   0 0.23    M    0 10.8 24 160   M    M  10 1      34 160
22  52  43  48   2  17   0 0.02    M    0  4.4 15 310   M    M  10        21 310
================================================================================
SM 1199  786       433   0  2.13     0.0 151.6          M      144
================================================================================
AV 54.5 35.7                               6.9 FASTST   M    M   7    MAX(MPH)
                                 MISC ---->  # 25 160               # 35  160
================================================================================
NOTES:
# LAST OF SEVERAL OCCURRENCES

COLUMN 17 PEAK WIND IN M.P.H.

PRELIMINARY LOCAL CLIMATOLOGICAL DATA (WS FORM: F-6) , PAGE 2

                                          STATION:  PLATTSBURGH NY
                                          MONTH:    APRIL
                                          YEAR:     2017
                                          LATITUDE:   44 39 N
                                          LONGITUDE:  73 28 W

[TEMPERATURE DATA]      [PRECIPITATION DATA]       SYMBOLS USED IN COLUMN 16

AVERAGE MONTHLY: 45.1   TOTAL FOR MONTH:   2.13    1 = FOG OR MIST
DPTR FM NORMAL:   4.2   DPTR FM NORMAL:       M    2 = FOG REDUCING VISIBILITY
HIGHEST:    81 ON 16,10 GRTST 24HR  0.93 ON  6- 7      TO 1/4 MILE OR LESS
LOWEST:     26 ON  9                               3 = THUNDER
                        SNOW, ICE PELLETS, HAIL    4 = ICE PELLETS
                        TOTAL MONTH:   0.0 INCH    5 = HAIL
                        GRTST 24HR     0.0         6 = FREEZING RAIN OR DRIZZLE
                        GRTST DEPTH:   0           7 = DUSTSTORM OR SANDSTORM:
                                                       VSBY 1/2 MILE OR LESS
                                                   8 = SMOKE OR HAZE
[NO. OF DAYS WITH]      [WEATHER - DAYS WITH]      9 = BLOWING SNOW
                                                   X = TORNADO
MAX 32 OR BELOW:   0    0.01 INCH OR MORE:   9
MAX 90 OR ABOVE:   0    0.10 INCH OR MORE:   5
MIN 32 OR BELOW:   9    0.50 INCH OR MORE:   1
MIN  0 OR BELOW:   0    1.00 INCH OR MORE:   0

[HDD (BASE 65) ]
TOTAL THIS MO.   433    CLEAR  (SCALE 0-3)   4
DPTR FM NORMAL   -95    PTCLDY (SCALE 4-7)   9
TOTAL FM JUL 1  6373    CLOUDY (SCALE 8-10)  9
DPTR FM NORMAL  -838

[CDD (BASE 65) ]
TOTAL THIS MO.     0
DPTR FM NORMAL     0    [PRESSURE DATA]
TOTAL FM JAN 1     0    HIGHEST SLP M ON M
DPTR FM NORMAL     0    LOWEST  SLP 29.21 ON  6

[REMARKS]
