000
CXUS52 KMFL 301000
CF6PBI
PRELIMINARY LOCAL CLIMATOLOGICAL DATA (WS FORM: F-6)

                                          STATION:   WEST PALM BEACH
                                          MONTH:     JULY
                                          YEAR:      2016
                                          LATITUDE:   26 40 N
                                          LONGITUDE:  80  7 W

  TEMPERATURE IN F:       :PCPN:    SNOW:  WIND      :SUNSHINE: SKY     :PK WND
================================================================================
1   2   3   4   5  6A  6B    7    8   9   10  11  12  13   14  15   16   17  18
                                     12Z  AVG MX 2MIN
DY MAX MIN AVG DEP HDD CDD  WTR  SNW DPTH SPD SPD DIR MIN PSBL S-S WX    SPD DR
================================================================================

 1  91  80  86   4   0  21 0.04  0.0    0  7.6 17 150   M    M   5 3      20 150
 2  92  78  85   3   0  20 0.00  0.0    0  6.3 20 140   M    M   7 3      27 130
 3  91  79  85   3   0  20 0.00  0.0    0  5.6 15 130   M    M   6 3      19 120
 4  92  80  86   4   0  21 0.00  0.0    0  6.7 15 150   M    M   5 3      21 100
 5  94  82  88   6   0  23 0.00  0.0    0  9.2 17 110   M    M   5        22 120
 6  95  82  89   7   0  24 0.00  0.0    0  9.2 17 130   M    M   3        22 150
 7  95  82  89   7   0  24 0.00  0.0    0 10.0 16 120   M    M   4        23 120
 8  95  81  88   6   0  23 0.00  0.0    0  8.1 16 120   M    M   5        22 110
 9  95  78  87   5   0  22 0.00  0.0    0  7.5 16 150   M    M   3        23 130
10  95  79  87   5   0  22 0.00  0.0    0  9.1 21 120   M    M   4        24 130
11  92  78  85   3   0  20 0.25  0.0    0  9.1 18 170   M    M   5 3      24 170
12  94  82  88   6   0  23 0.00  0.0    0  7.4 16 120   M    M   5 3      20 110
13  93  79  86   3   0  21 0.00  0.0    0  5.6 14  80   M    M   6 3      19 100
14  92  79  86   3   0  21 0.00  0.0    0  9.5 17 120   M    M   5        24 120
15  93  83  88   5   0  23 0.00  0.0    0 10.5 18 110   M    M   5        25 130
16  93  81  87   4   0  22 0.12  0.0    0 10.7 20  80   M    M   6        26  80
17  93  84  89   6   0  24 0.00  0.0    0 14.7 21 110   M    M   5 3      27 100
18  92  84  88   5   0  23 0.02  0.0    0 14.3 20 110   M    M   5        25 100
19  93  79  86   3   0  21 0.49  0.0    0 12.0 25  80   M    M   5 138    30  90
20  92  82  87   4   0  22 0.10  0.0    0 10.0 22  40   M    M   5 3      26  70
21  92  83  88   5   0  23 0.00  0.0    0  9.7 17 110   M    M   5        23 100
22  91  76  84   1   0  19 0.39  0.0    0  4.6 16 330   M    M   6 138    22 320
23  90  76  83   0   0  18 0.09  0.0    0  4.0 18 230   M    M   5 3      25 230
24  87  75  81  -2   0  16    T  0.0    0  5.8 17 100   M    M   6 3      20 130
25  91  76  84   1   0  19 0.00  0.0    0  8.1 18 130   M    M   4        23 110
26  92  82  87   4   0  22 0.01  0.0    0  8.9 17 130   M    M   4        24 110
27  92  80  86   3   0  21 0.00  0.0    0  8.7 16 120   M    M   3        21 120
28  93  80  87   4   0  22 0.00  0.0    0  8.6 16 130   M    M   4        23 120
29  93  80  87   4   0  22 0.08  0.0    0  5.2 18 160   M    M   4 3      26 160
================================================================================
SM 2683 2320         0 622  1.59     0.0 246.7          M      140
================================================================================
AV 92.5 80.0                               8.5 FASTST   M    M   5    MAX(MPH)
                                 MISC ---->  # 25  80               # 30   90
================================================================================
NOTES:
# LAST OF SEVERAL OCCURRENCES

COLUMN 17 PEAK WIND IN M.P.H.

PRELIMINARY LOCAL CLIMATOLOGICAL DATA (WS FORM: F-6) , PAGE 2

                                          STATION:  WEST PALM BEACH
                                          MONTH:    JULY
                                          YEAR:     2016
                                          LATITUDE:   26 40 N
                                          LONGITUDE:  80  7 W

[TEMPERATURE DATA]      [PRECIPITATION DATA]       SYMBOLS USED IN COLUMN 16

AVERAGE MONTHLY: 86.3   TOTAL FOR MONTH:   1.59    1 = FOG OR MIST
DPTR FM NORMAL:   3.7   DPTR FM NORMAL:   -3.80    2 = FOG REDUCING VISIBILITY
HIGHEST:    95 ON 10, 9 GRTST 24HR  0.59 ON 19-20      TO 1/4 MILE OR LESS
LOWEST:     75 ON 24                               3 = THUNDER
                        SNOW, ICE PELLETS, HAIL    4 = ICE PELLETS
                        TOTAL MONTH:   0.0 INCH    5 = HAIL
                        GRTST 24HR     0.0         6 = FREEZING RAIN OR DRIZZLE
                        GRTST DEPTH:   0           7 = DUSTSTORM OR SANDSTORM:
                                                       VSBY 1/2 MILE OR LESS
                                                   8 = SMOKE OR HAZE
[NO. OF DAYS WITH]      [WEATHER - DAYS WITH]      9 = BLOWING SNOW
                                                   X = TORNADO
MAX 32 OR BELOW:   0    0.01 INCH OR MORE:  10
MAX 90 OR ABOVE:  28    0.10 INCH OR MORE:   5
MIN 32 OR BELOW:   0    0.50 INCH OR MORE:   0
MIN  0 OR BELOW:   0    1.00 INCH OR MORE:   0

[HDD (BASE 65) ]
TOTAL THIS MO.     0    CLEAR  (SCALE 0-3)   2
DPTR FM NORMAL     0    PTCLDY (SCALE 4-7)  27
TOTAL FM JUL 1     0    CLOUDY (SCALE 8-10)  0
DPTR FM NORMAL     0

[CDD (BASE 65) ]
TOTAL THIS MO.   622
DPTR FM NORMAL   111    [PRESSURE DATA]
TOTAL FM JAN 1  2452    HIGHEST SLP M ON M
DPTR FM NORMAL   342    LOWEST  SLP 29.99 ON M

[REMARKS]
