000
CXUS52 KFFC 311110
CF6PDK
PRELIMINARY LOCAL CLIMATOLOGICAL DATA (WS FORM: F-6)

                                          STATION:   DEKALB PEACHTREE AIRPORT
                                          MONTH:     OCTOBER
                                          YEAR:      2014
                                          LATITUDE:   33 52 N
                                          LONGITUDE:  84 18 W

  TEMPERATURE IN F:       :PCPN:    SNOW:  WIND      :SUNSHINE: SKY     :PK WND
================================================================================
1   2   3   4   5  6A  6B    7    8   9   10  11  12  13   14  15   16   17  18
                                     12Z  AVG MX 2MIN
DY MAX MIN AVG DEP HDD CDD  WTR  SNW DPTH SPD SPD DIR MIN PSBL S-S WX    SPD DR
================================================================================

 1  84  58  71   4   0   6 0.00  0.0    M  1.1  6 210   M    M   1 18      9 150
 2  84  58  71   4   0   6 0.00  0.0    M  2.6 13 200   M    M   2 18     15 210
 3  77  64  71   4   0   6 0.57    M    M  6.6 13 290   M    M   6 13     17 290
 4  64  47  56 -10   9   0 0.00    M    M 11.2 25 320   M    M   0        33 310
 5  70  38  54 -12  11   0 0.00    M    M  2.8 13 260   M    M   0        16 270
 6  77  47  62  -3   3   0 0.00    M    M  5.5 18 220   M    M   1        24 220
 7  81  56  69   4   0   4 0.00    M    M  5.9 18 210   M    M   2 8      22 210
 8  86  62  74   9   0   9 0.01    M    M  4.6 13 320   M    M   2 1      17 240
 9  85  63  74  10   0   9 0.00    M    M  1.1  M 330   M    M   1 18      M 330
10  86  61  74  10   0   9 0.00  0.0    M  5.3 18 200   M    M   2 128    26 220
11  83  65  74  10   0   9 0.06  0.0    M  4.6 22 280   M    M   5 138    33 290
12  84  61  73  10   0   8 0.09  0.0    M  3.5 13  40   M    M   5 18     18  40
13  82  60  71   8   0   6 0.01  0.0    M  5.9 16 150   M    M   9 18     46 180
14  73  54  64   1   1   0 2.28  0.0    M  9.3 26 170   M    M   7 1      35 180
15  68  51  60  -2   5   0 0.00    M    M  5.5 15 220   M    M   6        26 110
16  66  48  57  -5   8   0 0.00    M    M  6.6 16 300   M    M   6        23 300
17  78  45  62   1   3   0 0.00    M    M  5.1 15 230   M    M   0 1      20 230
18  73  52  63   2   2   0 0.00    M    M  9.1 21 330   M    M   0        29 330
19  71  45  58  -3   7   0 0.00    M    M  2.2 12 320   M    M   0 1      14 320
20  72  44  58  -2   7   0 0.00    M    M  1.9 12 200   M    M   1 18     15 280
21  74  47  61   1   4   0 0.00    M    M  5.4 17 300   M    M   0 1      23 280
22  70  45  58  -2   7   0 0.00    M    M  6.5 15 330   M    M   0        22 320
23  70  40  55  -5  10   0 0.00  0.0    M  3.2 12 260   M    M   0        20  30
24  73  43  58  -1   7   0 0.00  0.0    M  2.4  9 280   M    M   0 1      15 280
25  76  41  59   0   6   0 0.00  0.0    M  2.5 13 280   M    M   0 1      16 280
26  82  51  67   8   0   2 0.00  0.0    M  3.8 13 320   M    M   0 18     17 260
27  84  49  67   9   0   2 0.00  0.0    M  1.0  7 180   M    M   0 128     9 210
28  76  52  64   6   1   0 0.00    M    M  3.1 15 280   M    M   1 12     20 280
29  70  48  59   1   6   0 0.07  0.0    M  5.2 16 320   M    M   3 1      20 330
30  67  40  54  -3  11   0 0.00  0.0    M  2.4 10 280   M    M   0        14 270
================================================================================
SM 2286 1535       108  76  3.09     0.0 135.9          M       60
================================================================================
AV 76.2 51.2                               4.5 FASTST   M    M   2    MAX(MPH)
                                 MISC ---->  # 26 170               # 46  180
================================================================================
NOTES:
# LAST OF SEVERAL OCCURRENCES

COLUMN 17 PEAK WIND IN M.P.H.

PRELIMINARY LOCAL CLIMATOLOGICAL DATA (WS FORM: F-6) , PAGE 2

                                          STATION:  DEKALB PEACHTREE AIRPORT
                                          MONTH:    OCTOBER
                                          YEAR:     2014
                                          LATITUDE:   33 52 N
                                          LONGITUDE:  84 18 W

[TEMPERATURE DATA]      [PRECIPITATION DATA]       SYMBOLS USED IN COLUMN 16

AVERAGE MONTHLY: 63.7   TOTAL FOR MONTH:   3.09    1 = FOG OR MIST
DPTR FM NORMAL:   1.5   DPTR FM NORMAL:   -0.26    2 = FOG REDUCING VISIBILITY
HIGHEST:    86 ON 10, 8 GRTST 24HR  2.28 ON 14-14      TO 1/4 MILE OR LESS
LOWEST:     38 ON  5                               3 = THUNDER
                        SNOW, ICE PELLETS, HAIL    4 = ICE PELLETS
                        TOTAL MONTH:   0.0 INCH    5 = HAIL
                        GRTST 24HR     0.0         6 = FREEZING RAIN OR DRIZZLE
                        GRTST DEPTH:  M  ON   M    7 = DUSTSTORM OR SANDSTORM:
                                                       VSBY 1/2 MILE OR LESS
                                                   8 = SMOKE OR HAZE
[NO. OF DAYS WITH]      [WEATHER - DAYS WITH]      9 = BLOWING SNOW
                                                   X = TORNADO
MAX 32 OR BELOW:   0    0.01 INCH OR MORE:   7
MAX 90 OR ABOVE:   0    0.10 INCH OR MORE:   2
MIN 32 OR BELOW:   0    0.50 INCH OR MORE:   2
MIN  0 OR BELOW:   0    1.00 INCH OR MORE:   1

[HDD (BASE 65) ]
TOTAL THIS MO.   108    CLEAR  (SCALE 0-3)  23
DPTR FM NORMAL   -27    PTCLDY (SCALE 4-7)   6
TOTAL FM JUL 1   108    CLOUDY (SCALE 8-10)  1
DPTR FM NORMAL   -37

[CDD (BASE 65) ]
TOTAL THIS MO.    76
DPTR FM NORMAL    26    [PRESSURE DATA]
TOTAL FM JAN 1  1768    HIGHEST SLP M ON M
DPTR FM NORMAL    14    LOWEST  SLP 29.73 ON 14

[REMARKS]
