000
CXUS56 KPDT 300532
CF6PDT
PRELIMINARY LOCAL CLIMATOLOGICAL DATA (WS FORM: F-6)

                                          STATION:   PENDLETON OR
                                          MONTH:     JULY
                                          YEAR:      2015
                                          LATITUDE:   45 40 N
                                          LONGITUDE: 118 51 W

  TEMPERATURE IN F:       :PCPN:    SNOW:  WIND      :SUNSHINE: SKY     :PK WND
================================================================================
1   2   3   4   5  6A  6B    7    8   9   10  11  12  13   14  15   16   17  18
                                     12Z  AVG MX 2MIN
DY MAX MIN AVG DEP HDD CDD  WTR  SNW DPTH SPD SPD DIR MIN PSBL S-S WX    SPD DR
================================================================================

 1 101  64  83  14   0  18 0.00  0.0    0  7.0 16 360   M    M   0 8      21 330
 2 104  62  83  14   0  18 0.00  0.0    0  7.1 14 310   M    M   0 8      20  40
 3 104  66  85  15   0  20 0.00  0.0    0  7.7 15 220   M    M   0        27 210
 4 100  64  82  12   0  17 0.00  0.0    0  7.8 20 290   M    M   0 8      26 280
 5  98  70  84  14   0  19 0.00  0.0    0  7.9 15  20   M    M   0        20 320
 6 100  63  82  11   0  17 0.00  0.0    0  8.9 23 270   M    M   0        29 270
 7  98  69  84  13   0  19 0.00  0.0    0  7.0 18 260   M    M   0        25 300
 8  99  61  80   9   0  15 0.00  0.0    0  7.8 18 360   M    M   0 8      26 330
 9  99  68  84  13   0  19    T  0.0    0  6.9 20 270   M    M   1 38     27 280
10  91  68  80   8   0  15 0.00  0.0    0 12.5 23 280   M    M   1 38     30 270
11  86  63  75   3   0  10    T  0.0    0 10.6 23 260   M    M   6        28 260
12  84  57  71  -1   0   6    T  0.0    0  7.6 23 180   M    M   0        27 180
13  86  63  75   3   0  10    T  0.0    0  8.1 18 160   M    M   4        24 170
14  88  59  74   1   0   9 0.00  0.0    0  7.0 16 320   M    M   0        21 260
15  89  58  74   1   0   9 0.00  0.0    0 12.5 32 260   M    M   0 8      40 270
16  81  60  71  -2   0   6 0.00  0.0    0 11.9 26 270   M    M   1 8      31 260
17  85  51  68  -5   0   3 0.00  0.0    0  6.9 17  10   M    M   0 8      22 360
18  90  55  73  -1   0   8 0.00  0.0    0  7.8 16 290   M    M   0        21 330
19  97  61  79   5   0  14 0.00  0.0    0  8.9 28 260   M    M   0        34 260
20  96  68  82   8   0  17 0.00  0.0    0 14.7 30 270   M    M   0 8      37 280
21  89  64  77   3   0  12 0.00  0.0    0 13.7 28 250   M    M   0        33 250
22  81  57  69  -5   0   4 0.00  0.0    0 11.3 26 250   M    M   0        30 250
23  86  51  69  -5   0   4 0.00  0.0    0 10.1 20 280   M    M   0        26 290
24  88  59  74   0   0   9 0.00  0.0    0 11.6 23 280   M    M   0        31 280
25  83  61  72  -2   0   7 0.00  0.0    0 14.4 26 270   M    M   5        33 270
26  77  59  68  -6   0   3 0.00  0.0    0 16.0 28 280   M    M   5        35 280
27  76  56  66  -8   0   1 0.00  0.0    0 12.4 21 280   M    M   5        28 280
28  84  49  67  -7   0   2 0.00  0.0    0  7.2 15 310   M    M   0 8      21 300
================================================================================
SM 2540 1706         0 311    T      0.0 273.3          M       28
================================================================================
AV 90.7 60.9                               9.8 FASTST   M    M   1    MAX(MPH)
                                 MISC ---->  # 32 260               # 40  270
================================================================================
NOTES:
# LAST OF SEVERAL OCCURRENCES

COLUMN 17 PEAK WIND IN M.P.H.

PRELIMINARY LOCAL CLIMATOLOGICAL DATA (WS FORM: F-6) , PAGE 2

                                          STATION:  PENDLETON OR
                                          MONTH:    JULY
                                          YEAR:     2015
                                          LATITUDE:   45 40 N
                                          LONGITUDE: 118 51 W

[TEMPERATURE DATA]      [PRECIPITATION DATA]       SYMBOLS USED IN COLUMN 16

AVERAGE MONTHLY: 75.8   TOTAL FOR MONTH:      T    1 = FOG OR MIST
DPTR FM NORMAL:   3.5   DPTR FM NORMAL:   -0.30    2 = FOG REDUCING VISIBILITY
HIGHEST:   104 ON  3, 2 GRTST 24HR    T  ON 13-13      TO 1/4 MILE OR LESS
LOWEST:     49 ON 28                               3 = THUNDER
                        SNOW, ICE PELLETS, HAIL    4 = ICE PELLETS
                        TOTAL MONTH:   0.0 INCH    5 = HAIL
                        GRTST 24HR     0.0         6 = FREEZING RAIN OR DRIZZLE
                        GRTST DEPTH:   0           7 = DUSTSTORM OR SANDSTORM:
                                                       VSBY 1/2 MILE OR LESS
                                                   8 = SMOKE OR HAZE
[NO. OF DAYS WITH]      [WEATHER - DAYS WITH]      9 = BLOWING SNOW
                                                   X = TORNADO
MAX 32 OR BELOW:   0    0.01 INCH OR MORE:   0
MAX 90 OR ABOVE:  13    0.10 INCH OR MORE:   0
MIN 32 OR BELOW:   0    0.50 INCH OR MORE:   0
MIN  0 OR BELOW:   0    1.00 INCH OR MORE:   0

[HDD (BASE 65) ]
TOTAL THIS MO.     0    CLEAR  (SCALE 0-3)  23
DPTR FM NORMAL    -7    PTCLDY (SCALE 4-7)   5
TOTAL FM JUL 1     0    CLOUDY (SCALE 8-10)  0
DPTR FM NORMAL    -7

[CDD (BASE 65) ]
TOTAL THIS MO.   311
DPTR FM NORMAL    94    [PRESSURE DATA]
TOTAL FM JAN 1   591    HIGHEST SLP 29.98 ON  1
DPTR FM NORMAL   272    LOWEST  SLP 29.51 ON  9

[REMARKS]
