000
CXUS56 KPDT 240532
CF6PDT
PRELIMINARY LOCAL CLIMATOLOGICAL DATA (WS FORM: F-6)

                                          STATION:   PENDLETON OR
                                          MONTH:     JUNE
                                          YEAR:      2017
                                          LATITUDE:   45 40 N
                                          LONGITUDE: 118 51 W

  TEMPERATURE IN F:       :PCPN:    SNOW:  WIND      :SUNSHINE: SKY     :PK WND
================================================================================
1   2   3   4   5  6A  6B    7    8   9   10  11  12  13   14  15   16   17  18
                                     12Z  AVG MX 2MIN
DY MAX MIN AVG DEP HDD CDD  WTR  SNW DPTH SPD SPD DIR MIN PSBL S-S WX    SPD DR
================================================================================

 1  71  56  64   2   1   0 0.03  0.0    0  8.0 17 170   M    M   7 1      22 270
 2  79  52  66   4   0   1 0.00  0.0    0  6.4 14 250   M    M   1        17 230
 3  82  51  67   5   0   2    T  0.0    0  7.1 17 270   M    M   2 3      23 270
 4  64  49  57  -5   8   0 0.08  0.0    0  7.7 16 230   M    M   5 3      20 240
 5  76  40  58  -4   7   0 0.00  0.0    0  6.7 15  10   M    M   0        20  20
 6  85  50  68   5   0   3 0.00  0.0    0  6.1 16  40   M    M   0        23  20
 7  85  59  72   9   0   7 0.00  0.0    0  5.9 18 260   M    M   0        25 260
 8  69  51  60  -3   5   0 0.78  0.0    0  8.9 38 250   M    M   5 13     46 240
 9  67  48  58  -5   7   0 0.05    M    0  8.2 24 280   M    M   6 1      28 290
10  63  42  53 -10  12   0 0.01    M    0  8.7 22 250   M    M   2        27 250
11  71  39  55  -9  10   0 0.00  0.0    0  7.3 15 340   M    M   1        22 350
12  73  52  63  -1   2   0 0.00  0.0    0 17.4 38 260   M    M   5        49 250
13  68  50  59  -5   6   0 0.00  0.0    0 22.9 37 260   M    M   3        47 250
14  71  47  59  -5   6   0 0.00  0.0    0  6.6 14 320   M    M   3        19 250
15  72  54  63  -1   2   0    T  0.0    0  4.7 15 180   M    M   9        19 170
16  66  56  61  -4   4   0 0.10  0.0    0  8.3 18 260   M    M   7 1      23 260
17  77  51  64  -1   1   0 0.00  0.0    0  8.5 21 270   M    M   4        27 270
18  85  58  72   7   0   7 0.00  0.0    0  6.4 15 250   M    M   7        18 250
19  93  58  76  10   0  11 0.00  0.0    0  6.1 16 250   M    M   1        24 230
20  88  61  75   9   0  10 0.00  0.0    0 14.1 28 270   M    M   0        39 280
21  82  54  68   2   0   3 0.00  0.0    0  7.8 15 310   M    M   0        21 290
22  79  43  61  -5   4   0 0.00  0.0    0  6.2 13  20   M    M   0 8      18  30
================================================================================
SM 1666 1121        75  44  1.05     0.0 190.0          M       68
================================================================================
AV 75.7 51.0                               8.6 FASTST   M    M   3    MAX(MPH)
                                 MISC ---->  # 38 250               # 49  250
================================================================================
NOTES:
# LAST OF SEVERAL OCCURRENCES

COLUMN 17 PEAK WIND IN M.P.H.

PRELIMINARY LOCAL CLIMATOLOGICAL DATA (WS FORM: F-6) , PAGE 2

                                          STATION:  PENDLETON OR
                                          MONTH:    JUNE
                                          YEAR:     2017
                                          LATITUDE:   45 40 N
                                          LONGITUDE: 118 51 W

[TEMPERATURE DATA]      [PRECIPITATION DATA]       SYMBOLS USED IN COLUMN 16

AVERAGE MONTHLY: 63.3   TOTAL FOR MONTH:   1.05    1 = FOG OR MIST
DPTR FM NORMAL:  -0.5   DPTR FM NORMAL:    0.22    2 = FOG REDUCING VISIBILITY
HIGHEST:    93 ON 19    GRTST 24HR  0.78 ON  8- 8      TO 1/4 MILE OR LESS
LOWEST:     39 ON 11                               3 = THUNDER
                        SNOW, ICE PELLETS, HAIL    4 = ICE PELLETS
                        TOTAL MONTH:   0.0 INCH    5 = HAIL
                        GRTST 24HR     0.0         6 = FREEZING RAIN OR DRIZZLE
                        GRTST DEPTH:   0           7 = DUSTSTORM OR SANDSTORM:
                                                       VSBY 1/2 MILE OR LESS
                                                   8 = SMOKE OR HAZE
[NO. OF DAYS WITH]      [WEATHER - DAYS WITH]      9 = BLOWING SNOW
                                                   X = TORNADO
MAX 32 OR BELOW:   0    0.01 INCH OR MORE:   6
MAX 90 OR ABOVE:   1    0.10 INCH OR MORE:   2
MIN 32 OR BELOW:   0    0.50 INCH OR MORE:   1
MIN  0 OR BELOW:   0    1.00 INCH OR MORE:   0

[HDD (BASE 65) ]
TOTAL THIS MO.    75    CLEAR  (SCALE 0-3)  12
DPTR FM NORMAL     4    PTCLDY (SCALE 4-7)   9
TOTAL FM JUL 1  5670    CLOUDY (SCALE 8-10)  1
DPTR FM NORMAL   406

[CDD (BASE 65) ]
TOTAL THIS MO.    44
DPTR FM NORMAL    -2    [PRESSURE DATA]
TOTAL FM JAN 1    72    HIGHEST SLP M ON M
DPTR FM NORMAL     3    LOWEST  SLP 29.54 ON  8

[REMARKS]
