000
CXUS56 KPDT 161832
CF6PDT
PRELIMINARY LOCAL CLIMATOLOGICAL DATA (WS FORM: F-6)

                                          STATION:   PENDLETON OR
                                          MONTH:     JANUARY
                                          YEAR:      2017
                                          LATITUDE:   45 40 N
                                          LONGITUDE: 118 51 W

  TEMPERATURE IN F:       :PCPN:    SNOW:  WIND      :SUNSHINE: SKY     :PK WND
================================================================================
1   2   3   4   5  6A  6B    7    8   9   10  11  12  13   14  15   16   17  18
                                     12Z  AVG MX 2MIN
DY MAX MIN AVG DEP HDD CDD  WTR  SNW DPTH SPD SPD DIR MIN PSBL S-S WX    SPD DR
================================================================================

 1  37  26  32  -1  33   0 0.07  0.9    1 11.7 32 250   M    M   9 18     40 250
 2  26  21  24  -9  41   0 0.04  0.8    2  6.8 10 310   M    M  10 12     12 340
 3  21  16  19 -14  46   0    T    T    1  5.3 12  10   M    M  10 18     13  10
 4  16   2   9 -25  56   0    T  0.1    1  7.5 14 260   M    M   7        16 260
 5  16   0   8 -26  57   0 0.00  0.0    1  5.3 12 130   M    M   0        12 130
 6  18   0   9 -25  56   0 0.00  0.0    1  4.3 12  40   M    M   0 1      12  40
 7  15  -1   7 -27  58   0 0.11  1.4    2  1.9 12  10   M    M   7 18     13  20
 8  21  15  18 -16  47   0 0.20  0.3    1  3.9  9 270   M    M   9 126    11 270
 9  41  21  31  -3  34   0 0.13  1.5    3  7.0 15 300   M    M   6 16     22 270
10  36  17  27  -8  38   0 0.38  4.5    7  8.6 18  20   M    M  10 16     22  20
11  18   2  10 -25  55   0 0.13  2.9    7  5.4 14 340   M    M   8 1      16 320
12  12  -6   3 -32  62   0 0.00  0.0    7  4.5  9 140   M    M   1 1      10 160
13  10  -8   1 -34  64   0    T    T    7  3.7 10 120   M    M   1 1      11 120
14  12  -2   5 -30  60   0    T  0.3    7  2.4  7 120   M    M   9 18      8 150
15  15   0   8 -27  57   0    T  0.5    7  3.9  8 140   M    M   7 18      9 130
================================================================================
SM  314  103       764   0  1.06    13.2  82.2          M       94
================================================================================
AV 20.9  6.9                               5.5 FASTST   M    M   6    MAX(MPH)
                                 MISC ---->  # 32 250               # 40  250
================================================================================
NOTES:
# LAST OF SEVERAL OCCURRENCES

COLUMN 17 PEAK WIND IN M.P.H.

PRELIMINARY LOCAL CLIMATOLOGICAL DATA (WS FORM: F-6) , PAGE 2

                                          STATION:  PENDLETON OR
                                          MONTH:    JANUARY
                                          YEAR:     2017
                                          LATITUDE:   45 40 N
                                          LONGITUDE: 118 51 W

[TEMPERATURE DATA]      [PRECIPITATION DATA]       SYMBOLS USED IN COLUMN 16

AVERAGE MONTHLY: 13.9   TOTAL FOR MONTH:   1.06    1 = FOG OR MIST
DPTR FM NORMAL: -20.3   DPTR FM NORMAL:    0.32    2 = FOG REDUCING VISIBILITY
HIGHEST:    41 ON  9    GRTST 24HR  0.47 ON 10-11      TO 1/4 MILE OR LESS
LOWEST:     -8 ON 13                               3 = THUNDER
                        SNOW, ICE PELLETS, HAIL    4 = ICE PELLETS
                        TOTAL MONTH:  13.2 INCHES  5 = HAIL
                        GRTST 24HR   4.5 ON 10-10  6 = FREEZING RAIN OR DRIZZLE
                        GRTST DEPTH:   7 ON 15,14  7 = DUSTSTORM OR SANDSTORM:
                                                       VSBY 1/2 MILE OR LESS
                                                   8 = SMOKE OR HAZE
[NO. OF DAYS WITH]      [WEATHER - DAYS WITH]      9 = BLOWING SNOW
                                                   X = TORNADO
MAX 32 OR BELOW:  12    0.01 INCH OR MORE:   7
MAX 90 OR ABOVE:   0    0.10 INCH OR MORE:   5
MIN 32 OR BELOW:  15    0.50 INCH OR MORE:   0
MIN  0 OR BELOW:   7    1.00 INCH OR MORE:   0

[HDD (BASE 65) ]
TOTAL THIS MO.   764    CLEAR  (SCALE 0-3)   4
DPTR FM NORMAL   302    PTCLDY (SCALE 4-7)   5
TOTAL FM JUL 1  2925    CLOUDY (SCALE 8-10)  6
DPTR FM NORMAL   226

[CDD (BASE 65) ]
TOTAL THIS MO.     0
DPTR FM NORMAL     0    [PRESSURE DATA]
TOTAL FM JAN 1     0    HIGHEST SLP M ON M
DPTR FM NORMAL     0    LOWEST  SLP 29.67 ON M

[REMARKS]
