000
CXUS56 KPDT 180532
CF6PDT
PRELIMINARY LOCAL CLIMATOLOGICAL DATA (WS FORM: F-6)

                                          STATION:   PENDLETON OR
                                          MONTH:     DECEMBER
                                          YEAR:      2017
                                          LATITUDE:   45 40 N
                                          LONGITUDE: 118 51 W

  TEMPERATURE IN F:       :PCPN:    SNOW:  WIND      :SUNSHINE: SKY     :PK WND
================================================================================
1   2   3   4   5  6A  6B    7    8   9   10  11  12  13   14  15   16   17  18
                                     12Z  AVG MX 2MIN
DY MAX MIN AVG DEP HDD CDD  WTR  SNW DPTH SPD SPD DIR MIN PSBL S-S WX    SPD DR
================================================================================

 1  50  30  40   4  25   0    T  0.0    0  4.4 10 300   M    M   5        12 290
 2  49  32  41   5  24   0    T  0.0    0  5.4 13 200   M    M   6 1      16 220
 3  44  36  40   5  25   0 0.07  0.0    0 13.2 22 270   M    M  10        26 270
 4  44  26  35   0  30   0 0.00  0.0    0  5.9 13 270   M    M   2        16 270
 5  43  24  34  -1  31   0 0.00  0.0    0  4.5 10  70   M    M   0        10  70
 6  37  21  29  -5  36   0 0.00  0.0    0  4.0  8  20   M    M   1 1      17 330
 7  29  27  28  -6  37   0    T    T    0  3.0  6 180   M    M  10 12      7 160
 8  29  27  28  -6  37   0 0.00  0.0    0  4.3  8  60   M    M  10 1      11  70
 9  30  27  29  -5  36   0 0.00  0.0    0  2.4  7 320   M    M  10         8 300
10  29  27  28  -6  37   0 0.00  0.0    0  4.3  8 280   M    M  10 1      12 300
11  29  27  28  -5  37   0 0.00  0.0    0  3.5  8 300   M    M  10 1       9 300
12  28  25  27  -6  38   0 0.00  0.0    0  2.7  8 310   M    M  10        10 140
13  29  27  28  -5  37   0 0.01    T    0  2.7  8 310   M    M  10 14      9 320
14  29  26  28  -5  37   0 0.00  0.0    0  2.1  9 190   M    M  10        11 200
15  34  27  31  -2  34   0 0.09  0.1    T  4.2 12 160   M    M  10 16     12 160
16  40  28  34   1  31   0 0.00  0.0    0  5.4 13 290   M    M   3        17 260
================================================================================
SM  573  437       532   0  0.17     0.1  72.0          M      117
================================================================================
AV 35.8 27.3                               4.5 FASTST   M    M   7    MAX(MPH)
                                 MISC ---->  # 22 270               # 26  270
================================================================================
NOTES:
# LAST OF SEVERAL OCCURRENCES

COLUMN 17 PEAK WIND IN M.P.H.

PRELIMINARY LOCAL CLIMATOLOGICAL DATA (WS FORM: F-6) , PAGE 2

                                          STATION:  PENDLETON OR
                                          MONTH:    DECEMBER
                                          YEAR:     2017
                                          LATITUDE:   45 40 N
                                          LONGITUDE: 118 51 W

[TEMPERATURE DATA]      [PRECIPITATION DATA]       SYMBOLS USED IN COLUMN 16

AVERAGE MONTHLY: 31.6   TOTAL FOR MONTH:   0.17    1 = FOG OR MIST
DPTR FM NORMAL:  -2.5   DPTR FM NORMAL:   -0.60    2 = FOG REDUCING VISIBILITY
HIGHEST:    50 ON  1    GRTST 24HR  0.09 ON 15-15      TO 1/4 MILE OR LESS
LOWEST:     21 ON  6                               3 = THUNDER
                        SNOW, ICE PELLETS, HAIL    4 = ICE PELLETS
                        TOTAL MONTH:   0.1 INCH    5 = HAIL
                        GRTST 24HR   0.1 ON 15-15  6 = FREEZING RAIN OR DRIZZLE
                        GRTST DEPTH:   T           7 = DUSTSTORM OR SANDSTORM:
                                                       VSBY 1/2 MILE OR LESS
                                                   8 = SMOKE OR HAZE
[NO. OF DAYS WITH]      [WEATHER - DAYS WITH]      9 = BLOWING SNOW
                                                   X = TORNADO
MAX 32 OR BELOW:   8    0.01 INCH OR MORE:   3
MAX 90 OR ABOVE:   0    0.10 INCH OR MORE:   0
MIN 32 OR BELOW:  15    0.50 INCH OR MORE:   0
MIN  0 OR BELOW:   0    1.00 INCH OR MORE:   0

[HDD (BASE 65) ]
TOTAL THIS MO.   532    CLEAR  (SCALE 0-3)   4
DPTR FM NORMAL    36    PTCLDY (SCALE 4-7)   2
TOTAL FM JUL 1  1740    CLOUDY (SCALE 8-10) 10
DPTR FM NORMAL    -9

[CDD (BASE 65) ]
TOTAL THIS MO.     0
DPTR FM NORMAL     0    [PRESSURE DATA]
TOTAL FM JAN 1   894    HIGHEST SLP 30.34 ON 16
DPTR FM NORMAL   258    LOWEST  SLP 29.83 ON  2

[REMARKS]
