000
CXUS55 KTBW 241000
CF6PGD
PRELIMINARY LOCAL CLIMATOLOGICAL DATA (WS FORM: F-6)

                                          STATION:   Punta Gorda
                                          MONTH:     JULY
                                          YEAR:      2014
                                          LATITUDE:   26 55 N
                                          LONGITUDE:  82  0 W

  TEMPERATURE IN F:       :PCPN:    SNOW:  WIND      :SUNSHINE: SKY     :PK WND
================================================================================
1   2   3   4   5  6A  6B    7    8   9   10  11  12  13   14  15   16   17  18
                                     12Z  AVG MX 2MIN
DY MAX MIN AVG DEP HDD CDD  WTR  SNW DPTH SPD SPD DIR MIN PSBL S-S WX    SPD DR
================================================================================

 1  95  75  85   3   0  20 0.10  0.0    0  7.0 22 310   M    M   2 138    29 260
 2  94  75  85   3   0  20 0.00  0.0    0  6.9 24 260   M    M   1 3      28 260
 3  92  77  85   2   0  20 0.01  0.0    0  8.8 20 240   M    M   1 13     26 250
 4  92  75  84   1   0  19 0.00  0.0    0  6.9 17 220   M    M   1 8      24 220
 5  92  73  83   0   0  18 0.55  0.0    0  6.3 31 140   M    M   2 138    35 140
 6  90  74  82  -1   0  17    T  0.0    0  4.6 16  70   M    M   2 13     21 320
 7  86  73  80  -3   0  15 0.28  0.0    0  3.0 13 290   M    M   2 13     15 300
 8  93  73  83   0   0  18 0.67  0.0    0  6.2 23 110   M    M   1 13     30 120
 9  91  73  82  -1   0  17 0.33  0.0    0  3.6 31 310   M    M   1 13     36 310
10  88  74  81  -2   0  16 0.31  0.0    0  3.5 16  40   M    M   1 3      19  40
11  93  73  83   0   0  18 0.04  0.0    0  4.9 20  70   M    M   2 3      24  80
12  94  73  84   1   0  19 0.68  0.0    0  4.2 23  80   M    M   2 13     30  80
13  94  73  84   1   0  19 0.34  0.0    0  4.5 26 130   M    M   2 3      33 120
14  91  75  83   0   0  18 0.25  0.0    0  5.2 22 320   M    M   0 3      26 320
15  90  74  82  -1   0  17 0.06  0.0    0  6.7 22 240   M    M   1 13     26 230
16  90  75  83   0   0  18 0.85  0.0    0  5.3 30 270   M    M   2 138    39 250
17  91  75  83   0   0  18 0.33  0.0    0  8.1 25 280   M    M   2 8      35 290
18  94  75  85   2   0  20 0.00  0.0    0  4.0 14  90   M    M   1 1      20 350
19  96  75  86   3   0  21 0.00  0.0    0  5.0 16 320   M    M   1 1      19 320
20  96  77  87   4   0  22 0.00  0.0    0  5.5 17 340   M    M   1        22 340
21  96  75  86   3   0  21 0.36  0.0    0  3.9 17 110   M    M   2 13     24 110
22  92  75  84   1   0  19 0.02  0.0    0  3.9 15 180   M    M   2 13     17 180
23  94  76  85   2   0  20 0.01  0.0    0  3.7 17 310   M    M   2 3      24 280
================================================================================
SM 2124 1713         0 430  5.19     0.0 121.7          M       34
================================================================================
AV 92.3 74.5                               5.3 FASTST   M    M   1    MAX(MPH)
                                 MISC ---->  # 31 140               # 39  250
================================================================================
NOTES:
# LAST OF SEVERAL OCCURRENCES

COLUMN 17 PEAK WIND IN M.P.H.

PRELIMINARY LOCAL CLIMATOLOGICAL DATA (WS FORM: F-6) , PAGE 2

                                          STATION:  Punta Gorda
                                          MONTH:    JULY
                                          YEAR:     2014
                                          LATITUDE:   26 55 N
                                          LONGITUDE:  82  0 W

[TEMPERATURE DATA]      [PRECIPITATION DATA]       SYMBOLS USED IN COLUMN 16

AVERAGE MONTHLY: 83.4   TOTAL FOR MONTH:   5.19    1 = FOG OR MIST
DPTR FM NORMAL:   0.5   DPTR FM NORMAL:   -0.70    2 = FOG REDUCING VISIBILITY
HIGHEST:    96 ON 21,20 GRTST 24HR  1.04 ON 16-17      TO 1/4 MILE OR LESS
LOWEST:     73 ON 13,12                            3 = THUNDER
                        SNOW, ICE PELLETS, HAIL    4 = ICE PELLETS
                        TOTAL MONTH:   0.0 INCH    5 = HAIL
                        GRTST 24HR     0.0         6 = FREEZING RAIN OR DRIZZLE
                        GRTST DEPTH:   0           7 = DUSTSTORM OR SANDSTORM:
                                                       VSBY 1/2 MILE OR LESS
                                                   8 = SMOKE OR HAZE
[NO. OF DAYS WITH]      [WEATHER - DAYS WITH]      9 = BLOWING SNOW
                                                   X = TORNADO
MAX 32 OR BELOW:   0    0.01 INCH OR MORE:  17
MAX 90 OR ABOVE:  21    0.10 INCH OR MORE:  12
MIN 32 OR BELOW:   0    0.50 INCH OR MORE:   4
MIN  0 OR BELOW:   0    1.00 INCH OR MORE:   0

[HDD (BASE 65) ]
TOTAL THIS MO.     0    CLEAR  (SCALE 0-3)  23
DPTR FM NORMAL     0    PTCLDY (SCALE 4-7)   0
TOTAL FM JUL 1     0    CLOUDY (SCALE 8-10)  0
DPTR FM NORMAL     0

[CDD (BASE 65) ]
TOTAL THIS MO.   430
DPTR FM NORMAL    17    [PRESSURE DATA]
TOTAL FM JAN 1  1984    HIGHEST SLP M ON M
DPTR FM NORMAL   197    LOWEST  SLP 29.87 ON  1

[REMARKS]
