000
CXUS51 KPBZ 280804
CF6PHD
PRELIMINARY LOCAL CLIMATOLOGICAL DATA (WS FORM: F-6)

                                          STATION:   NEW PHILADELPHIA OH
                                          MONTH:     AUGUST
                                          YEAR:      2016
                                          LATITUDE:   40 28 N
                                          LONGITUDE:  81 25 W

  TEMPERATURE IN F:       :PCPN:    SNOW:  WIND      :SUNSHINE: SKY     :PK WND
================================================================================
1   2   3   4   5  6A  6B    7    8   9   10  11  12  13   14  15   16   17  18
                                     12Z  AVG MX 2MIN
DY MAX MIN AVG DEP HDD CDD  WTR  SNW DPTH SPD SPD DIR MIN PSBL S-S WX    SPD DR
================================================================================

 1  91  69  80   8   0  15 0.00    M    M  2.6  9 310   M    M   5 12     13 330
 2  92  67  80   8   0  15 0.00    M    M  2.1  9  70   M    M   1 18     14  60
 3  94  65  80   8   0  15 0.00    M    M  2.7 13 140   M    M   1        16 150
 4  89  71  80   8   0  15 0.00    M    M  3.8 15 110   M    M   5 1      18 110
 5  92  70  81   9   0  16 0.53    M    M  4.9 16 290   M    M   2 13     25 300
 6  87  63  75   3   0  10 0.00    M    M  4.3 15 340   M    M   4 18     20 330
 7  88  59  74   2   0   9 0.00    M    M  2.3 12 350   M    M   2        15 350
 8  88  65  77   5   0  12 0.00    M    M  2.5 10 100   M    M   0        14  70
 9  90  65  78   6   0  13 0.15    M    M  3.8 14 220   M    M   6 13     20 220
10  87  75  81   9   0  16 0.40    M    M  2.2  8 200   M    M   6 138    11 190
11  91  76  84  12   0  19 0.21    M    M  2.2 14 280   M    M   4 13     21 290
12  92  76  84  12   0  19 0.01    M    M  3.0 13 250   M    M   5 13     17 200
13  93  76  85  13   0  20 0.30    M    M  6.2 18 290   M    M   7 13     29 210
14  79   M   M   M   M   M 0.50    M    M  3.2  6 250   M    M   8 13      M  M
15  84  73  79   7   0  14 0.57    M    M  2.1  9 260   M    M   4 1      12 260
16   M   M   M   M   M   M    M    M    M   M   M   M   M    M   M 1       M  M
17  79  71  75   3   0  10 0.32    M    M  2.2  7 210   M    M   5 1      11 210
18  87  70  79   8   0  14 0.00    M    M  2.6 10 240   M    M   3 1      14 280
19  88  68  78   7   0  13 0.00    M    M  2.5 12 310   M    M   3 128    16 200
20  87  69  78   7   0  13 0.03    M    M  6.0 15 190   M    M   5 18     22 170
21  80  63  72   1   0   7 0.06    M    M  4.5 14 270   M    M   5 1      22 320
22  81  58  70  -1   0   5 0.00    M    M  1.9  9 300   M    M   2        13 300
23  83  56  70  -1   0   5 0.00    M    M  1.6  9 180   M    M   1 12     13 150
24  87  58  73   2   0   8 0.00    M    M  4.4 14 220   M    M   2 1      19 220
25  91  74  83  13   0  18    T    M    M  6.1 14 210   M    M   3 3      19 220
26  91  68  80  10   0  15 0.00    M    M  2.6 12 290   M    M   3 12     14 270
27  93  66  80  10   0  15 0.01    M    M  2.6 15 280   M    M   0 1      23 270
================================================================================
SM 2284 1691         0 331  3.09    M     84.9          M       92
================================================================================
AV 87.9 67.6                               3.3 FASTST   M    M   4    MAX(MPH)
                                 MISC ---->  # 18 290               # 29  210
================================================================================
NOTES:
# LAST OF SEVERAL OCCURRENCES

COLUMN 17 PEAK WIND IN M.P.H.

PRELIMINARY LOCAL CLIMATOLOGICAL DATA (WS FORM: F-6) , PAGE 2

                                          STATION:  NEW PHILADELPHIA OH
                                          MONTH:    AUGUST
                                          YEAR:     2016
                                          LATITUDE:   40 28 N
                                          LONGITUDE:  81 25 W

[TEMPERATURE DATA]      [PRECIPITATION DATA]       SYMBOLS USED IN COLUMN 16

AVERAGE MONTHLY: 77.7   TOTAL FOR MONTH:   3.09    1 = FOG OR MIST
DPTR FM NORMAL:   6.2   DPTR FM NORMAL:    0.02    2 = FOG REDUCING VISIBILITY
HIGHEST:    94 ON  3    GRTST 24HR  0.57 ON 15-15      TO 1/4 MILE OR LESS
LOWEST:     56 ON 23                               3 = THUNDER
                        SNOW, ICE PELLETS, HAIL    4 = ICE PELLETS
                        TOTAL MONTH:    M          5 = HAIL
                        GRTST 24HR    M  ON   M    6 = FREEZING RAIN OR DRIZZLE
                        GRTST DEPTH:  M  ON   M    7 = DUSTSTORM OR SANDSTORM:
                                                       VSBY 1/2 MILE OR LESS
                                                   8 = SMOKE OR HAZE
[NO. OF DAYS WITH]      [WEATHER - DAYS WITH]      9 = BLOWING SNOW
                                                   X = TORNADO
MAX 32 OR BELOW:   0    0.01 INCH OR MORE:  12
MAX 90 OR ABOVE:  11    0.10 INCH OR MORE:   8
MIN 32 OR BELOW:   0    0.50 INCH OR MORE:   3
MIN  0 OR BELOW:   0    1.00 INCH OR MORE:   0

[HDD (BASE 65) ]
TOTAL THIS MO.     0    CLEAR  (SCALE 0-3)  11
DPTR FM NORMAL     0    PTCLDY (SCALE 4-7)  14
TOTAL FM JUL 1     0    CLOUDY (SCALE 8-10)  1
DPTR FM NORMAL    -3

[CDD (BASE 65) ]
TOTAL THIS MO.   331
DPTR FM NORMAL   151    [PRESSURE DATA]
TOTAL FM JAN 1  1077    HIGHEST SLP M ON M
DPTR FM NORMAL   477    LOWEST  SLP 29.71 ON 21

[REMARKS]
