000
CXUS51 KPHI 270800
CF6PHL
PRELIMINARY LOCAL CLIMATOLOGICAL DATA (WS FORM: F-6)

                                          STATION:   PHILADELPHIA PA
                                          MONTH:     SEPTEMBER
                                          YEAR:      2016
                                          LATITUDE:   39 52 N
                                          LONGITUDE:  75 15 W

  TEMPERATURE IN F:       :PCPN:    SNOW:  WIND      :SUNSHINE: SKY     :PK WND
================================================================================
1   2   3   4   5  6A  6B    7    8   9   10  11  12  13   14  15   16   17  18
                                     12Z  AVG MX 2MIN
DY MAX MIN AVG DEP HDD CDD  WTR  SNW DPTH SPD SPD DIR MIN PSBL S-S WX    SPD DR
================================================================================

 1  81  70  76   2   0  11 0.47  0.0    0  7.2 17 220   M    M   8 13     23 340
 2  83  64  74   0   0   9 0.00  0.0    0  7.9 15  40   M    M   6        24 340
 3  79  67  73  -1   0   8 0.00  0.0    0 11.9 24  80   M    M   8        31  80
 4  82  63  73   0   0   8 0.00  0.0    0  8.3 17  40   M    M   7        23  10
 5  86  63  75   2   0  10 0.00  0.0    0  7.2 14 340   M    M   7        22 360
 6  88  72  80   7   0  15 0.00  0.0    0 16.1 24 340   M    M   5        34 340
 7  91  72  82  10   0  17 0.00  0.0    0  8.3 15  10   M    M   4        25 300
 8  95  71  83  11   0  18 0.00  0.0    0  7.8 16 240   M    M   7        20 240
 9  95  80  88  16   0  23    T  0.0    0  8.2 15 210   M    M   7        20 240
10  95  77  86  15   0  21 0.00  0.0    0  9.1 17 190   M    M   7 18     22 210
11  85  70  78   7   0  13 0.00  0.0    0 12.1 24 340   M    M   8        31 340
12  84  62  73   2   0   8 0.00  0.0    0  6.1 16 140   M    M   2        22 340
13  85  62  74   4   0   9 0.00  0.0    0  7.2 16 220   M    M   3        22 230
14  92  68  80  10   0  15 0.00  0.0    0  8.8 20  20   M    M   4        27 330
15  80  62  71   1   0   6 0.00  0.0    0  9.2 21  20   M    M   7        26  20
16  80  59  70   1   0   5 0.00  0.0    0  7.2 14 130   M    M   4        19 140
17  83  59  71   2   0   6 0.00  0.0    0  7.5 14 190   M    M   7        18 210
18  87  70  79  11   0  14 0.00  0.0    0  8.5 15 170   M    M   8        20 190
19  76  70  73   5   0   8 1.29  0.0    0  4.5 17  10   M    M  10 13     21 360
20  82  69  76   8   0  11 0.00  0.0    0  4.5 13  10   M    M  10 18     22 330
21  86  68  77  10   0  12 0.00  0.0    0  5.4 15  40   M    M   8        24  20
22  87  62  75   8   0  10 0.00  0.0    0  5.2 10 100   M    M   2        16  50
23  89  63  76  10   0  11 0.00  0.0    0  5.2 12 300   M    M   2        20 210
24  73  59  66   0   0   1 0.00  0.0    0  7.6 20  40   M    M   6        24  40
25  74  53  64  -2   1   0 0.00  0.0    0  7.0 14 360   M    M   2        19 110
26  73  53  63  -2   2   0    T  0.0    0  6.7 15 190   M    M   8        20 200
================================================================================
SM 2191 1708         3 269  1.76     0.0 204.7          M      157
================================================================================
AV 84.3 65.7                               7.9 FASTST   M    M   6    MAX(MPH)
                                 MISC ---->  # 24  80               # 34  340
================================================================================
NOTES:
# LAST OF SEVERAL OCCURRENCES

COLUMN 17 PEAK WIND IN M.P.H.

PRELIMINARY LOCAL CLIMATOLOGICAL DATA (WS FORM: F-6) , PAGE 2

                                          STATION:  PHILADELPHIA PA
                                          MONTH:    SEPTEMBER
                                          YEAR:     2016
                                          LATITUDE:   39 52 N
                                          LONGITUDE:  75 15 W

[TEMPERATURE DATA]      [PRECIPITATION DATA]       SYMBOLS USED IN COLUMN 16

AVERAGE MONTHLY: 75.0   TOTAL FOR MONTH:   1.76    1 = FOG OR MIST
DPTR FM NORMAL:   5.0   DPTR FM NORMAL:   -1.48    2 = FOG REDUCING VISIBILITY
HIGHEST:    95 ON 10, 9 GRTST 24HR  1.29 ON 19-19      TO 1/4 MILE OR LESS
LOWEST:     53 ON 26,25                            3 = THUNDER
                        SNOW, ICE PELLETS, HAIL    4 = ICE PELLETS
                        TOTAL MONTH:   0.0 INCH    5 = HAIL
                        GRTST 24HR     0.0         6 = FREEZING RAIN OR DRIZZLE
                        GRTST DEPTH:   0           7 = DUSTSTORM OR SANDSTORM:
                                                       VSBY 1/2 MILE OR LESS
                                                   8 = SMOKE OR HAZE
[NO. OF DAYS WITH]      [WEATHER - DAYS WITH]      9 = BLOWING SNOW
                                                   X = TORNADO
MAX 32 OR BELOW:   0    0.01 INCH OR MORE:   2
MAX 90 OR ABOVE:   5    0.10 INCH OR MORE:   2
MIN 32 OR BELOW:   0    0.50 INCH OR MORE:   1
MIN  0 OR BELOW:   0    1.00 INCH OR MORE:   1

[HDD (BASE 65) ]
TOTAL THIS MO.     3    CLEAR  (SCALE 0-3)   5
DPTR FM NORMAL   -19    PTCLDY (SCALE 4-7)  16
TOTAL FM JUL 1     3    CLOUDY (SCALE 8-10)  5
DPTR FM NORMAL   -20

[CDD (BASE 65) ]
TOTAL THIS MO.   269
DPTR FM NORMAL   116    [PRESSURE DATA]
TOTAL FM JAN 1  1681    HIGHEST SLP M ON M
DPTR FM NORMAL   411    LOWEST  SLP 29.83 ON M

[REMARKS]
