000
CXUS53 KUNR 230945
CF6PHP
PRELIMINARY LOCAL CLIMATOLOGICAL DATA (WS FORM: F-6)

                                          STATION:   PHILIP SD
                                          MONTH:     MARCH
                                          YEAR:      2017
                                          LATITUDE:   44  3 N
                                          LONGITUDE: 101 36 W

  TEMPERATURE IN F:       :PCPN:    SNOW:  WIND      :SUNSHINE: SKY     :PK WND
================================================================================
1   2   3   4   5  6A  6B    7    8   9   10  11  12  13   14  15   16   17  18
                                     12Z  AVG MX 2MIN
DY MAX MIN AVG DEP HDD CDD  WTR  SNW DPTH SPD SPD DIR MIN PSBL S-S WX    SPD DR
================================================================================

 1  41  11  26  -3  39   0    T    M    M 10.3 23 310   M    M   6 18     28 310
 2  42  23  33   3  32   0 0.00    M    M 10.8 25 320   M    M   5        32 320
 3  61  18  40  10  25   0 0.00    M    M  5.3 13 340   M    M   1        18 360
 4  71  23  47  17  18   0 0.00    M    M 11.5 29 230   M    M   0        36 230
 5  74  34  54  23  11   0 0.00    M    M 10.6 22 180   M    M   0        26 220
 6  52  29  41  10  24   0    T    M    M 21.4 40 310   M    M   4        51 310
 7  47  23  35   4  30   0    T    M    M 20.4 44 290   M    M   1        56 300
 8  48  17  33   1  32   0 0.00    M    M 10.0 24  40   M    M   3        28  40
 9  32  15  24  -8  41   0 0.01    M    M 11.2 17  60   M    M   8        21  50
10  20  10  15 -17  50   0 0.05    M    M 17.2 26  90   M    M   9 1      31  80
11  22  14  18 -15  47   0    T    M    M  9.2 18  90   M    M  10 1      21 120
12  30   8  19 -14  46   0    T    M    M 15.0 24 350   M    M   9 1      30 350
13  23   3  13 -21  52   0 0.03    M    M  9.3 17 120   M    M   8 1      22 120
14  40  18  29  -5  36   0 0.03    M    M 10.5 17 100   M    M   7 1      23 120
15  65  23  44  10  21   0    T    M    M  6.2 15 100   M    M   4 1      18 110
16  76  27  52  17  13   0 0.03    M    M  8.0 29 330   M    M   2        37 330
17  58  23  41   6  24   0    T    M    M 11.9 30 330   M    M   0        40 340
18  74  20  47  11  18   0 0.00    M    M 10.6 24 150   M    M   0        30 150
19  76  33  55  19  10   0 0.00    M    M 11.8 26  60   M    M   0        32  60
20  58  30  44   8  21   0    T    M    M  8.8 22  40   M    M   4        27  40
21  41  30  36  -1  29   0 0.13    M    M 13.3 21  70   M    M  10 1      25  70
22  69  29  49  12  16   0    T    M    M 15.0 30 170   M    M   3        37 180
================================================================================
SM 1120  461       635   0  0.28    M    258.3          M       94
================================================================================
AV 50.9 21.0                              11.7 FASTST   M    M   4    MAX(MPH)
                                 MISC ---->  # 44 290               # 56  300
================================================================================
NOTES:
# LAST OF SEVERAL OCCURRENCES

COLUMN 17 PEAK WIND IN M.P.H.

PRELIMINARY LOCAL CLIMATOLOGICAL DATA (WS FORM: F-6) , PAGE 2

                                          STATION:  PHILIP SD
                                          MONTH:    MARCH
                                          YEAR:     2017
                                          LATITUDE:   44  3 N
                                          LONGITUDE: 101 36 W

[TEMPERATURE DATA]      [PRECIPITATION DATA]       SYMBOLS USED IN COLUMN 16

AVERAGE MONTHLY: 35.9   TOTAL FOR MONTH:   0.28    1 = FOG OR MIST
DPTR FM NORMAL:   2.8   DPTR FM NORMAL:   -0.63    2 = FOG REDUCING VISIBILITY
HIGHEST:    76 ON 19,16 GRTST 24HR  0.13 ON 21-21      TO 1/4 MILE OR LESS
LOWEST:      3 ON 13                               3 = THUNDER
                        SNOW, ICE PELLETS, HAIL    4 = ICE PELLETS
                        TOTAL MONTH:    M          5 = HAIL
                        GRTST 24HR    M  ON   M    6 = FREEZING RAIN OR DRIZZLE
                        GRTST DEPTH:  M  ON   M    7 = DUSTSTORM OR SANDSTORM:
                                                       VSBY 1/2 MILE OR LESS
                                                   8 = SMOKE OR HAZE
[NO. OF DAYS WITH]      [WEATHER - DAYS WITH]      9 = BLOWING SNOW
                                                   X = TORNADO
MAX 32 OR BELOW:   5    0.01 INCH OR MORE:   6
MAX 90 OR ABOVE:   0    0.10 INCH OR MORE:   1
MIN 32 OR BELOW:  20    0.50 INCH OR MORE:   0
MIN  0 OR BELOW:   0    1.00 INCH OR MORE:   0

[HDD (BASE 65) ]
TOTAL THIS MO.   635    CLEAR  (SCALE 0-3)   9
DPTR FM NORMAL   -68    PTCLDY (SCALE 4-7)   8
TOTAL FM JUL 1  5695    CLOUDY (SCALE 8-10)  5
DPTR FM NORMAL  -373

[CDD (BASE 65) ]
TOTAL THIS MO.     0
DPTR FM NORMAL     0    [PRESSURE DATA]
TOTAL FM JAN 1     0    HIGHEST SLP M ON M
DPTR FM NORMAL     0    LOWEST  SLP 28.88 ON  6

[REMARKS]
