000
CXUS53 KILX 310900
CF6PIA
PRELIMINARY LOCAL CLIMATOLOGICAL DATA (WS FORM: F-6)

                                          STATION:   PEORIA IL
                                          MONTH:     AUGUST
                                          YEAR:      2016
                                          LATITUDE:   40 40 N
                                          LONGITUDE:  89 41 W

  TEMPERATURE IN F:       :PCPN:    SNOW:  WIND      :SUNSHINE: SKY     :PK WND
================================================================================
1   2   3   4   5  6A  6B    7    8   9   10  11  12  13   14  15   16   17  18
                                     12Z  AVG MX 2MIN
DY MAX MIN AVG DEP HDD CDD  WTR  SNW DPTH SPD SPD DIR MIN PSBL S-S WX    SPD DR
================================================================================

 1  86  70  78   3   0  13 0.00  0.0    0  6.8 12 100   M    M   4        17 170
 2  84  72  78   3   0  13    T  0.0    0  5.0 16 230   M    M   2 13     20 240
 3  89  72  81   6   0  16 0.00  0.0    0  4.9 13 160   M    M   2 1      19 160
 4  89  70  80   5   0  15 0.13  0.0    0  6.7 22 330   M    M   1 13     29 340
 5  85  70  78   3   0  13 0.39  0.0    0  7.1 20 270   M    M   3 13     25 300
 6  83  65  74  -1   0   9 0.00  0.0    0  4.0 10 330   M    M   1        14 330
 7  84  62  73  -1   0   8 0.00  0.0    0  2.6  8  50   M    M   2        14  60
 8  85  69  77   3   0  12 0.00  0.0    0  5.3 14 160   M    M   2        19 150
 9  87  70  79   5   0  14 0.00  0.0    0  3.5  9 160   M    M   6        12 190
10  90  70  80   6   0  15 0.00  0.0    0  3.4 13 170   M    M   1        17 170
11  93  74  84  10   0  19 0.00  0.0    0  8.7 18 200   M    M   1 1      23 200
12  87  73  80   6   0  15 1.98  0.0    0  6.5 17 190   M    M   8 13     20 200
13  83  70  77   3   0  12    T  0.0    0  6.5 14 270   M    M   7 1      18 320
14  86  64  75   1   0  10 0.00  0.0    0  2.9 12  80   M    M   1 1      14  90
15  80  68  74   0   0   9 0.32  0.0    0  6.6 16  60   M    M   8 1      20  60
16  86  69  78   4   0  13 0.03  0.0    0  3.5  9 280   M    M   3 1      13 330
17  87  69  78   4   0  13 0.00  0.0    0  5.6 14 240   M    M   2 1      16 250
18  89  71  80   6   0  15 0.00  0.0    0  8.1 23  50   M    M   1        34  50
19  87  68  78   4   0  13 0.09  0.0    0  7.8 18 180   M    M   2 3      27  30
20  80  63  72  -2   0   7 0.61  0.0    0  9.2 28 230   M    M   4 138    35 230
21  77  58  68  -6   0   3 0.00  0.0    0  5.5 14 290   M    M   1        18 290
22  80  56  68  -5   0   3 0.00  0.0    0  4.2 12 190   M    M   1        15 210
23  82  61  72  -1   0   7 0.00  0.0    0 10.2 20 170   M    M   4        23 180
24  87  66  77   4   0  12 1.33  0.0    0  9.5 45 280   M    M   6 13     64 280
25  82  69  76   3   0  11 0.46  0.0    0  4.8 25 220   M    M   6 13     30 220
26  81  68  75   2   0  10 0.13  0.0    0  5.9 13  70   M    M   3 1      16  70
27  85  70  78   5   0  13 0.90  0.0    0  5.1 14 180   M    M   4 13     16 200
28  88  70  79   7   0  14    T  0.0    0  4.7 21  70   M    M   1 13     28  70
29  89  69  79   7   0  14 0.32  0.0    0  4.0 10 120   M    M   2 1      13 150
30  82  70  76   4   0  11 0.76  0.0    0  5.2 14 220   M    M   3 13     17 220
================================================================================
SM 2553 2036         0 352  7.45     0.0 173.8          M       92
================================================================================
AV 85.1 67.9                               5.8 FASTST   M    M   3    MAX(MPH)
                                 MISC ---->  # 45 280               # 64  280
================================================================================
NOTES:
# LAST OF SEVERAL OCCURRENCES

COLUMN 17 PEAK WIND IN M.P.H.

PRELIMINARY LOCAL CLIMATOLOGICAL DATA (WS FORM: F-6) , PAGE 2

                                          STATION:  PEORIA IL
                                          MONTH:    AUGUST
                                          YEAR:     2016
                                          LATITUDE:   40 40 N
                                          LONGITUDE:  89 41 W

[TEMPERATURE DATA]      [PRECIPITATION DATA]       SYMBOLS USED IN COLUMN 16

AVERAGE MONTHLY: 76.5   TOTAL FOR MONTH:   7.45    1 = FOG OR MIST
DPTR FM NORMAL:   2.7   DPTR FM NORMAL:    4.32    2 = FOG REDUCING VISIBILITY
HIGHEST:    93 ON 11    GRTST 24HR  1.98 ON 12-12      TO 1/4 MILE OR LESS
LOWEST:     56 ON 22                               3 = THUNDER
                        SNOW, ICE PELLETS, HAIL    4 = ICE PELLETS
                        TOTAL MONTH:   0.0 INCH    5 = HAIL
                        GRTST 24HR     0.0         6 = FREEZING RAIN OR DRIZZLE
                        GRTST DEPTH:   0           7 = DUSTSTORM OR SANDSTORM:
                                                       VSBY 1/2 MILE OR LESS
                                                   8 = SMOKE OR HAZE
[NO. OF DAYS WITH]      [WEATHER - DAYS WITH]      9 = BLOWING SNOW
                                                   X = TORNADO
MAX 32 OR BELOW:   0    0.01 INCH OR MORE:  13
MAX 90 OR ABOVE:   2    0.10 INCH OR MORE:  11
MIN 32 OR BELOW:   0    0.50 INCH OR MORE:   5
MIN  0 OR BELOW:   0    1.00 INCH OR MORE:   2

[HDD (BASE 65) ]
TOTAL THIS MO.     0    CLEAR  (SCALE 0-3)  18
DPTR FM NORMAL     0    PTCLDY (SCALE 4-7)  12
TOTAL FM JUL 1     4    CLOUDY (SCALE 8-10)  0
DPTR FM NORMAL     3

[CDD (BASE 65) ]
TOTAL THIS MO.   352
DPTR FM NORMAL    82    [PRESSURE DATA]
TOTAL FM JAN 1  1149    HIGHEST SLP M ON M
DPTR FM NORMAL   248    LOWEST  SLP 29.66 ON 20

[REMARKS]
