000
CXUS55 KPIH 201200
CF6PIH

PRELIMINARY LOCAL CLIMATOLOGICAL DATA (WS FORM: F-6)

                                          STATION:   POCATELLO ID
                                          MONTH:     JANUARY
                                          YEAR:      2017
                                          LATITUDE:   42 55 N
                                          LONGITUDE: 112 36 W

  TEMPERATURE IN F:       :PCPN:    SNOW:  WIND      :SUNSHINE: SKY     :PK WND
================================================================================
1   2   3   4   5  6A  6B    7    8   9   10  11  12  13   14  15   16   17  18
                                     12Z  AVG MX 2MIN
DY MAX MIN AVG DEP HDD CDD  WTR  SNW DPTH SPD SPD DIR MIN PSBL S-S WX    SPD DR
================================================================================

 1  25   9  17  -7  48   0    T    T    9  4.3 13 340   M    M  10 18     14 330
 2  19   2  11 -13  54   0 0.07  1.7    9  4.8 12  20   M    M   7 1      13  20
 3  17  -3   7 -17  58   0 0.13  2.5   10  4.0 13  30   M    M   8 18     14  30
 4  20   4  12 -12  53   0 0.37  5.4   13 15.7 30  30   M    M  10 129    35  40
 5   5 -19  -7 -31  72   0 0.00  0.0   16  7.8 17  50   M    M   0        21  50
 6   4 -22  -9 -33  74   0 0.00  0.0   15  4.0 12  20   M    M   2 128    12  30
 7  18 -16   1 -23  64   0 0.12  1.3   13  5.6 14  10   M    M   5 1      16 360
 8  41  18  30   6  35   0 0.19  1.0   14 12.8 37 180   M    M  10 16     46 180
 9  42  28  35  11  30   0 0.28  0.3    9 19.7 35 180   M    M   9 1      51 210
10  38  28  33   9  32   0 0.36  0.9    8 17.0 29 250   M    M   9 1      39 200
11  40  29  35  11  30   0 0.16  0.3    5 22.5 36 230   M    M   6 1      41 230
12  30   9  20  -4  45   0 0.00  0.0    4  5.8 24 210   M    M   0 1      29 210
13  20   4  12 -12  53   0 0.00  0.0    4  3.0  8 280   M    M   4 12      9 280
14  18   0   9 -15  56   0 0.00  0.0    4  3.0 10  30   M    M   3 12     12  30
15  16  -1   8 -16  57   0    T    T    4  5.8 12 240   M    M   1 128    13 230
16  12  -3   5 -19  60   0    T  0.5    4  2.7  8 320   M    M   5 18     10  10
17  17  -4   7 -17  58   0    T    T    4  4.6 14  10   M    M   3 18     17  10
18  25   0  13 -11  52   0 0.03  0.3    4  4.6 13 360   M    M   3 1      14  70
19  38  22  30   6  35   0 0.27  3.3    7  7.8 17 210   M    M   9 18     23 180
================================================================================
SM  445   85       966   0  1.98    17.5 155.5          M      104
================================================================================
AV 23.4  4.5                               8.2 FASTST   M    M   5    MAX(MPH)
                                 MISC ---->  # 37 180               # 51  210
================================================================================
NOTES:
# LAST OF SEVERAL OCCURRENCES
SNOWFALL/DEPTH ALWAYS AUGMENTED BY WFO POCATELLO

COLUMN 17 PEAK WIND IN M.P.H.

PRELIMINARY LOCAL CLIMATOLOGICAL DATA (WS FORM: F-6) , PAGE 2

                                          STATION:  POCATELLO ID
                                          MONTH:    JANUARY
                                          YEAR:     2017
                                          LATITUDE:   42 55 N
                                          LONGITUDE: 112 36 W

[TEMPERATURE DATA]      [PRECIPITATION DATA]       SYMBOLS USED IN COLUMN 16

AVERAGE MONTHLY: 13.9   TOTAL FOR MONTH:   1.98    1 = FOG OR MIST
DPTR FM NORMAL: -10.1   DPTR FM NORMAL:    1.33    2 = FOG REDUCING VISIBILITY
HIGHEST:    42 ON  9    GRTST 24HR  0.47 ON  3- 4      TO 1/4 MILE OR LESS
LOWEST:    -22 ON  6                               3 = THUNDER
                        SNOW, ICE PELLETS, HAIL    4 = ICE PELLETS
                        TOTAL MONTH:  17.5 INCHES  5 = HAIL
                        GRTST 24HR   5.4 ON   M    6 = FREEZING RAIN OR DRIZZLE
                        GRTST DEPTH:  16 ON  5     7 = DUSTSTORM OR SANDSTORM:
                                                       VSBY 1/2 MILE OR LESS
                                                   8 = SMOKE OR HAZE
[NO. OF DAYS WITH]      [WEATHER - DAYS WITH]      9 = BLOWING SNOW
                                                   X = TORNADO
MAX 32 OR BELOW:  14    0.01 INCH OR MORE:  10
MAX 90 OR ABOVE:   0    0.10 INCH OR MORE:   8
MIN 32 OR BELOW:  19    0.50 INCH OR MORE:   0
MIN  0 OR BELOW:   9    1.00 INCH OR MORE:   0

[HDD (BASE 65) ]
TOTAL THIS MO.   966    CLEAR  (SCALE 0-3)   7
DPTR FM NORMAL   187    PTCLDY (SCALE 4-7)   6
TOTAL FM JUL 1  3798    CLOUDY (SCALE 8-10)  6
DPTR FM NORMAL    34

[CDD (BASE 65) ]
TOTAL THIS MO.     0
DPTR FM NORMAL     0    [PRESSURE DATA]
TOTAL FM JAN 1     0    HIGHEST SLP M ON M
DPTR FM NORMAL     0    LOWEST  SLP 29.39 ON 11

[REMARKS]
