000
CXUS51 KPBZ 170904
CF6PIT
PRELIMINARY LOCAL CLIMATOLOGICAL DATA (WS FORM: F-6)

                                          STATION:   PITTSBURGH PA
                                          MONTH:     FEBRUARY
                                          YEAR:      2018
                                          LATITUDE:   40 30 N
                                          LONGITUDE:  80 13 W

  TEMPERATURE IN F:       :PCPN:    SNOW:  WIND      :SUNSHINE: SKY     :PK WND
================================================================================
1   2   3   4   5  6A  6B    7    8   9   10  11  12  13   14  15   16   17  18
                                     12Z  AVG MX 2MIN
DY MAX MIN AVG DEP HDD CDD  WTR  SNW DPTH SPD SPD DIR MIN PSBL S-S WX    SPD DR
================================================================================

 1  45  26  36   7  29   0 0.19  0.9    0 11.5 23 320   M    M  10 1      32 270
 2  26  11  19 -10  46   0 0.04  0.9    2 14.3 26 290   M    M   9        33 270
 3  34  10  22  -7  43   0 0.00  0.0    1  8.0 15 210   M    M   8        20 220
 4  38  26  32   3  33   0 0.11  1.0    1  8.7 30 330   M    M  10 1      37 330
 5  26  14  20 -10  45   0 0.01  0.5    1 10.4 29 320   M    M   9 1      34 330
 6  28  22  25  -5  40   0    T  0.2    1  4.0 12 280   M    M  10 1      13 270
 7  31  19  25  -5  40   0 0.59  2.6    4  9.4 20 300   M    M  10 146    23 300
 8  25  15  20 -10  45   0 0.01  0.3    3  7.1 16 230   M    M   8 1      23 230
 9  40  15  28  -2  37   0 0.00  0.0    3  4.0 10 150   M    M  10 18     13 150
10  49  33  41  11  24   0 0.12  0.0    1  2.5 10 340   M    M  10 1      14 340
11  56  32  44  14  21   0 0.27    T    1  6.9 25 320   M    M   9 12     30 300
12  35  22  29  -1  36   0 0.13  1.3    1  8.6 16 300   M    M   8 1      20 300
13  41  17  29  -2  36   0 0.00  0.0    T  5.1 12 120   M    M   8        15 100
14  51  39  45  14  20   0 0.38  0.0    0  4.9 14 240   M    M  10 1      19 240
15  62  49  56  25   9   0 1.79  0.0    0  9.2 21 240   M    M   8 13     30 270
16  61  29  45  14  20   0 0.78  0.0    0 10.7 25 310   M    M  10 1      29 320
================================================================================
SM  648  379       524   0  4.42     7.7 125.3          M      147
================================================================================
AV 40.5 23.7                               7.8 FASTST   M    M   9    MAX(MPH)
                                 MISC ---->  # 30 330               # 37  330
================================================================================
NOTES:
# LAST OF SEVERAL OCCURRENCES

COLUMN 17 PEAK WIND IN M.P.H.

PRELIMINARY LOCAL CLIMATOLOGICAL DATA (WS FORM: F-6) , PAGE 2

                                          STATION:  PITTSBURGH PA
                                          MONTH:    FEBRUARY
                                          YEAR:     2018
                                          LATITUDE:   40 30 N
                                          LONGITUDE:  80 13 W

[TEMPERATURE DATA]      [PRECIPITATION DATA]       SYMBOLS USED IN COLUMN 16

AVERAGE MONTHLY: 32.1   TOTAL FOR MONTH:   4.42    1 = FOG OR MIST
DPTR FM NORMAL:   2.1   DPTR FM NORMAL:    3.05    2 = FOG REDUCING VISIBILITY
HIGHEST:    62 ON 15    GRTST 24HR  1.79 ON 15-15      TO 1/4 MILE OR LESS
LOWEST:     10 ON  3                               3 = THUNDER
                        SNOW, ICE PELLETS, HAIL    4 = ICE PELLETS
                        TOTAL MONTH:   7.7 INCHES  5 = HAIL
                        GRTST 24HR   2.6 ON  7- 7  6 = FREEZING RAIN OR DRIZZLE
                        GRTST DEPTH:   4 ON  7     7 = DUSTSTORM OR SANDSTORM:
                                                       VSBY 1/2 MILE OR LESS
                                                   8 = SMOKE OR HAZE
[NO. OF DAYS WITH]      [WEATHER - DAYS WITH]      9 = BLOWING SNOW
                                                   X = TORNADO
MAX 32 OR BELOW:   5    0.01 INCH OR MORE:  12
MAX 90 OR ABOVE:   0    0.10 INCH OR MORE:   9
MIN 32 OR BELOW:  13    0.50 INCH OR MORE:   3
MIN  0 OR BELOW:   0    1.00 INCH OR MORE:   1

[HDD (BASE 65) ]
TOTAL THIS MO.   524    CLEAR  (SCALE 0-3)   0
DPTR FM NORMAL   -37    PTCLDY (SCALE 4-7)   3
TOTAL FM JUL 1  3801    CLOUDY (SCALE 8-10) 13
DPTR FM NORMAL   -69

[CDD (BASE 65) ]
TOTAL THIS MO.     0
DPTR FM NORMAL     0    [PRESSURE DATA]
TOTAL FM JAN 1     0    HIGHEST SLP M ON M
DPTR FM NORMAL     0    LOWEST  SLP 29.63 ON 15

[REMARKS]
