000
CXUS55 KLOX 291655
CF6PMD
PRELIMINARY LOCAL CLIMATOLOGICAL DATA (WS FORM: F-6)

                                          STATION:   PALMDALE AIRPORT CA
                                          MONTH:     JUNE
                                          YEAR:      2017
                                          LATITUDE:   34 37 N
                                          LONGITUDE: 118  5 W

  TEMPERATURE IN F:       :PCPN:    SNOW:  WIND      :SUNSHINE: SKY     :PK WND
================================================================================
1   2   3   4   5  6A  6B    7    8   9   10  11  12  13   14  15   16   17  18
                                     12Z  AVG MX 2MIN
DY MAX MIN AVG DEP HDD CDD  WTR  SNW DPTH SPD SPD DIR MIN PSBL S-S WX    SPD DR
================================================================================

 1  87  54  71  -1   0   6 0.00  0.0    0  9.3  M 300   M    M   0         M 210
 2  96  57  77   5   0  12 0.00  0.0    0  7.1  M   M   M    M   0         M  M
 3  96  62  79   7   0  14 0.00  0.0    0 10.4  M   M   M    M   0         M  M
 4  94  64  79   7   0  14 0.00  0.0    0 12.9  M 230   M    M   0         M 220
 5  96  61  79   6   0  14 0.00  0.0    0  9.0  M 230   M    M   0         M  M
 6  97  60  79   6   0  14 0.00  0.0    0 10.4  M 240   M    M   0         M 240
 7  93  63  78   5   0  13 0.00  0.0    0 12.8  M 220   M    M   0         M 250
 8  85  61  73   0   0   8 0.00  0.0    0 13.4 24 240   M    M   0        32 210
 9  81  62  72  -1   0   7 0.00  0.0    0 17.3 32 230   M    M   0        41 230
10  74  58  66  -8   0   1 0.00  0.0    0 16.9 28 280   M    M   0        38 280
11  70  53  62 -12   3   0 0.00  0.0    0 19.6 32 220   M    M   2        42 220
12  75  47  61 -13   4   0 0.00  0.0    0 20.5 36 300   M    M   0         M  M
13  86  51  69  -5   0   4 0.00  0.0    0  6.7 20 310   M    M   0        25 320
14  95  53  74   0   0   9 0.00  0.0    0  5.4 23 250   M    M   0        29 230
15  99  58  79   4   0  14 0.00  0.0    0  9.2 22 250   M    M   0        30 260
16 102  58  80   5   0  15 0.00  0.0    0  7.8 24 230   M    M   0        31 220
17 105  68  87  12   0  22 0.00  0.0    0  9.1 24 240   M    M   0        29 230
18 108  71  90  14   0  25 0.00  0.0    0  9.4 24 230   M    M   0        30 220
19 108  71  90  14   0  25 0.00  0.0    0  9.9 25 220   M    M   0        31 220
20 107  73  90  14   0  25 0.00  0.0    0 12.3 25 250   M    M   0        30 220
21 105  76  91  15   0  26 0.00  0.0    0 11.4 26 230   M    M   0        33 260
22 104  74  89  13   0  24 0.00  0.0    0 12.3 29 230   M    M   0        34 230
23 109  74  92  15   0  27 0.00  0.0    0 10.8 24 240   M    M   0        31 220
24 109  76  93  16   0  28 0.00  0.0    0 10.1 28 290   M    M   0        35 220
25 106  67  87  10   0  22 0.00  0.0    0 12.6 26 290   M    M   0        37 290
26 103  69  86   9   0  21 0.00  0.0    0 14.0 35 240   M    M   0        43 220
27  97  65  81   3   0  16 0.00  0.0    0 14.0 26 230   M    M   0        32 250
28  97  68  83   5   0  18 0.00  0.0    0 13.6 23 250   M    M   0        31 230
================================================================================
SM 2684 1774         7 424  0.00     0.0 328.3          M        2
================================================================================
AV 95.9 63.4                              11.7 FASTST   M    M   0    MAX(MPH)
                                 MISC ---->  # 36 300                 43    M
================================================================================
NOTES:
# LAST OF SEVERAL OCCURRENCES

COLUMN 17 PEAK WIND IN M.P.H.

PRELIMINARY LOCAL CLIMATOLOGICAL DATA (WS FORM: F-6) , PAGE 2

                                          STATION:  PALMDALE AIRPORT CA
                                          MONTH:    JUNE
                                          YEAR:     2017
                                          LATITUDE:   34 37 N
                                          LONGITUDE: 118  5 W

[TEMPERATURE DATA]      [PRECIPITATION DATA]       SYMBOLS USED IN COLUMN 16

AVERAGE MONTHLY: 79.6   TOTAL FOR MONTH:   0.00    1 = FOG OR MIST
DPTR FM NORMAL:   4.9   DPTR FM NORMAL:   -0.09    2 = FOG REDUCING VISIBILITY
HIGHEST:   109 ON 24,23 GRTST 24HR  0.00 ON 28-28      TO 1/4 MILE OR LESS
LOWEST:     47 ON 12                               3 = THUNDER
                        SNOW, ICE PELLETS, HAIL    4 = ICE PELLETS
                        TOTAL MONTH:   0.0 INCH    5 = HAIL
                        GRTST 24HR     0.0         6 = FREEZING RAIN OR DRIZZLE
                        GRTST DEPTH:   0           7 = DUSTSTORM OR SANDSTORM:
                                                       VSBY 1/2 MILE OR LESS
                                                   8 = SMOKE OR HAZE
[NO. OF DAYS WITH]      [WEATHER - DAYS WITH]      9 = BLOWING SNOW
                                                   X = TORNADO
MAX 32 OR BELOW:   0    0.01 INCH OR MORE:   0
MAX 90 OR ABOVE:  21    0.10 INCH OR MORE:   0
MIN 32 OR BELOW:   0    0.50 INCH OR MORE:   0
MIN  0 OR BELOW:   0    1.00 INCH OR MORE:   0

[HDD (BASE 65) ]
TOTAL THIS MO.     7    CLEAR  (SCALE 0-3)  28
DPTR FM NORMAL     1    PTCLDY (SCALE 4-7)   0
TOTAL FM JUL 1  2331    CLOUDY (SCALE 8-10)  0
DPTR FM NORMAL  -593

[CDD (BASE 65) ]
TOTAL THIS MO.   424
DPTR FM NORMAL   145    [PRESSURE DATA]
TOTAL FM JAN 1   605    HIGHEST SLP M ON M
DPTR FM NORMAL   156    LOWEST  SLP 29.64 ON 21

[REMARKS]
