203
CXUS52 KMFL 221000
CF6PMP
PRELIMINARY LOCAL CLIMATOLOGICAL DATA (WS FORM: F-6)

                                          STATION:   POMPANO BEACH ARPK
                                          MONTH:     OCTOBER
                                          YEAR:      2017
                                          LATITUDE:   26 14 N
                                          LONGITUDE:  80  7 W

  TEMPERATURE IN F:       :PCPN:    SNOW:  WIND      :SUNSHINE: SKY     :PK WND
================================================================================
1   2   3   4   5  6A  6B    7    8   9   10  11  12  13   14  15   16   17  18
                                     12Z  AVG MX 2MIN
DY MAX MIN AVG DEP HDD CDD  WTR  SNW DPTH SPD SPD DIR MIN PSBL S-S WX    SPD DR
================================================================================

 1  85  74  80  -1   0  15 0.40  0.0    0 10.1 28 110   M    M   5 18     34 110
 2  86  79  83   2   0  18 0.02  0.0    0 17.5 24  70   M    M   6 1      32  60
 3  88  78  83   2   0  18 0.34  0.0    0 20.2 30  90   M    M   7 138    39  80
 4  86  77  82   2   0  17 0.04  0.0    0 21.5 32  80   M    M   6 18     42  70
 5  84  75  80   0   0  15 0.22  0.0    0 14.8 26  90   M    M   7 18     35 100
 6  87  81  84   4   0  19 0.00  0.0    0 11.1 18 140   M    M   5        24 140
 7  88  82  85   5   0  20 0.00  0.0    0 12.9 18 140   M    M   4        23 120
 8  88  79  84   4   0  19 0.14  0.0    0  8.8 15 120   M    M   3 1      31 110
 9  88  80  84   4   0  19 0.06  0.0    0 10.6 18  90   M    M   4 8      23 100
10  89  82  86   6   0  21    T  0.0    0 13.7 20  90   M    M   3 8      25 100
11  88  78  83   3   0  18 0.06  0.0    0 14.3 24  80   M    M   3 8      34  90
12  86  78  82   3   0  17 0.23  0.0    0 13.7 24  50   M    M   6 138    30  40
13  87  76  82   3   0  17 0.73  0.0    0  8.8 22 100   M    M   5 18     26  90
14  87  76  82   3   0  17 0.14  0.0    0  9.7 21  50   M    M   4 1      25  50
15  87  78  83   4   0  18    T  0.0    0  7.1 14  90   M    M   2        16  90
16  87  78  83   4   0  18 0.00  0.0    0  5.9 14  30   M    M   3 8      17  50
17  88  75  82   3   0  17 0.04  0.0    0  6.7 15  50   M    M   2 18     19  30
18  86  76  81   3   0  16 0.51  0.0    0  7.7 16  30   M    M   4 138    23  40
19  86  75  81   3   0  16 0.19  0.0    0  9.0 21  70   M    M   5 1      26  50
20  86  80  83   5   0  18 0.02  0.0    0 14.9 24  80   M    M   7        31  80
21  86  80  83   5   0  18 0.01  0.0    0 16.9 24  70   M    M   7 8      31  90
================================================================================
SM 1823 1637         0 371  3.15     0.0 255.9          M       98
================================================================================
AV 86.8 78.0                              12.2 FASTST   M    M   5    MAX(MPH)
                                 MISC ---->  # 32  80               # 42   70
================================================================================
NOTES:
# LAST OF SEVERAL OCCURRENCES

COLUMN 17 PEAK WIND IN M.P.H.

PRELIMINARY LOCAL CLIMATOLOGICAL DATA (WS FORM: F-6) , PAGE 2

                                          STATION:  POMPANO BEACH ARPK
                                          MONTH:    OCTOBER
                                          YEAR:     2017
                                          LATITUDE:   26 14 N
                                          LONGITUDE:  80  7 W

[TEMPERATURE DATA]      [PRECIPITATION DATA]       SYMBOLS USED IN COLUMN 16

AVERAGE MONTHLY: 82.4   TOTAL FOR MONTH:   3.15    1 = FOG OR MIST
DPTR FM NORMAL:   2.9   DPTR FM NORMAL:   -1.06    2 = FOG REDUCING VISIBILITY
HIGHEST:    89 ON 10    GRTST 24HR  0.73 ON 13-13      TO 1/4 MILE OR LESS
LOWEST:     74 ON  1                               3 = THUNDER
                        SNOW, ICE PELLETS, HAIL    4 = ICE PELLETS
                        TOTAL MONTH:   0.0 INCH    5 = HAIL
                        GRTST 24HR     0.0         6 = FREEZING RAIN OR DRIZZLE
                        GRTST DEPTH:   0           7 = DUSTSTORM OR SANDSTORM:
                                                       VSBY 1/2 MILE OR LESS
                                                   8 = SMOKE OR HAZE
[NO. OF DAYS WITH]      [WEATHER - DAYS WITH]      9 = BLOWING SNOW
                                                   X = TORNADO
MAX 32 OR BELOW:   0    0.01 INCH OR MORE:  16
MAX 90 OR ABOVE:   0    0.10 INCH OR MORE:   9
MIN 32 OR BELOW:   0    0.50 INCH OR MORE:   2
MIN  0 OR BELOW:   0    1.00 INCH OR MORE:   0

[HDD (BASE 65) ]
TOTAL THIS MO.     0    CLEAR  (SCALE 0-3)   6
DPTR FM NORMAL     0    PTCLDY (SCALE 4-7)  15
TOTAL FM JUL 1     0    CLOUDY (SCALE 8-10)  0
DPTR FM NORMAL     0

[CDD (BASE 65) ]
TOTAL THIS MO.   371
DPTR FM NORMAL    67    [PRESSURE DATA]
TOTAL FM JAN 1  4343    HIGHEST SLP M ON M
DPTR FM NORMAL   740    LOWEST  SLP 29.83 ON  5

[REMARKS]
