000
CXUS54 KOUN 240700
CF6PNC
PRELIMINARY LOCAL CLIMATOLOGICAL DATA (WS FORM: F-6)

                                          STATION:   PONCA CITY
                                          MONTH:     APRIL
                                          YEAR:      2017
                                          LATITUDE:   36 44 N
                                          LONGITUDE:  97  6 W

  TEMPERATURE IN F:       :PCPN:    SNOW:  WIND      :SUNSHINE: SKY     :PK WND
================================================================================
1   2   3   4   5  6A  6B    7    8   9   10  11  12  13   14  15   16   17  18
                                     12Z  AVG MX 2MIN
DY MAX MIN AVG DEP HDD CDD  WTR  SNW DPTH SPD SPD DIR MIN PSBL S-S WX    SPD DR
================================================================================

 1  69  46  58   4   7   0 0.16  0.0    0 13.8 26  80   M    M   6 18     35  80
 2  65  52  59   5   6   0 0.48  0.0    M  4.6 10  90   M    M   9 1      14 330
 3  70  53  62   8   3   0 0.81  0.0    0  6.3 16 320   M    M   6 1      22 310
 4  58  45  52  -3  13   0 0.44    M    0 13.5 35  30   M    M   9 13     45 280
 5  64  41  53  -2  12   0 0.06    M    0 15.0 35 350   M    M   6        45 340
 6  65  36  51  -4  14   0 0.00  0.0    0  5.4 16 350   M    M   0 8      28  20
 7  74  38  56   0   9   0 0.00  0.0    0 11.2 22 160   M    M   0 1      32 160
 8  83  60  72  16   0   7 0.00  0.0    0 14.4 24 160   M    M   0        32 160
 9  81  67  74  18   0   9 0.00  0.0    0 12.2 18 200   M    M   0        31 190
10  74  46  60   3   5   0 0.00  0.0    0 11.2 23 340   M    M   1        30 340
11  70  38  54  -3  11   0 0.00  0.0    0  6.5 16 100   M    M   0 8      23  80
12  79  46  63   6   2   0 0.00  0.0    0 10.1 23 150   M    M   2 18     29 160
13  76  60  68  10   0   3 0.13  0.0    0  7.9 20 240   M    M   3 1      31 240
14  82  62  72  14   0   7    T  0.0    0 13.4 21 160   M    M   3        41 200
15  83  65  74  16   0   9 0.00  0.0    0 13.0 29 210   M    M   2        44 220
16  78  59  69  11   0   4 1.04  0.0    0  8.3 26  20   M    M   6 13     33  20
17  69  58  64   5   1   0 0.04  0.0    0  6.0 14 130   M    M   8 13     19 120
18  82  56  69  10   0   4 0.00  0.0    0  8.0 20 160   M    M   1        27 160
19  82  63  73  13   0   8 0.00  0.0    0 13.0 25 160   M    M   3        33 160
20  73  60  67   7   0   2 0.01  0.0    0 10.8 26  20   M    M   8 3      34  30
21  60  47  54  -6  11   0 1.18  0.0    0 16.9 33  60   M    M   7 13     43  60
22  59  46  53  -7  12   0    T  0.0    0 12.9 28  30   M    M  10        33  10
23  70  38  54  -7  11   0 0.00  0.0    0  5.0 10 360   M    M   0        14 350
================================================================================
SM 1666 1182       117  53  4.35     0.0 239.4          M       90
================================================================================
AV 72.4 51.4                              10.4 FASTST   M    M   4    MAX(MPH)
                                 MISC ---->  # 35  30               # 45  280
================================================================================
NOTES:
# LAST OF SEVERAL OCCURRENCES

COLUMN 17 PEAK WIND IN M.P.H.

PRELIMINARY LOCAL CLIMATOLOGICAL DATA (WS FORM: F-6) , PAGE 2

                                          STATION:  PONCA CITY
                                          MONTH:    APRIL
                                          YEAR:     2017
                                          LATITUDE:   36 44 N
                                          LONGITUDE:  97  6 W

[TEMPERATURE DATA]      [PRECIPITATION DATA]       SYMBOLS USED IN COLUMN 16

AVERAGE MONTHLY: 61.9   TOTAL FOR MONTH:   4.35    1 = FOG OR MIST
DPTR FM NORMAL:   4.7   DPTR FM NORMAL:    1.86    2 = FOG REDUCING VISIBILITY
HIGHEST:    83 ON 15, 8 GRTST 24HR  1.18 ON 21-21      TO 1/4 MILE OR LESS
LOWEST:     36 ON  6                               3 = THUNDER
                        SNOW, ICE PELLETS, HAIL    4 = ICE PELLETS
                        TOTAL MONTH:   0.0 INCH    5 = HAIL
                        GRTST 24HR     0.0         6 = FREEZING RAIN OR DRIZZLE
                        GRTST DEPTH:   0           7 = DUSTSTORM OR SANDSTORM:
                                                       VSBY 1/2 MILE OR LESS
                                                   8 = SMOKE OR HAZE
[NO. OF DAYS WITH]      [WEATHER - DAYS WITH]      9 = BLOWING SNOW
                                                   X = TORNADO
MAX 32 OR BELOW:   0    0.01 INCH OR MORE:  10
MAX 90 OR ABOVE:   0    0.10 INCH OR MORE:   7
MIN 32 OR BELOW:   0    0.50 INCH OR MORE:   3
MIN  0 OR BELOW:   0    1.00 INCH OR MORE:   2

[HDD (BASE 65) ]
TOTAL THIS MO.   117    CLEAR  (SCALE 0-3)  13
DPTR FM NORMAL   -88    PTCLDY (SCALE 4-7)   7
TOTAL FM JUL 1  3031    CLOUDY (SCALE 8-10)  3
DPTR FM NORMAL  -968

[CDD (BASE 65) ]
TOTAL THIS MO.    53
DPTR FM NORMAL    24    [PRESSURE DATA]
TOTAL FM JAN 1    89    HIGHEST SLP M ON M
DPTR FM NORMAL    53    LOWEST  SLP 29.49 ON  4

[REMARKS]
