000
CXUS55 KALY 170800
CF6POU
PRELIMINARY LOCAL CLIMATOLOGICAL DATA (WS FORM: F-6)

                                          STATION:   POUGHKEEPSIE NY
                                          MONTH:     DECEMBER
                                          YEAR:      2014
                                          LATITUDE:   41 37 N
                                          LONGITUDE:  73 53 W

  TEMPERATURE IN F:       :PCPN:    SNOW:  WIND      :SUNSHINE: SKY     :PK WND
================================================================================
1   2   3   4   5  6A  6B    7    8   9   10  11  12  13   14  15   16   17  18
                                     12Z  AVG MX 2MIN
DY MAX MIN AVG DEP HDD CDD  WTR  SNW DPTH SPD SPD DIR MIN PSBL S-S WX    SPD DR
================================================================================

 1  57  35  46  10  19   0    T    M    M  5.1 14  10   M    M   7 1      20 350
 2  38  29  34  -2  31   0 0.12    M    M  6.1 18  40   M    M   5 18     23  30
 3  44  35  40   4  25   0 0.03    M    M  3.3 15 250   M    M   9 1      20 260
 4  45  24  35   0  30   0 0.00    M    M  5.7 15 280   M    M   0        21 290
 5  38  19  29  -6  36   0 0.31    M    M  1.0  6  20   M    M   6 16      9 350
 6  42  34  38   4  27   0 0.68    M    M  4.0 21  10   M    M  10 1      28  10
 7  38  21  30  -4  35   0 0.00    M    M 15.2 28  10   M    M   3        37  10
 8  29  16  23 -11  42   0 0.00    M    M  5.8 12  70   M    M   5        16  90
 9  40  29  35   2  30   0 1.16    M    M 11.7 24 360   M    M  10 168    38  10
10  40  32  36   3  29   0 0.08    M    M  7.4 21 340   M    M  10 18     28 340
11  36  29  33   0  32   0 0.01    M    M  7.1 17 250   M    M  10 1      26 250
12  38  26  32   0  33   0 0.00    M    M  3.8 12 320   M    M   9        14 280
13  45  27  36   4  29   0 0.00    M    M  2.7 16 320   M    M   4        23 300
14  43  26  35   3  30   0 0.00    M    M  1.0  9 350   M    M   6 1      13 340
15  46  24  35   4  30   0 0.00    M    M  2.3 10  10   M    M   1 1      15 340
16  44  24  34   3  31   0 0.22    M    M  1.9  9 110   M    M   9 18     13  90
================================================================================
SM  663  430       489   0  2.61    M     84.1          M      104
================================================================================
AV 41.4 26.9                               5.3 FASTST   M    M   7    MAX(MPH)
                                 MISC ---->  # 28  10               # 38   10
================================================================================
NOTES:
# LAST OF SEVERAL OCCURRENCES

COLUMN 17 PEAK WIND IN M.P.H.

PRELIMINARY LOCAL CLIMATOLOGICAL DATA (WS FORM: F-6) , PAGE 2

                                          STATION:  POUGHKEEPSIE NY
                                          MONTH:    DECEMBER
                                          YEAR:     2014
                                          LATITUDE:   41 37 N
                                          LONGITUDE:  73 53 W

[TEMPERATURE DATA]      [PRECIPITATION DATA]       SYMBOLS USED IN COLUMN 16

AVERAGE MONTHLY: 34.2   TOTAL FOR MONTH:   2.61    1 = FOG OR MIST
DPTR FM NORMAL:   0.6   DPTR FM NORMAL:    0.72    2 = FOG REDUCING VISIBILITY
HIGHEST:    57 ON  1    GRTST 24HR  1.16 ON  9- 9      TO 1/4 MILE OR LESS
LOWEST:     16 ON  8                               3 = THUNDER
                        SNOW, ICE PELLETS, HAIL    4 = ICE PELLETS
                        TOTAL MONTH:    M          5 = HAIL
                        GRTST 24HR    M  ON   M    6 = FREEZING RAIN OR DRIZZLE
                        GRTST DEPTH:  M  ON   M    7 = DUSTSTORM OR SANDSTORM:
                                                       VSBY 1/2 MILE OR LESS
                                                   8 = SMOKE OR HAZE
[NO. OF DAYS WITH]      [WEATHER - DAYS WITH]      9 = BLOWING SNOW
                                                   X = TORNADO
MAX 32 OR BELOW:   1    0.01 INCH OR MORE:   8
MAX 90 OR ABOVE:   0    0.10 INCH OR MORE:   5
MIN 32 OR BELOW:  13    0.50 INCH OR MORE:   2
MIN  0 OR BELOW:   0    1.00 INCH OR MORE:   1

[HDD (BASE 65) ]
TOTAL THIS MO.   489    CLEAR  (SCALE 0-3)   3
DPTR FM NORMAL   -13    PTCLDY (SCALE 4-7)   6
TOTAL FM JUL 1  1640    CLOUDY (SCALE 8-10)  7
DPTR FM NORMAL  -140

[CDD (BASE 65) ]
TOTAL THIS MO.     0
DPTR FM NORMAL     0    [PRESSURE DATA]
TOTAL FM JAN 1   696    HIGHEST SLP M ON M
DPTR FM NORMAL    24    LOWEST  SLP 29.55 ON M

[REMARKS]
