000
CXUS56 KLOX 181155
CF6PRB
PRELIMINARY LOCAL CLIMATOLOGICAL DATA (WS FORM: F-6)
STATION: PASO ROBLES AIRPORT CA
MONTH: MARCH
YEAR: 2024
LATITUDE: 35 40 N
LONGITUDE: 120 38 W
TEMPERATURE IN F: :PCPN: SNOW: WIND :SUNSHINE: SKY :PK WND
================================================================================
1 2 3 4 5 6A 6B 7 8 9 10 11 12 13 14 15 16 17 18
12Z AVG MX 2MIN
DY MAX MIN AVG DEP HDD CDD WTR SNW DPTH SPD SPD DIR MIN PSBL S-S WX SPD DR
================================================================================
1 59 50 55 3 10 0 0.50 M M 12.3 23 220 M M 10 1 32 210
2 57 48 53 1 12 0 0.33 M M 10.1 23 260 M M 9 1 31 240
3 60 40 50 -2 15 0 0.04 M M 5.6 17 280 M M 7 1 22 280
4 59 39 49 -3 16 0 0.00 M M 4.6 14 310 M M 4 12 19 320
5 65 34 50 -2 15 0 0.00 M M 3.6 14 210 M M 1 17 210
6 59 45 52 0 13 0 0.02 M M 4.7 14 230 M M 9 17 230
7 61 44 53 0 12 0 0.00 M M 8.0 16 330 M M 6 23 340
8 67 35 51 -2 14 0 0.00 M M 4.2 14 130 M M 0 20 120
9 66 41 54 1 11 0 0.00 M M 5.0 13 200 M M 4 1 15 200
10 64 39 52 -1 13 0 0.00 M M 5.1 16 210 M M 4 12 22 220
11 63 37 50 -3 15 0 T M M 5.3 14 200 M M 3 19 200
12 66 43 55 2 10 0 0.01 M M 5.8 20 320 M M 6 25 320
13 66 40 53 0 12 0 0.00 M M 6.3 18 320 M M 2 30 300
14 68 32 50 -3 15 0 0.00 M M 4.6 18 100 M M 0 24 100
15 72 32 52 -2 13 0 0.00 M M 4.0 13 220 M M 0 18 200
16 70 34 52 -2 13 0 0.00 M M 4.0 15 220 M M 0 20 220
17 73 43 58 4 7 0 0.00 M M 3.8 12 320 M M 4 15 320
================================================================================
SM 1095 676 216 0 0.90 M 97.0 M 69
================================================================================
AV 64.4 39.8 5.7 FASTST M M 4 MAX(MPH)
MISC ----> # 23 220 32 210
================================================================================
NOTES:
# LAST OF SEVERAL OCCURRENCES
COLUMN 17 PEAK WIND IN M.P.H.
PRELIMINARY LOCAL CLIMATOLOGICAL DATA (WS FORM: F-6) , PAGE 2
STATION: PASO ROBLES AIRPORT CA
MONTH: MARCH
YEAR: 2024
LATITUDE: 35 40 N
LONGITUDE: 120 38 W
[TEMPERATURE DATA] [PRECIPITATION DATA] SYMBOLS USED IN COLUMN 16
AVERAGE MONTHLY: 52.1 TOTAL FOR MONTH: 0.90 1 = FOG OR MIST
DPTR FM NORMAL: -0.7 DPTR FM NORMAL: -0.61 2 = FOG REDUCING VISIBILITY
HIGHEST: 73 ON 17 GRTST 24HR 0.64 ON 1- 2 TO 1/4 MILE OR LESS
LOWEST: 32 ON 15,14 3 = THUNDER
SNOW, ICE PELLETS, HAIL 4 = ICE PELLETS
TOTAL MONTH: M 5 = HAIL
GRTST 24HR M ON M 6 = FREEZING RAIN OR DRIZZLE
GRTST DEPTH: M ON M 7 = DUSTSTORM OR SANDSTORM:
VSBY 1/2 MILE OR LESS
8 = SMOKE OR HAZE
[NO. OF DAYS WITH] [WEATHER - DAYS WITH] 9 = BLOWING SNOW
X = TORNADO
MAX 32 OR BELOW: 0 0.01 INCH OR MORE: 5
MAX 90 OR ABOVE: 0 0.10 INCH OR MORE: 2
MIN 32 OR BELOW: 2 0.50 INCH OR MORE: 1
MIN 0 OR BELOW: 0 1.00 INCH OR MORE: 0
[HDD (BASE 65) ]
TOTAL THIS MO. 216 CLEAR (SCALE 0-3) 7
DPTR FM NORMAL 8 PTCLDY (SCALE 4-7) 7
TOTAL FM JUL 1 1908 CLOUDY (SCALE 8-10) 3
DPTR FM NORMAL -329
[CDD (BASE 65) ]
TOTAL THIS MO. 0
DPTR FM NORMAL 0 [PRESSURE DATA]
TOTAL FM JAN 1 0 HIGHEST SLP M ON M
DPTR FM NORMAL 0 LOWEST SLP 29.77 ON 15
[REMARKS]