000
CXUS56 KPDT 301032
CF6PSC
PRELIMINARY LOCAL CLIMATOLOGICAL DATA (WS FORM: F-6)

                                          STATION:   PASCO WA
                                          MONTH:     APRIL
                                          YEAR:      2016
                                          LATITUDE:   46 16 N
                                          LONGITUDE: 119  7 W

  TEMPERATURE IN F:       :PCPN:    SNOW:  WIND      :SUNSHINE: SKY     :PK WND
================================================================================
1   2   3   4   5  6A  6B    7    8   9   10  11  12  13   14  15   16   17  18
                                     12Z  AVG MX 2MIN
DY MAX MIN AVG DEP HDD CDD  WTR  SNW DPTH SPD SPD DIR MIN PSBL S-S WX    SPD DR
================================================================================

 1  78  36  57   7   8   0 0.00  0.0    0  2.4 10 140   M    M   0        10 140
 2  79  39  59   8   6   0 0.00  0.0    0  5.6 22 210   M    M   0        26 210
 3  76  37  57   6   8   0 0.00  0.0    0  3.1 12 130   M    M   0        16 130
 4  67  44  56   5   9   0 0.02  0.0    0 16.8 32 220   M    M   4        40 220
 5  64  41  53   2  12   0 0.00  0.0    0  7.7 17 250   M    M   0        22 200
 6  74  34  54   3  11   0 0.00  0.0    0  2.8  9  20   M    M   0        12 130
 7  82  37  60   9   5   0 0.00  0.0    0  5.8 14 350   M    M   0        20 350
 8  81  39  60   8   5   0 0.00  0.0    0  3.2 12 350   M    M   0        14 360
 9  82  43  63  11   2   0 0.00  0.0    0  3.0  8  50   M    M   0        12  10
10  76  40  58   6   7   0 0.00  0.0    0  3.2 10 320   M    M   0        13 310
11  77  50  64  12   1   0 0.00  0.0    0 10.0 17 180   M    M   0        23 180
12  71  53  62  10   3   0 0.05  0.0    0 13.8 23 230   M    M   2        28 210
13  65  44  55   3  10   0    T  0.0    0  9.8 25 210   M    M   4        30 220
14  64  42  53   1  12   0 0.21  0.0    0  8.8 30 280   M    M   7        37 270
15  66  37  52  -1  13   0 0.00  0.0    0  4.1 10 190   M    M   3        17 150
16  71  35  53   0  12   0 0.00  0.0    0  3.7  9 320   M    M   0        13 340
17  80  37  59   6   6   0 0.00  0.0    0  5.8 12 340   M    M   0        15 320
18  83  40  62   9   3   0 0.00  0.0    0  3.9 10  20   M    M   0 1      14 350
19  85  38  62   9   3   0 0.00  0.0    0  3.8  8 360   M    M   0        12 280
20  89  41  65  11   0   0 0.00  0.0    0  4.2 12 280   M    M   0        16 260
21  81  54  68  14   0   3 0.00  0.0    0  5.8 14 190   M    M   0        17 190
22  81  51  66  12   0   1    T  0.0    0  9.9 26 230   M    M   2        32 210
23  75  54  65  11   0   0 0.00  0.0    0 12.7 30 210   M    M   3        39 240
24  70  46  58   4   7   0    T  0.0    0 13.7 26 210   M    M   4        32 210
25  68  32  50  -5  15   0 0.00  0.0    0  5.3 20 230   M    M   1        24 230
26  69  45  57   2   8   0 0.00  0.0    0  6.6 14 210   M    M   5        20 190
27  65  47  56   1   9   0    T  0.0    0  6.6 13 140   M    M   6        15 200
28  75  45  60   4   5   0 0.00  0.0    0  4.4 16 350   M    M   6        18 350
29  66  50  58   2   7   0    T  0.0    0  9.0 18 310   M    M   9        23 320
================================================================================
SM 2160 1231       187   4  0.28     0.0 195.5          M       56
================================================================================
AV 74.5 42.4                               6.7 FASTST   M    M   2    MAX(MPH)
                                 MISC ---->  # 32 220               # 40  220
================================================================================
NOTES:
# LAST OF SEVERAL OCCURRENCES

COLUMN 17 PEAK WIND IN M.P.H.

PRELIMINARY LOCAL CLIMATOLOGICAL DATA (WS FORM: F-6) , PAGE 2

                                          STATION:  PASCO WA
                                          MONTH:    APRIL
                                          YEAR:     2016
                                          LATITUDE:   46 16 N
                                          LONGITUDE: 119  7 W

[TEMPERATURE DATA]      [PRECIPITATION DATA]       SYMBOLS USED IN COLUMN 16

AVERAGE MONTHLY: 58.5   TOTAL FOR MONTH:   0.28    1 = FOG OR MIST
DPTR FM NORMAL:   5.6   DPTR FM NORMAL:   -0.35    2 = FOG REDUCING VISIBILITY
HIGHEST:    89 ON 20    GRTST 24HR  0.21 ON 14-14      TO 1/4 MILE OR LESS
LOWEST:     32 ON 25                               3 = THUNDER
                        SNOW, ICE PELLETS, HAIL    4 = ICE PELLETS
                        TOTAL MONTH:   0.0 INCH    5 = HAIL
                        GRTST 24HR     0.0         6 = FREEZING RAIN OR DRIZZLE
                        GRTST DEPTH:   0           7 = DUSTSTORM OR SANDSTORM:
                                                       VSBY 1/2 MILE OR LESS
                                                   8 = SMOKE OR HAZE
[NO. OF DAYS WITH]      [WEATHER - DAYS WITH]      9 = BLOWING SNOW
                                                   X = TORNADO
MAX 32 OR BELOW:   0    0.01 INCH OR MORE:   3
MAX 90 OR ABOVE:   0    0.10 INCH OR MORE:   1
MIN 32 OR BELOW:   1    0.50 INCH OR MORE:   0
MIN  0 OR BELOW:   0    1.00 INCH OR MORE:   0

[HDD (BASE 65) ]
TOTAL THIS MO.   187    CLEAR  (SCALE 0-3)  20
DPTR FM NORMAL  -167    PTCLDY (SCALE 4-7)   8
TOTAL FM JUL 1  4234    CLOUDY (SCALE 8-10)  1
DPTR FM NORMAL  -581

[CDD (BASE 65) ]
TOTAL THIS MO.     4
DPTR FM NORMAL     4    [PRESSURE DATA]
TOTAL FM JAN 1     4    HIGHEST SLP 30.30 ON 15
DPTR FM NORMAL     4    LOWEST  SLP 29.54 ON 22

[REMARKS]
