000
CXUS56 KPDT 260532
CF6PSC
PRELIMINARY LOCAL CLIMATOLOGICAL DATA (WS FORM: F-6)

                                          STATION:   PASCO WA
                                          MONTH:     MARCH
                                          YEAR:      2017
                                          LATITUDE:   46 16 N
                                          LONGITUDE: 119  7 W

  TEMPERATURE IN F:       :PCPN:    SNOW:  WIND      :SUNSHINE: SKY     :PK WND
================================================================================
1   2   3   4   5  6A  6B    7    8   9   10  11  12  13   14  15   16   17  18
                                     12Z  AVG MX 2MIN
DY MAX MIN AVG DEP HDD CDD  WTR  SNW DPTH SPD SPD DIR MIN PSBL S-S WX    SPD DR
================================================================================

 1  54  41  48   6  17   0 0.00  0.0    0 17.6 32 240   M    M   0        43 230
 2  53  34  44   2  21   0 0.00  0.0    0  6.0 15 200   M    M   2        19 210
 3  58  41  50   8  15   0 0.00  0.0    0  9.8 26 210   M    M   6        33 210
 4  50  34  42  -1  23   0    T  0.0    0  9.2 20 140   M    M   6        24 220
 5  51  31  41  -2  24   0 0.02  0.0    0 11.6 24 220   M    M   4 1      32 230
 6  50  36  43   0  22   0    T  0.0    0 18.0 31 230   M    M   2        36 230
 7  50  35  43  -1  22   0 0.05  0.0    0  8.1 18 240   M    M   9        24 270
 8  51  40  46   2  19   0 0.08  0.0    0  8.4 23 230   M    M   9        28 240
 9  46  33  40  -4  25   0 0.16  0.0    0  3.5 12 310   M    M  10 12     13 310
10  64  41  53   8  12   0 0.00  0.0    0 14.0 36 230   M    M   1 1      44 230
11  53  32  43  -2  22   0 0.06  0.0    0  7.4 26 200   M    M   2 1      30 200
12  60  45  53   8  12   0 0.00  0.0    0  7.7 21 240   M    M   2        25 230
13  57  44  51   5  14   0 0.23  0.0    0  3.6 12 140   M    M   7 1      13 310
14  62  47  55   9  10   0 0.08  0.0    0  5.0 14 220   M    M   9 128    18 210
15  63  50  57  11   8   0 0.08  0.0    0  7.9 24 140   M    M   8        28 140
16  57  34  46   0  19   0 0.00  0.0    0  8.6 18 220   M    M   0        22 220
17  51  31  41  -6  24   0 0.03  0.0    0  4.9 14 340   M    M   6        15 310
18  67  38  53   6  12   0    T  0.0    0  9.8 32 250   M    M   4 1      42 250
19  55  29  42  -5  23   0 0.00  0.0    0  3.3 13 350   M    M   0        16 350
20  55  30  43  -5  22   0 0.04  0.0    0  8.0 17 310   M    M   8        21 310
21  52  34  43  -5  22   0 0.09  0.0    0  3.3 17  80   M    M   8 12     21 270
22  57  36  47  -1  18   0 0.00  0.0    0  5.8 16 240   M    M   5 128    20 200
23  59  35  47  -1  18   0 0.00  0.0    0  6.6 18 210   M    M   1        22 210
24  57  42  50   1  15   0 0.45  0.0    0  7.0 21 230   M    M   7 1      28 230
================================================================================
SM 1332  893       439   0  1.37     0.0 195.1          M      116
================================================================================
AV 55.5 37.2                               8.1 FASTST   M    M   5    MAX(MPH)
                                 MISC ---->  # 36 230               # 44  230
================================================================================
NOTES:
# LAST OF SEVERAL OCCURRENCES

COLUMN 17 PEAK WIND IN M.P.H.

PRELIMINARY LOCAL CLIMATOLOGICAL DATA (WS FORM: F-6) , PAGE 2

                                          STATION:  PASCO WA
                                          MONTH:    MARCH
                                          YEAR:     2017
                                          LATITUDE:   46 16 N
                                          LONGITUDE: 119  7 W

[TEMPERATURE DATA]      [PRECIPITATION DATA]       SYMBOLS USED IN COLUMN 16

AVERAGE MONTHLY: 46.4   TOTAL FOR MONTH:   1.37    1 = FOG OR MIST
DPTR FM NORMAL:   1.0   DPTR FM NORMAL:    0.76    2 = FOG REDUCING VISIBILITY
HIGHEST:    67 ON 18    GRTST 24HR  0.45 ON 24-24      TO 1/4 MILE OR LESS
LOWEST:     29 ON 19                               3 = THUNDER
                        SNOW, ICE PELLETS, HAIL    4 = ICE PELLETS
                        TOTAL MONTH:   0.0 INCH    5 = HAIL
                        GRTST 24HR     0.0         6 = FREEZING RAIN OR DRIZZLE
                        GRTST DEPTH:   0           7 = DUSTSTORM OR SANDSTORM:
                                                       VSBY 1/2 MILE OR LESS
                                                   8 = SMOKE OR HAZE
[NO. OF DAYS WITH]      [WEATHER - DAYS WITH]      9 = BLOWING SNOW
                                                   X = TORNADO
MAX 32 OR BELOW:   0    0.01 INCH OR MORE:  12
MAX 90 OR ABOVE:   0    0.10 INCH OR MORE:   3
MIN 32 OR BELOW:   5    0.50 INCH OR MORE:   0
MIN  0 OR BELOW:   0    1.00 INCH OR MORE:   0

[HDD (BASE 65) ]
TOTAL THIS MO.   439    CLEAR  (SCALE 0-3)   9
DPTR FM NORMAL   -32    PTCLDY (SCALE 4-7)  10
TOTAL FM JUL 1  4761    CLOUDY (SCALE 8-10)  5
DPTR FM NORMAL   407

[CDD (BASE 65) ]
TOTAL THIS MO.     0
DPTR FM NORMAL     0    [PRESSURE DATA]
TOTAL FM JAN 1     0    HIGHEST SLP M ON M
DPTR FM NORMAL     0    LOWEST  SLP 29.47 ON  5

[REMARKS]
