000
CXUS56 KPDT 230532
CF6PSC
PRELIMINARY LOCAL CLIMATOLOGICAL DATA (WS FORM: F-6)

                                          STATION:   PASCO WA
                                          MONTH:     MAY
                                          YEAR:      2015
                                          LATITUDE:   46 16 N
                                          LONGITUDE: 119  7 W

  TEMPERATURE IN F:       :PCPN:    SNOW:  WIND      :SUNSHINE: SKY     :PK WND
================================================================================
1   2   3   4   5  6A  6B    7    8   9   10  11  12  13   14  15   16   17  18
                                     12Z  AVG MX 2MIN
DY MAX MIN AVG DEP HDD CDD  WTR  SNW DPTH SPD SPD DIR MIN PSBL S-S WX    SPD DR
================================================================================

 1  85  41  63   7   2   0 0.00  0.0    0  6.4 25 220   M    M   0        30 220
 2  74  42  58   2   7   0 0.00  0.0    0  4.3 13 320   M    M   0        18 310
 3  78  33  56  -1   9   0 0.00  0.0    0  4.8 12 340   M    M   0        14 310
 4  84  36  60   3   5   0 0.00  0.0    0  6.7 24 240   M    M   0        30 240
 5  71  45  58   1   7   0 0.00  0.0    0 10.6 24 220   M    M   2        30 230
 6  68  34  51  -7  14   0    T  0.0    0  6.5 25  70   M    M   2        30  20
 7  75  39  57  -1   8   0 0.00  0.0    0  7.0 17 350   M    M   0        22 340
 8  79  36  58   0   7   0 0.00  0.0    0  7.1 20 340   M    M   0        27 340
 9  80  39  60   1   5   0 0.00  0.0    0  4.9 15 320   M    M   0        19 310
10  81  37  59   0   6   0 0.00  0.0    0  3.4  8  10   M    M   0        11 290
11  76  46  61   2   4   0    T  0.0    0  6.7 22 200   M    M   4        26 160
12  68  52  60   0   5   0 0.57  0.0    0  9.8 17 210   M    M  10 1      21 190
13  58  43  51  -9  14   0 0.54  0.0    0 12.5 28 230   M    M   8 1      35 250
14  72  40  56  -4   9   0 0.00  0.0    0  5.6 14 360   M    M   2        18 340
15  77  45  61   1   4   0 0.00  0.0    0  3.8 17 230   M    M   2        23 230
16  78  55  67   6   0   2 0.00  0.0    0 12.6 23 220   M    M   1        27 220
17  75  52  64   3   1   0    T  0.0    0  6.2 13 200   M    M   5        16 190
18  82  50  66   5   0   1 0.00  0.0    0  8.2 17 340   M    M   1        22 350
19  85  53  69   7   0   4 0.00  0.0    0  4.9 16 340   M    M   4        20 340
20  84  50  67   5   0   2 0.00  0.0    0  6.3 14 180   M    M   1        17 180
21  87  59  73  11   0   8 0.00  0.0    0  5.2 17 130   M    M   3        22 130
================================================================================
SM 1617  927       107  17  1.11     0.0 143.5          M       45
================================================================================
AV 77.0 44.1                               6.8 FASTST   M    M   2    MAX(MPH)
                                 MISC ---->  # 28 230               # 35  250
================================================================================
NOTES:
# LAST OF SEVERAL OCCURRENCES

COLUMN 17 PEAK WIND IN M.P.H.

PRELIMINARY LOCAL CLIMATOLOGICAL DATA (WS FORM: F-6) , PAGE 2

                                          STATION:  PASCO WA
                                          MONTH:    MAY
                                          YEAR:     2015
                                          LATITUDE:   46 16 N
                                          LONGITUDE: 119  7 W

[TEMPERATURE DATA]      [PRECIPITATION DATA]       SYMBOLS USED IN COLUMN 16

AVERAGE MONTHLY: 60.6   TOTAL FOR MONTH:   1.11    1 = FOG OR MIST
DPTR FM NORMAL:   1.4   DPTR FM NORMAL:    0.68    2 = FOG REDUCING VISIBILITY
HIGHEST:    87 ON 21    GRTST 24HR  1.11 ON 12-13      TO 1/4 MILE OR LESS
LOWEST:     33 ON  3                               3 = THUNDER
                        SNOW, ICE PELLETS, HAIL    4 = ICE PELLETS
                        TOTAL MONTH:   0.0 INCH    5 = HAIL
                        GRTST 24HR     0.0         6 = FREEZING RAIN OR DRIZZLE
                        GRTST DEPTH:   0           7 = DUSTSTORM OR SANDSTORM:
                                                       VSBY 1/2 MILE OR LESS
                                                   8 = SMOKE OR HAZE
[NO. OF DAYS WITH]      [WEATHER - DAYS WITH]      9 = BLOWING SNOW
                                                   X = TORNADO
MAX 32 OR BELOW:   0    0.01 INCH OR MORE:   2
MAX 90 OR ABOVE:   0    0.10 INCH OR MORE:   2
MIN 32 OR BELOW:   0    0.50 INCH OR MORE:   2
MIN  0 OR BELOW:   0    1.00 INCH OR MORE:   0

[HDD (BASE 65) ]
TOTAL THIS MO.   107    CLEAR  (SCALE 0-3)  16
DPTR FM NORMAL   -27    PTCLDY (SCALE 4-7)   3
TOTAL FM JUL 1  4391    CLOUDY (SCALE 8-10)  2
DPTR FM NORMAL  -567

[CDD (BASE 65) ]
TOTAL THIS MO.    17
DPTR FM NORMAL     4    [PRESSURE DATA]
TOTAL FM JAN 1    17    HIGHEST SLP M ON M
DPTR FM NORMAL     3    LOWEST  SLP 29.67 ON 15

[REMARKS]
