000
CXUS55 KALY 270710
CF6PSF
PRELIMINARY LOCAL CLIMATOLOGICAL DATA (WS FORM: F-6)

                                          STATION:   PITTSFIELD MA
                                          MONTH:     APRIL
                                          YEAR:      2017
                                          LATITUDE:   42 25 N
                                          LONGITUDE:  73 18 W

  TEMPERATURE IN F:       :PCPN:    SNOW:  WIND      :SUNSHINE: SKY     :PK WND
================================================================================
1   2   3   4   5  6A  6B    7    8   9   10  11  12  13   14  15   16   17  18
                                     12Z  AVG MX 2MIN
DY MAX MIN AVG DEP HDD CDD  WTR  SNW DPTH SPD SPD DIR MIN PSBL S-S WX    SPD DR
================================================================================

 1  37  31  34  -4  31   0 0.04    M    M  7.8 17  50   M    M  10 168    26  50
 2  54  32  43   5  22   0    T    M    M  9.2 23 270   M    M   4 1      32 280
 3  59  27  43   4  22   0    T    M    M  4.0 16 150   M    M   1        21 130
 4  45  36  41   2  24   0 1.22    M    M  7.6 18 120   M    M  10 1      27 110
 5  48  36  42   2  23   0 0.05    M    M  5.1 17 290   M    M   7 1      24 300
 6  44  35  40   0  25   0 0.31    M    M  9.9 18  70   M    M  10 13     28  80
 7  46  32  39  -2  26   0 0.17    M    M 13.9 25 280   M    M  10 1      37 280
 8  45  31  38  -3  27   0    T    M    M 15.3 26 290   M    M   7        37 290
 9  63  27  45   4  20   0 0.00    M    M  6.3 15 290   M    M   0        23 290
10  78  35  57  15   8   0 0.00    M    M  7.2 21 220   M    M   0        31 210
11  83  47  65  23   0   0 0.00    M    M  6.3 25 280   M    M   0        32 270
12  58  41  50   7  15   0 0.26    M    M  6.9 17 300   M    M   5 1      27 300
13  54  35  45   2  20   0 0.00    M    M 10.8 23 290   M    M   5        32 300
14  60  29  45   1  20   0 0.00    M    M  3.0 13 280   M    M   0        18 330
15  66  29  48   4  17   0    T    M    M  7.2 24 240   M    M   2        30 240
16  81  51  66  22   0   1 0.18    M    M 10.1 30 300   M    M   5 18     39 300
17  63  41  52   7  13   0 0.03    M    M 12.9 29 280   M    M   2 1      39 280
18  58  31  45   0  20   0 0.00    M    M  6.6 24 150   M    M   1        31 140
19  52  39  46   0  19   0 0.14    M    M 10.1 21 190   M    M   8 1      29 210
20  65  43  54   8  11   0 0.16    M    M  4.5 14 120   M    M   8 1      19 120
21  49  44  47   0  18   0 0.34    M    M  6.5 16 120   M    M  10 1      23 110
22  53  41  47   0  18   0    T    M    M  6.6 17 320   M    M  10 1      22 300
23  65  34  50   3  15   0 0.00    M    M  5.5 12 290   M    M   1        17 300
24  72  34  53   5  12   0 0.00    M    M  2.8 15 160   M    M   0 1      21 150
25  53  46  50   2  15   0 0.17    M    M  8.3 17  80   M    M   9 1      26  80
26  63  47  55   7  10   0 0.12    M    M  6.6 16  50   M    M   9 1      21  60
================================================================================
SM 1514  954       451   1  3.19    M    201.0          M      134
================================================================================
AV 58.2 36.7                               7.7 FASTST   M    M   5    MAX(MPH)
                                 MISC ---->  # 30 300               # 39  300
================================================================================
NOTES:
# LAST OF SEVERAL OCCURRENCES

COLUMN 17 PEAK WIND IN M.P.H.

PRELIMINARY LOCAL CLIMATOLOGICAL DATA (WS FORM: F-6) , PAGE 2

                                          STATION:  PITTSFIELD MA
                                          MONTH:    APRIL
                                          YEAR:     2017
                                          LATITUDE:   42 25 N
                                          LONGITUDE:  73 18 W

[TEMPERATURE DATA]      [PRECIPITATION DATA]       SYMBOLS USED IN COLUMN 16

AVERAGE MONTHLY: 47.5   TOTAL FOR MONTH:   3.19    1 = FOG OR MIST
DPTR FM NORMAL:   4.2   DPTR FM NORMAL:   -0.26    2 = FOG REDUCING VISIBILITY
HIGHEST:    83 ON 11    GRTST 24HR  1.22 ON  4- 4      TO 1/4 MILE OR LESS
LOWEST:     27 ON  9, 3                            3 = THUNDER
                        SNOW, ICE PELLETS, HAIL    4 = ICE PELLETS
                        TOTAL MONTH:    M          5 = HAIL
                        GRTST 24HR    M  ON   M    6 = FREEZING RAIN OR DRIZZLE
                        GRTST DEPTH:  M  ON   M    7 = DUSTSTORM OR SANDSTORM:
                                                       VSBY 1/2 MILE OR LESS
                                                   8 = SMOKE OR HAZE
[NO. OF DAYS WITH]      [WEATHER - DAYS WITH]      9 = BLOWING SNOW
                                                   X = TORNADO
MAX 32 OR BELOW:   0    0.01 INCH OR MORE:  13
MAX 90 OR ABOVE:   0    0.10 INCH OR MORE:  10
MIN 32 OR BELOW:   9    0.50 INCH OR MORE:   1
MIN  0 OR BELOW:   0    1.00 INCH OR MORE:   1

[HDD (BASE 65) ]
TOTAL THIS MO.   451    CLEAR  (SCALE 0-3)  10
DPTR FM NORMAL  -114    PTCLDY (SCALE 4-7)   7
TOTAL FM JUL 1  6284    CLOUDY (SCALE 8-10)  9
DPTR FM NORMAL  -688

[CDD (BASE 65) ]
TOTAL THIS MO.     1
DPTR FM NORMAL     1    [PRESSURE DATA]
TOTAL FM JAN 1     1    HIGHEST SLP M ON M
DPTR FM NORMAL     1    LOWEST  SLP 29.14 ON  6

[REMARKS]
