000
CXUS55 KALY 260710
CF6PSF
PRELIMINARY LOCAL CLIMATOLOGICAL DATA (WS FORM: F-6)

                                          STATION:   PITTSFIELD MA
                                          MONTH:     MARCH
                                          YEAR:      2015
                                          LATITUDE:   42 25 N
                                          LONGITUDE:  73 18 W

  TEMPERATURE IN F:       :PCPN:    SNOW:  WIND      :SUNSHINE: SKY     :PK WND
================================================================================
1   2   3   4   5  6A  6B    7    8   9   10  11  12  13   14  15   16   17  18
                                     12Z  AVG MX 2MIN
DY MAX MIN AVG DEP HDD CDD  WTR  SNW DPTH SPD SPD DIR MIN PSBL S-S WX    SPD DR
================================================================================

 1  22  -6   8 -19  57   0 0.11    M    M  2.5 18 180   M    M   8 18     24 170
 2  27  16  22  -5  43   0 0.01    M    M 16.0 37 290   M    M   8 189    51 290
 3  31   5  18 -10  47   0 0.29    M    M  6.1 21 190   M    M   4 1      35 200
 4  35  30  33   5  32   0 0.00    M    M  8.0 18 220   M    M   8        31 230
 5  30   7  19  -9  46   0    T    M    M 11.4 20 290   M    M   7 8      29 340
 6  21   1  11 -17  54   0 0.00    M    M  4.8 16 290   M    M   0        20 280
 7  32  -4  14 -15  51   0    T    M    M  4.4 17 250   M    M   4 8      22 250
 8  34  17  26  -3  39   0 0.02    M    M  8.1 32 290   M    M   7 18     43 290
 9  41  12  27  -2  38   0 0.00    M    M  6.9 23 290   M    M   2        29 280
10  48  17  33   3  32   0 0.08    M    M  3.3 16 180   M    M   3 12     25 180
11  46  34  40  10  25   0    T    M    M 13.5 29 280   M    M   4 12     40 260
12  36  21  29  -1  36   0 0.00    M    M 16.0 31 290   M    M   2        44 300
13  38  13  26  -5  39   0 0.00    M    M  4.3 13 240   M    M   4        16 240
14  38  29  34   3  31   0 0.19    M    M  2.6 21 300   M    M   9 12     29 300
15  37  27  32   1  33   0    T    M    M 16.5 26 300   M    M  10 1      39 280
16  42  25  34   2  31   0 0.00    M    M  4.9 16 310   M    M   5        24 300
17  40  23  32   0  33   0 0.10    M    M 11.5 38 290   M    M   8 12     57 290
18  26  14  20 -12  45   0 0.00    M    M 16.9 35 280   M    M   3        50 280
19  30  13  22 -11  43   0 0.00    M    M 11.1 23 290   M    M   0        34 300
20  28  15  22 -11  43   0 0.03    M    M  2.8 13 150   M    M   7 18     17 160
21  38  23  31  -2  34   0 0.03    M    M  6.4 29 280   M    M   8 1      40 280
22  30  13  22 -12  43   0    T    M    M 18.0 33 280   M    M   4        46 280
23  23  11  17 -17  48   0 0.00    M    M 12.5 26 300   M    M   0        34 290
24  35   9  22 -12  43   0 0.00    M    M  5.0 14 270   M    M   0        16 270
25  45  13  29  -6  36   0 0.13    M    M  5.1 17 170   M    M   4 1      25 170
================================================================================
SM  853  378      1002   0  0.99    M    218.6          M      119
================================================================================
AV 34.1 15.1                               8.7 FASTST   M    M   5    MAX(MPH)
                                 MISC ---->  # 38 290               # 57  290
================================================================================
NOTES:
# LAST OF SEVERAL OCCURRENCES

COLUMN 17 PEAK WIND IN M.P.H.

PRELIMINARY LOCAL CLIMATOLOGICAL DATA (WS FORM: F-6) , PAGE 2

                                          STATION:  PITTSFIELD MA
                                          MONTH:    MARCH
                                          YEAR:     2015
                                          LATITUDE:   42 25 N
                                          LONGITUDE:  73 18 W

[TEMPERATURE DATA]      [PRECIPITATION DATA]       SYMBOLS USED IN COLUMN 16

AVERAGE MONTHLY: 24.6   TOTAL FOR MONTH:   0.99    1 = FOG OR MIST
DPTR FM NORMAL:  -6.1   DPTR FM NORMAL:   -1.55    2 = FOG REDUCING VISIBILITY
HIGHEST:    48 ON 10    GRTST 24HR  0.29 ON  3- 3      TO 1/4 MILE OR LESS
LOWEST:     -6 ON  1                               3 = THUNDER
                        SNOW, ICE PELLETS, HAIL    4 = ICE PELLETS
                        TOTAL MONTH:    M          5 = HAIL
                        GRTST 24HR    M  ON   M    6 = FREEZING RAIN OR DRIZZLE
                        GRTST DEPTH:  M  ON   M    7 = DUSTSTORM OR SANDSTORM:
                                                       VSBY 1/2 MILE OR LESS
                                                   8 = SMOKE OR HAZE
[NO. OF DAYS WITH]      [WEATHER - DAYS WITH]      9 = BLOWING SNOW
                                                   X = TORNADO
MAX 32 OR BELOW:  11    0.01 INCH OR MORE:  10
MAX 90 OR ABOVE:   0    0.10 INCH OR MORE:   5
MIN 32 OR BELOW:  24    0.50 INCH OR MORE:   0
MIN  0 OR BELOW:   2    1.00 INCH OR MORE:   0

[HDD (BASE 65) ]
TOTAL THIS MO.  1002    CLEAR  (SCALE 0-3)   8
DPTR FM NORMAL   147    PTCLDY (SCALE 4-7)  13
TOTAL FM JUL 1  6665    CLOUDY (SCALE 8-10)  4
DPTR FM NORMAL   430

[CDD (BASE 65) ]
TOTAL THIS MO.     0
DPTR FM NORMAL     0    [PRESSURE DATA]
TOTAL FM JAN 1     0    HIGHEST SLP M ON M
DPTR FM NORMAL     0    LOWEST  SLP 29.55 ON 17

[REMARKS]
