000
CXUS55 KALY 240710
CF6PSF
PRELIMINARY LOCAL CLIMATOLOGICAL DATA (WS FORM: F-6)

                                          STATION:   PITTSFIELD MA
                                          MONTH:     MARCH
                                          YEAR:      2017
                                          LATITUDE:   42 25 N
                                          LONGITUDE:  73 18 W

  TEMPERATURE IN F:       :PCPN:    SNOW:  WIND      :SUNSHINE: SKY     :PK WND
================================================================================
1   2   3   4   5  6A  6B    7    8   9   10  11  12  13   14  15   16   17  18
                                     12Z  AVG MX 2MIN
DY MAX MIN AVG DEP HDD CDD  WTR  SNW DPTH SPD SPD DIR MIN PSBL S-S WX    SPD DR
================================================================================

 1  60  50  55  28  10   0    T    M    M 10.8 24 200   M    M   8        36 190
 2  57  22  40  13  25   0 0.01    M    M 20.7 37 290   M    M   6 8      50 280
 3  32  12  22  -6  43   0    T    M    M 15.3 30 290   M    M   4 18     45 300
 4  18   4  11 -17  54   0    T    M    M 15.0 31 280   M    M   4 8      42 320
 5  25   1  13 -15  52   0 0.00  0.0    0 11.5 24 310   M    M   0        35 310
 6  44  10  27  -1  38   0 0.00    M    M  3.2 14 150   M    M   4        19 200
 7  46  32  39  10  26   0 0.14    M    M  3.9  6 200   M    M  10 12      M  M
 8  52  37  45  16  20   0 0.12    M    M 12.3 29 260   M    M   8 1      42 270
 9  44  29  37   8  28   0 0.00    M    M 17.1 32 280   M    M   2        47 280
10  30  13  22  -8  43   0    T    M    M 12.5 31 290   M    M   7 1      47 280
11  15   3   9 -21  56   0    T    M    M 18.7 35 290   M    M   7 8      50 280
12  19   2  11 -19  54   0 0.00    M    M 12.3 31 280   M    M   4        42 280
13  27   6  17 -14  48   0 0.00    M    M  4.6 15 290   M    M   0        20 300
14  24  13  19 -12  46   0 0.76    M    M 12.5 29 280   M    M  10 128     M 110
15  20  10  15 -16  50   0 0.01    M    M 15.1 29 280   M    M  10 8      37 280
16  27  14  21 -11  44   0 0.01    M    M 16.7 33 290   M    M   3 89     44 280
17  35  16  26  -6  39   0 0.00    M    M  9.7 22 290   M    M   0        30 280
18  38   9  24  -8  41   0    T    M    M  5.9 16 140   M    M   4        19 130
19  42  23  33   0  32   0 0.00    M    M  7.3 14  20   M    M   4        19  40
20  45  19  32  -1  33   0 0.00    M    M  5.7 15 280   M    M   1        19 290
21  47  30  39   6  26   0 0.00    M    M  8.2 22 300   M    M   5        28 300
22  37  13  25  -9  40   0    T    M    M 18.1 36 280   M    M   3 8      47 280
23  31  10  21 -13  44   0 0.00    M    M  7.5 20 290   M    M   0        27 290
================================================================================
SM  815  378       892   0  1.05     0.0 264.6          M      104
================================================================================
AV 35.4 16.4                              11.5 FASTST   M    M   5    MAX(MPH)
                                 MISC ---->  # 37 290               # 50  280
================================================================================
NOTES:
# LAST OF SEVERAL OCCURRENCES

COLUMN 17 PEAK WIND IN M.P.H.

PRELIMINARY LOCAL CLIMATOLOGICAL DATA (WS FORM: F-6) , PAGE 2

                                          STATION:  PITTSFIELD MA
                                          MONTH:    MARCH
                                          YEAR:     2017
                                          LATITUDE:   42 25 N
                                          LONGITUDE:  73 18 W

[TEMPERATURE DATA]      [PRECIPITATION DATA]       SYMBOLS USED IN COLUMN 16

AVERAGE MONTHLY: 25.9   TOTAL FOR MONTH:   1.05    1 = FOG OR MIST
DPTR FM NORMAL:  -4.5   DPTR FM NORMAL:   -1.22    2 = FOG REDUCING VISIBILITY
HIGHEST:    60 ON  1    GRTST 24HR  0.76 ON 14-14      TO 1/4 MILE OR LESS
LOWEST:      1 ON  5                               3 = THUNDER
                        SNOW, ICE PELLETS, HAIL    4 = ICE PELLETS
                        TOTAL MONTH:   0.0 INCH    5 = HAIL
                        GRTST 24HR     0.0         6 = FREEZING RAIN OR DRIZZLE
                        GRTST DEPTH:   0           7 = DUSTSTORM OR SANDSTORM:
                                                       VSBY 1/2 MILE OR LESS
                                                   8 = SMOKE OR HAZE
[NO. OF DAYS WITH]      [WEATHER - DAYS WITH]      9 = BLOWING SNOW
                                                   X = TORNADO
MAX 32 OR BELOW:  11    0.01 INCH OR MORE:   6
MAX 90 OR ABOVE:   0    0.10 INCH OR MORE:   3
MIN 32 OR BELOW:  21    0.50 INCH OR MORE:   1
MIN  0 OR BELOW:   0    1.00 INCH OR MORE:   0

[HDD (BASE 65) ]
TOTAL THIS MO.   892    CLEAR  (SCALE 0-3)   8
DPTR FM NORMAL    97    PTCLDY (SCALE 4-7)  12
TOTAL FM JUL 1  5594    CLOUDY (SCALE 8-10)  3
DPTR FM NORMAL  -581

[CDD (BASE 65) ]
TOTAL THIS MO.     0
DPTR FM NORMAL     0    [PRESSURE DATA]
TOTAL FM JAN 1     0    HIGHEST SLP M ON M
DPTR FM NORMAL     0    LOWEST  SLP 29.28 ON  1

[REMARKS]
