000
CXUS54 KFWD 260730
CF6PSN
PRELIMINARY LOCAL CLIMATOLOGICAL DATA (WS FORM: F-6)

                                          STATION:   PALESTINE
                                          MONTH:     DECEMBER
                                          YEAR:      2014
                                          LATITUDE:   31 46 N
                                          LONGITUDE:  95 42 W

  TEMPERATURE IN F:       :PCPN:    SNOW:  WIND      :SUNSHINE: SKY     :PK WND
================================================================================
1   2   3   4   5  6A  6B    7    8   9   10  11  12  13   14  15   16   17  18
                                     12Z  AVG MX 2MIN
DY MAX MIN AVG DEP HDD CDD  WTR  SNW DPTH SPD SPD DIR MIN PSBL S-S WX    SPD DR
================================================================================

 1  65  41  53   3  12   0 0.00  0.0    0  6.7 12 330   M    M   9 1      18 290
 2  53  37  45  -5  20   0 0.00  0.0    0  2.7  9 340   M    M  10         M  M
 3  63  48  56   6   9   0 0.00  0.0    0  3.6  7 120   M    M  10 1       M  M
 4  71  57  64  14   1   0 0.00  0.0    0  4.1  7 110   M    M   9 1       M  M
 5  77  59  68  19   0   3 0.06  0.0    0  5.4 10 190   M    M   8 1      16 190
 6  68  50  59  10   6   0 0.00  0.0    0  6.4 14 350   M    M   3 1       M  M
 7  58  44  51   2  14   0 0.00  0.0    0  3.4  9  60   M    M   4         M  M
 8   M  37   M   M   M   M 0.00  0.0    0  1.2  6 300   M    M   M 1       M  M
 9   M   M   M   M   M   M    M    M    M   M   M   M   M    M   M         M  M
10   M   M   M   M   M   M    M    M    M   M   M   M   M    M   M 8       M  M
11  65  51  58  10   7   0 0.14  0.0    0  3.8  8 140   M    M  10 18      M  M
12  69  56  63  15   2   0    T  0.0    0  5.1  9 170   M    M   8         M  M
13  70  52  61  13   4   0 0.00  0.0    0  4.9  7 140   M    M   6 12      M  M
14  72  61  67  20   0   2 0.00  0.0    0  9.6 14 150   M    M   9        22 150
15  69  43  56   9   9   0 0.00  0.0    0  8.9 15 210   M    M   4        22 210
16  55  36  46  -1  19   0 0.00  0.0    0  4.1 12 320   M    M   0        17 330
17  50  35  43  -4  22   0 0.13  0.0    0  3.7  9 110   M    M   8        18 100
18  53  46  50   3  15   0 0.00  0.0    0  3.9  7  20   M    M  10 1       M  M
19  52  47  50   3  15   0 0.29  0.0    0  8.0 14 350   M    M  10 1      16  50
20  52  44  48   2  17   0 0.00  0.0    0  3.5  7  40   M    M   9 1       M  M
21  54  38  46   0  19   0 0.00  0.0    0  3.6  9 130   M    M   9 1       M  M
22  71  51  61  15   4   0 0.00  0.0    0  9.6 23 200   M    M   5        27 200
23  55  46  51   5  14   0    M  0.0    0  7.7 17 350   M    M   8        30 350
24  53  32  43  -3  22   0 0.00  0.0    0  7.6 18 280   M    M   5        24 280
25  62  31  47   1  18   0 0.00  0.0    0  7.9 20 180   M    M   0        24 180
================================================================================
SM 1357 1042       249   5  0.62     0.0 125.4          M      154
================================================================================
AV 61.7 45.3                               5.5 FASTST   M    M   7    MAX(MPH)
                                 MISC ---->  # 23 200                 30    M
================================================================================
NOTES:
# LAST OF SEVERAL OCCURRENCES

COLUMN 17 PEAK WIND IN M.P.H.

PRELIMINARY LOCAL CLIMATOLOGICAL DATA (WS FORM: F-6) , PAGE 2

                                          STATION:  PALESTINE
                                          MONTH:    DECEMBER
                                          YEAR:     2014
                                          LATITUDE:   31 46 N
                                          LONGITUDE:  95 42 W

[TEMPERATURE DATA]      [PRECIPITATION DATA]       SYMBOLS USED IN COLUMN 16

AVERAGE MONTHLY: 53.5   TOTAL FOR MONTH:   0.62    1 = FOG OR MIST
DPTR FM NORMAL:   5.7   DPTR FM NORMAL:   -2.82    2 = FOG REDUCING VISIBILITY
HIGHEST:    77 ON  5    GRTST 24HR  0.29 ON 19-19      TO 1/4 MILE OR LESS
LOWEST:     31 ON 25                               3 = THUNDER
                        SNOW, ICE PELLETS, HAIL    4 = ICE PELLETS
                        TOTAL MONTH:   0.0 INCH    5 = HAIL
                        GRTST 24HR     0.0         6 = FREEZING RAIN OR DRIZZLE
                        GRTST DEPTH:   0           7 = DUSTSTORM OR SANDSTORM:
                                                       VSBY 1/2 MILE OR LESS
                                                   8 = SMOKE OR HAZE
[NO. OF DAYS WITH]      [WEATHER - DAYS WITH]      9 = BLOWING SNOW
                                                   X = TORNADO
MAX 32 OR BELOW:   0    0.01 INCH OR MORE:   4
MAX 90 OR ABOVE:   0    0.10 INCH OR MORE:   3
MIN 32 OR BELOW:   2    0.50 INCH OR MORE:   0
MIN  0 OR BELOW:   0    1.00 INCH OR MORE:   0

[HDD (BASE 65) ]
TOTAL THIS MO.   249    CLEAR  (SCALE 0-3)   2
DPTR FM NORMAL  -186    PTCLDY (SCALE 4-7)   9
TOTAL FM JUL 1   629    CLOUDY (SCALE 8-10) 11
DPTR FM NORMAL  -191

[CDD (BASE 65) ]
TOTAL THIS MO.     5
DPTR FM NORMAL     5    [PRESSURE DATA]
TOTAL FM JAN 1  1979    HIGHEST SLP M ON M
DPTR FM NORMAL  -337    LOWEST  SLP M ON M

[REMARKS]
