000
CXUS56 KSGX 311445
CF6PSP
PRELIMINARY LOCAL CLIMATOLOGICAL DATA (WS FORM: F-6)

                                          STATION:   PALM SPRINGS INTL AIRPORT CA
                                          MONTH:     AUGUST
                                          YEAR:      2015
                                          LATITUDE:   33 49 N
                                          LONGITUDE: 116 30 W

  TEMPERATURE IN F:       :PCPN:    SNOW:  WIND      :SUNSHINE: SKY     :PK WND
================================================================================
1   2   3   4   5  6A  6B    7    8   9   10  11  12  13   14  15   16   17  18
                                     12Z  AVG MX 2MIN
DY MAX MIN AVG DEP HDD CDD  WTR  SNW DPTH SPD SPD DIR MIN PSBL S-S WX    SPD DR
================================================================================

 1 111  80  96   3   0  31 0.00  0.0    0  7.6 23 320   M    M   1        28 330
 2 113  82  98   5   0  33 0.00  0.0    0  7.6 23 330   M    M   0        28 330
 3 110  80  95   2   0  30 0.00  0.0    0  7.5 24 320   M    M   0        29 310
 4 114  76  95   2   0  30 0.00  0.0    0  4.1 23 330   M    M   M        26 340
 5 114  81  98   6   0  33 0.00  0.0    0  5.8 20 320   M    M   1        26 310
 6 110  82  96   4   0  31    T  0.0    0  6.9 22 320   M    M   3        27 310
 7 107  80  94   2   0  29 0.00  0.0    0 10.7 26 330   M    M   1        33 320
 8 105  72  89  -3   0  24 0.00  0.0    0  6.9 23 320   M    M   0        29 320
 9 107  72  90  -2   0  25 0.00  0.0    0  7.1 23 320   M    M   0        27 320
10 103  75  89  -3   0  24 0.00  0.0    0  6.9 18 320   M    M   1 8      28 310
11 107  76  92   0   0  27 0.00  0.0    0  5.7 18 320   M    M   0        22 320
12 108  81  95   3   0  30 0.00  0.0    0  6.7 14 130   M    M   2        19 140
13 112  87 100   8   0  35 0.00  0.0    0  8.0 21 320   M    M   3        24 120
14 117  88 103  11   0  38 0.00  0.0    0  6.9 21 320   M    M   1        26 320
15 118  87 103  11   0  38 0.00  0.0    0  6.7 22 320   M    M   0        27 320
16 115  88 102  10   0  37 0.00  0.0    0  4.7 18 320   M    M   0        24 340
17 113  87 100   8   0  35 0.00  0.0    0  7.8 25 330   M    M   0        32 330
18 111  81  96   4   0  31 0.00  0.0    0  7.0 29 320   M    M   0        43 310
19 108  80  94   2   0  29 0.00  0.0    0  7.1 23 320   M    M   0        31 310
20 106  79  93   1   0  28 0.00  0.0    0  7.2 24 320   M    M   0        32 310
21 106  78  92   0   0  27 0.00  0.0    0  6.2 23 320   M    M   0        27 320
22 106  80  93   1   0  28 0.00  0.0    0  5.9 16 320   M    M   0        19 320
23 107  80  94   2   0  29 0.00  0.0    0  5.0 15 330   M    M   0        17  80
24 109  80  95   4   0  30 0.00  0.0    0  5.8 14 320   M    M   2        19 110
25 101  89  95   4   0  30 0.00  0.0    0  6.3 21 330   M    M   4        24 330
26 106  86  96   5   0  31 0.00  0.0    0  5.3 16 330   M    M   3        18 330
27 112  85  99   8   0  34 0.00  0.0    0  6.3 16  80   M    M   2        21  60
28 112  88 100   9   0  35 0.00  0.0    0  7.4 16 320   M    M   1        21 320
29 115  85 100   9   0  35 0.00  0.0    0  7.6 23 320   M    M   1        28 320
30 110  83  97   6   0  32 0.00  0.0    0  8.4 26 330   M    M   1        35 310
================================================================================
SM 3293 2448         0 929    T      0.0 203.1          M       27
================================================================================
AV109.8 81.6                               6.8 FASTST   M    M   1    MAX(MPH)
                                 MISC ---->  # 29 320               # 43  310
================================================================================
NOTES:
# LAST OF SEVERAL OCCURRENCES

COLUMN 17 PEAK WIND IN M.P.H.

PRELIMINARY LOCAL CLIMATOLOGICAL DATA (WS FORM: F-6) , PAGE 2

                                          STATION:  PALM SPRINGS INTL AIRPORT CA
                                          MONTH:    AUGUST
                                          YEAR:     2015
                                          LATITUDE:   33 49 N
                                          LONGITUDE: 116 30 W

[TEMPERATURE DATA]      [PRECIPITATION DATA]       SYMBOLS USED IN COLUMN 16

AVERAGE MONTHLY: 95.7   TOTAL FOR MONTH:      T    1 = FOG OR MIST
DPTR FM NORMAL:   3.8   DPTR FM NORMAL:   -0.33    2 = FOG REDUCING VISIBILITY
HIGHEST:   118 ON 15    GRTST 24HR    T  ON  6- 6      TO 1/4 MILE OR LESS
LOWEST:     72 ON  9, 8                            3 = THUNDER
                        SNOW, ICE PELLETS, HAIL    4 = ICE PELLETS
                        TOTAL MONTH:   0.0 INCH    5 = HAIL
                        GRTST 24HR     0.0         6 = FREEZING RAIN OR DRIZZLE
                        GRTST DEPTH:   0           7 = DUSTSTORM OR SANDSTORM:
                                                       VSBY 1/2 MILE OR LESS
                                                   8 = SMOKE OR HAZE
[NO. OF DAYS WITH]      [WEATHER - DAYS WITH]      9 = BLOWING SNOW
                                                   X = TORNADO
MAX 32 OR BELOW:   0    0.01 INCH OR MORE:   0
MAX 90 OR ABOVE:  30    0.10 INCH OR MORE:   0
MIN 32 OR BELOW:   0    0.50 INCH OR MORE:   0
MIN  0 OR BELOW:   0    1.00 INCH OR MORE:   0

[HDD (BASE 65) ]
TOTAL THIS MO.     0    CLEAR  (SCALE 0-3)  28
DPTR FM NORMAL     0    PTCLDY (SCALE 4-7)   1
TOTAL FM JUL 1     0    CLOUDY (SCALE 8-10)  0
DPTR FM NORMAL     0

[CDD (BASE 65) ]
TOTAL THIS MO.   929
DPTR FM NORMAL   122    [PRESSURE DATA]
TOTAL FM JAN 1  3584    HIGHEST SLP M ON M
DPTR FM NORMAL   525    LOWEST  SLP 29.77 ON 16

[REMARKS]
