000
CXUS54 KHGX 261415
CF6PSX
PRELIMINARY LOCAL CLIMATOLOGICAL DATA (WS FORM: F-6)

                                          STATION:   PALACIOS
                                          MONTH:     JULY
                                          YEAR:      2016
                                          LATITUDE:   28 43 N
                                          LONGITUDE:  96 15 W

  TEMPERATURE IN F:       :PCPN:    SNOW:  WIND      :SUNSHINE: SKY     :PK WND
================================================================================
1   2   3   4   5  6A  6B    7    8   9   10  11  12  13   14  15   16   17  18
                                     12Z  AVG MX 2MIN
DY MAX MIN AVG DEP HDD CDD  WTR  SNW DPTH SPD SPD DIR MIN PSBL S-S WX    SPD DR
================================================================================

 1  90  76  83  -1   0  18 0.00  0.0    M  5.4 13 170   M    M   0 1      16 170
 2  91  83  87   3   0  22 0.00  0.0    M 11.7 18 160   M    M   2        23 150
 3  91  84  88   4   0  23 0.00  0.0    0 17.1 24 160   M    M   2        38 160
 4  91  84  88   4   0  23 0.00  0.0    0 16.3 23 170   M    M   3        29 170
 5  91  84  88   4   0  23 0.00  0.0    0 15.6 22 180   M    M   4 8      31 180
 6  91  84  88   4   0  23 0.00  0.0    0 15.0 22 170   M    M   5        27 170
 7  91  83  87   3   0  22    T  0.0    0 14.7 21 160   M    M   3        26 150
 8  91  84  88   4   0  23 0.00  0.0    0 13.5 21 160   M    M   5 8      26 150
 9  92  83  88   4   0  23 0.00  0.0    0 11.5 18 150   M    M   3 8      23 140
10  89  83  86   2   0  21 0.00  0.0    0 13.4 21 160   M    M   4 8      27 160
11  91  83  87   3   0  22 0.00  0.0    0 16.2 23 140   M    M   4        29 150
12  91  82  87   3   0  22 0.00  0.0    0 12.7 20 160   M    M   4        24 160
13  92  84  88   4   0  23 0.00  0.0    0 14.7 21 170   M    M   3        26 170
14  91  83  87   3   0  22 0.00  0.0    0 14.1 20 170   M    M   5        27 170
15  91  83  87   3   0  22 0.00  0.0    0 11.7 17 150   M    M   3        22 170
16  92  81  87   3   0  22 0.00  0.0    0 10.1 18 140   M    M   2        22 130
17  92  80  86   2   0  21 0.00  0.0    0  9.5 18 140   M    M   1        22 170
18  92  81  87   3   0  22 0.22  0.0    0  8.8 21 190   M    M   1        24 210
19  94  78  86   2   0  21    T  0.0    0  9.1 21 120   M    M   1        25 120
20  93  77  85   1   0  20 0.01  0.0    0  8.1 15 140   M    M   1        20 150
21  93  76  85   1   0  20 0.00  0.0    0  7.5 17 150   M    M   1        23 140
22  94  77  86   2   0  21 0.00  0.0    0  7.4 17 140   M    M   1        23 150
23  94  81  88   4   0  23 0.00  0.0    0 10.0 17 160   M    M   0        22 150
24  93  84  89   5   0  24    T  0.0    0 10.6 16 160   M    M   1        21 170
25  92  78  85   1   0  20 0.33  0.0    0  8.4 18 170   M    M   3 13     22 160
================================================================================
SM 2293 2036         0 546  0.56     0.0 293.1          M       62
================================================================================
AV 91.7 81.4                              11.7 FASTST   M    M   2    MAX(MPH)
                                 MISC ---->  # 24 160               # 38  160
================================================================================
NOTES:
# LAST OF SEVERAL OCCURRENCES

COLUMN 17 PEAK WIND IN M.P.H.

PRELIMINARY LOCAL CLIMATOLOGICAL DATA (WS FORM: F-6) , PAGE 2

                                          STATION:  PALACIOS
                                          MONTH:    JULY
                                          YEAR:     2016
                                          LATITUDE:   28 43 N
                                          LONGITUDE:  96 15 W

[TEMPERATURE DATA]      [PRECIPITATION DATA]       SYMBOLS USED IN COLUMN 16

AVERAGE MONTHLY: 86.6   TOTAL FOR MONTH:   0.56    1 = FOG OR MIST
DPTR FM NORMAL:   2.6   DPTR FM NORMAL:   -3.58    2 = FOG REDUCING VISIBILITY
HIGHEST:    94 ON 23,22 GRTST 24HR  2.31 ON 30- 1      TO 1/4 MILE OR LESS
LOWEST:     76 ON 21, 1                            3 = THUNDER
                        SNOW, ICE PELLETS, HAIL    4 = ICE PELLETS
                        TOTAL MONTH:   0.0 INCH    5 = HAIL
                        GRTST 24HR     0.0         6 = FREEZING RAIN OR DRIZZLE
                        GRTST DEPTH:   0           7 = DUSTSTORM OR SANDSTORM:
                                                       VSBY 1/2 MILE OR LESS
                                                   8 = SMOKE OR HAZE
[NO. OF DAYS WITH]      [WEATHER - DAYS WITH]      9 = BLOWING SNOW
                                                   X = TORNADO
MAX 32 OR BELOW:   0    0.01 INCH OR MORE:   3
MAX 90 OR ABOVE:  24    0.10 INCH OR MORE:   2
MIN 32 OR BELOW:   0    0.50 INCH OR MORE:   0
MIN  0 OR BELOW:   0    1.00 INCH OR MORE:   0

[HDD (BASE 65) ]
TOTAL THIS MO.     0    CLEAR  (SCALE 0-3)  15
DPTR FM NORMAL     0    PTCLDY (SCALE 4-7)  10
TOTAL FM JUL 1     0    CLOUDY (SCALE 8-10)  0
DPTR FM NORMAL     0

[CDD (BASE 65) ]
TOTAL THIS MO.   546
DPTR FM NORMAL    71    [PRESSURE DATA]
TOTAL FM JAN 1  1828    HIGHEST SLP M ON M
DPTR FM NORMAL   195    LOWEST  SLP 29.85 ON 23

[REMARKS]
