792
CXUS55 KPUB 291059
CF6PUB
PRELIMINARY LOCAL CLIMATOLOGICAL DATA (WS FORM: F-6)

                                          STATION:   PUEBLO CO
                                          MONTH:     MAY
                                          YEAR:      2016
                                          LATITUDE:   38 16 N
                                          LONGITUDE: 104 31 W

  TEMPERATURE IN F:       :PCPN:    SNOW:  WIND      :SUNSHINE: SKY     :PK WND
================================================================================
1   2   3   4   5  6A  6B    7    8   9   10  11  12  13   14  15   16   17  18
                                     12Z  AVG MX 2MIN
DY MAX MIN AVG DEP HDD CDD  WTR  SNW DPTH SPD SPD DIR MIN PSBL S-S WX    SPD DR
================================================================================

 1  47  37  42 -14  23   0    T  0.0    0 11.3 25  20   M    M   7        33  10
 2  63  32  48  -8  17   0 0.00  0.0    0  4.8 12  30   M    M   1        15  80
 3  73  39  56   0   9   0 0.00  0.0    0 11.2 25  20   M    M   1        34  10
 4  80  40  60   3   5   0 0.00  0.0    0  8.3 18 100   M    M   0        23 100
 5  85  45  65   8   0   0 0.00  0.0    0  7.5 17 130   M    M   0        22 140
 6  88  47  68  11   0   3 0.00  0.0    0 11.5 38 170   M    M   0        46 170
 7  81  48  65   7   0   0 0.00  0.0    0 14.1 36 240   M    M   0        44 230
 8  73  40  57  -1   8   0 0.00  0.0    0  9.5 25 170   M    M   0        31 180
 9  77  46  62   4   3   0 0.00  0.0    0  6.8 23  90   M    M   3        32  90
10  81  44  63   4   2   0 0.01  0.0    0  6.3 29 270   M    M   2 3      40 280
11  68  46  57  -2   8   0    T  0.0    0  8.0 25 230   M    M   5 3      31 140
12  77  47  62   3   3   0 0.00  0.0    0  8.0 20 120   M    M   3        26 110
13  85  45  65   5   0   0 0.00  0.0    0  9.2 32  90   M    M   0        39  80
14  69  48  59  -1   6   0 0.00  0.0    0 13.2 24  70   M    M   7        28  60
15  68  46  57  -3   8   0    T  0.0    0  7.7 26 350   M    M   6        32 360
16  63  47  55  -5  10   0 0.76  0.0    0  8.1 20 110   M    M  10 13     24 120
17  55  44  50 -11  15   0 0.01  0.0    0  6.7 14 120   M    M  10        18 100
18  66  45  56  -5   9   0 0.00  0.0    0  7.0 18 110   M    M   7        22 110
19  76  41  59  -2   6   0 0.00  0.0    0  6.2 16 110   M    M   0        19 110
20  87  47  67   5   0   2 0.00  0.0    0  6.9 20 180   M    M   2 12     24 180
21  91  55  73  11   0   8 0.00  0.0    0 11.7 28 230   M    M   2        36 240
22  88  59  74  12   0   9 0.00  0.0    0 15.0 31 200   M    M   0        42 190
23  80  47  64   1   1   0 0.00  0.0    0 10.0 21 360   M    M   0        26  90
24  85  52  69   6   0   4 0.00  0.0    0  9.4 22 160   M    M   1        28 150
25  84  49  67   4   0   2 0.00  0.0    0  8.3 23 220   M    M   0        29 220
26  75  51  63  -1   2   0 0.01  0.0    0  9.8 40 220   M    M   3 3      48 230
27  67  48  58  -6   7   0 0.76  0.0    0 13.8 38  10   M    M   7 1      47  10
28  77  43  60  -4   5   0 0.20    T    0  6.7 26 200   M    M   0 35     49 200
================================================================================
SM 2109 1278       147  28  1.75    T    257.0          M       77
================================================================================
AV 75.3 45.6                               9.2 FASTST   M    M   3    MAX(MPH)
                                 MISC ---->  # 40 220               # 49  200
================================================================================
NOTES:
# LAST OF SEVERAL OCCURRENCES

COLUMN 17 PEAK WIND IN M.P.H.

PRELIMINARY LOCAL CLIMATOLOGICAL DATA (WS FORM: F-6) , PAGE 2

                                          STATION:  PUEBLO CO
                                          MONTH:    MAY
                                          YEAR:     2016
                                          LATITUDE:   38 16 N
                                          LONGITUDE: 104 31 W

[TEMPERATURE DATA]      [PRECIPITATION DATA]       SYMBOLS USED IN COLUMN 16

AVERAGE MONTHLY: 60.5   TOTAL FOR MONTH:   1.75    1 = FOG OR MIST
DPTR FM NORMAL:   0.5   DPTR FM NORMAL:    0.38    2 = FOG REDUCING VISIBILITY
HIGHEST:    91 ON 21    GRTST 24HR  0.77 ON 26-27      TO 1/4 MILE OR LESS
LOWEST:     32 ON  2                               3 = THUNDER
                        SNOW, ICE PELLETS, HAIL    4 = ICE PELLETS
                        TOTAL MONTH:    T          5 = HAIL
                        GRTST 24HR    T  ON 28-28  6 = FREEZING RAIN OR DRIZZLE
                        GRTST DEPTH:   0           7 = DUSTSTORM OR SANDSTORM:
                                                       VSBY 1/2 MILE OR LESS
                                                   8 = SMOKE OR HAZE
[NO. OF DAYS WITH]      [WEATHER - DAYS WITH]      9 = BLOWING SNOW
                                                   X = TORNADO
MAX 32 OR BELOW:   0    0.01 INCH OR MORE:   6
MAX 90 OR ABOVE:   1    0.10 INCH OR MORE:   3
MIN 32 OR BELOW:   1    0.50 INCH OR MORE:   2
MIN  0 OR BELOW:   0    1.00 INCH OR MORE:   0

[HDD (BASE 65) ]
TOTAL THIS MO.   147    CLEAR  (SCALE 0-3)  20
DPTR FM NORMAL   -18    PTCLDY (SCALE 4-7)   6
TOTAL FM JUL 1  4620    CLOUDY (SCALE 8-10)  2
DPTR FM NORMAL  -985

[CDD (BASE 65) ]
TOTAL THIS MO.    28
DPTR FM NORMAL     4    [PRESSURE DATA]
TOTAL FM JAN 1    28    HIGHEST SLP M ON M
DPTR FM NORMAL     2    LOWEST  SLP 29.54 ON  9

[REMARKS]
