000
CXUS55 KPUB 291059
CF6PUB
PRELIMINARY LOCAL CLIMATOLOGICAL DATA (WS FORM: F-6)

                                          STATION:   PUEBLO CO
                                          MONTH:     AUGUST
                                          YEAR:      2015
                                          LATITUDE:   38 16 N
                                          LONGITUDE: 104 31 W

  TEMPERATURE IN F:       :PCPN:    SNOW:  WIND      :SUNSHINE: SKY     :PK WND
================================================================================
1   2   3   4   5  6A  6B    7    8   9   10  11  12  13   14  15   16   17  18
                                     12Z  AVG MX 2MIN
DY MAX MIN AVG DEP HDD CDD  WTR  SNW DPTH SPD SPD DIR MIN PSBL S-S WX    SPD DR
================================================================================

 1  95  63  79   4   0  14 0.89  0.0    0  5.8 29 280   M    M   1 3      39 290
 2  96  67  82   7   0  17 0.00  0.0    0  7.0 21 200   M    M   0        27 190
 3  90  60  75   0   0  10 0.41  0.0    0  6.5 41 280   M    M   3 3      50 280
 4  98  59  79   4   0  14 0.00  0.0    0 12.0 25 290   M    M   0        38 270
 5  99  60  80   5   0  15 0.00  0.0    0  7.8 22 120   M    M   0        27 120
 6 103  65  84   9   0  19 0.00  0.0    0  9.3 30  40   M    M   0        36  40
 7  96  70  83   8   0  18 0.00  0.0    0  6.1 24 130   M    M   2 3      28 140
 8  94  71  83   8   0  18 0.00  0.0    0  6.7 21  80   M    M   3 8      27  80
 9  93  66  80   6   0  15 0.00  0.0    0  7.9 25  70   M    M   1        32  70
10  91  62  77   3   0  12 1.59  0.0    0 12.1 31 350   M    M   4 13     39 360
11  90  65  78   4   0  13 0.42  0.0    0  7.2 23 260   M    M   4 3      27 250
12  97  65  81   7   0  16 0.00  0.0    0  4.7 16 360   M    M   0        20  10
13  98  66  82   8   0  17 0.82  0.0    0  7.9 35 350   M    M   2 3      48  10
14  94  65  80   6   0  15    T  0.0    0  6.9 18 270   M    M   1        23 260
15  98  71  85  11   0  20    T  0.0    0  7.8 25  40   M    M   0 3      32  40
16  94  67  81   7   0  16 0.07  0.0    0  6.7 24 290   M    M   1 3      30 280
17  93  65  79   5   0  14 0.03  0.0    0  9.0 26 350   M    M   2 3      39  20
18  82  60  71  -2   0   6 0.00  0.0    0 10.8 22 360   M    M   3 3      29 360
19  74  57  66  -7   0   1 0.00  0.0    0  6.3 16 110   M    M   6        19 110
20  92  50  71  -2   0   6 0.00  0.0    0  7.1 18 110   M    M   0        23 120
21  97  56  77   4   0  12 0.00  0.0    0  8.1 18 280   M    M   0        23 280
22 100  59  80   7   0  15 0.00  0.0    0 12.1 33  60   M    M   0 8      42  70
23  83  58  71  -1   0   6 0.00  0.0    0 10.8 22  80   M    M   4        28  80
24  94  51  73   1   0   8 0.00  0.0    0  7.1 17 110   M    M   0        21 130
25  97  56  77   5   0  12 0.00  0.0    0  5.4 23 300   M    M   0        28 290
26  95  55  75   3   0  10    T  0.0    0  6.3 31 230   M    M   0        42 200
27  96  63  80   8   0  15 0.01  0.0    0 10.6 37  20   M    M   2 3      43  10
28  91  58  75   3   0  10 0.00  0.0    0  6.1 15  60   M    M   1        22  50
================================================================================
SM 2620 1730         0 364  4.24     0.0 222.1          M       40
================================================================================
AV 93.6 61.8                               7.9 FASTST   M    M   1    MAX(MPH)
                                 MISC ---->  # 41 280               # 50  280
================================================================================
NOTES:
# LAST OF SEVERAL OCCURRENCES

COLUMN 17 PEAK WIND IN M.P.H.

PRELIMINARY LOCAL CLIMATOLOGICAL DATA (WS FORM: F-6) , PAGE 2

                                          STATION:  PUEBLO CO
                                          MONTH:    AUGUST
                                          YEAR:     2015
                                          LATITUDE:   38 16 N
                                          LONGITUDE: 104 31 W

[TEMPERATURE DATA]      [PRECIPITATION DATA]       SYMBOLS USED IN COLUMN 16

AVERAGE MONTHLY: 77.7   TOTAL FOR MONTH:   4.24    1 = FOG OR MIST
DPTR FM NORMAL:   4.0   DPTR FM NORMAL:    2.09    2 = FOG REDUCING VISIBILITY
HIGHEST:   103 ON  6    GRTST 24HR  1.68 ON 10-11      TO 1/4 MILE OR LESS
LOWEST:     50 ON 20                               3 = THUNDER
                        SNOW, ICE PELLETS, HAIL    4 = ICE PELLETS
                        TOTAL MONTH:   0.0 INCH    5 = HAIL
                        GRTST 24HR     0.0         6 = FREEZING RAIN OR DRIZZLE
                        GRTST DEPTH:   0           7 = DUSTSTORM OR SANDSTORM:
                                                       VSBY 1/2 MILE OR LESS
                                                   8 = SMOKE OR HAZE
[NO. OF DAYS WITH]      [WEATHER - DAYS WITH]      9 = BLOWING SNOW
                                                   X = TORNADO
MAX 32 OR BELOW:   0    0.01 INCH OR MORE:   8
MAX 90 OR ABOVE:  25    0.10 INCH OR MORE:   5
MIN 32 OR BELOW:   0    0.50 INCH OR MORE:   3
MIN  0 OR BELOW:   0    1.00 INCH OR MORE:   1

[HDD (BASE 65) ]
TOTAL THIS MO.     0    CLEAR  (SCALE 0-3)  24
DPTR FM NORMAL     0    PTCLDY (SCALE 4-7)   4
TOTAL FM JUL 1     0    CLOUDY (SCALE 8-10)  0
DPTR FM NORMAL    -1

[CDD (BASE 65) ]
TOTAL THIS MO.   364
DPTR FM NORMAL   118    [PRESSURE DATA]
TOTAL FM JAN 1  1011    HIGHEST SLP M ON M
DPTR FM NORMAL   220    LOWEST  SLP 29.68 ON 18

[REMARKS]
