000
CXUS51 KBOX 221200
CF6PVD
PRELIMINARY LOCAL CLIMATOLOGICAL DATA (WS FORM: F-6)

                                          STATION:   PROVIDENCE RI
                                          MONTH:     MARCH
                                          YEAR:      2017
                                          LATITUDE:   41 43 N
                                          LONGITUDE:  71 26 W

  TEMPERATURE IN F:       :PCPN:    SNOW:  WIND      :SUNSHINE: SKY     :PK WND
================================================================================
1   2   3   4   5  6A  6B    7    8   9   10  11  12  13   14  15   16   17  18
                                     12Z  AVG MX 2MIN
DY MAX MIN AVG DEP HDD CDD  WTR  SNW DPTH SPD SPD DIR MIN PSBL S-S WX    SPD DR
================================================================================

 1  59  45  52  17  13   0 0.19  0.0    0 11.6 22 230   M    M   9 123    33 240
 2  57  30  44   9  21   0 0.00  0.0    0 20.2 36 260   M    M   2        49 290
 3  37  22  30  -5  35   0    T    T    0 12.1 26 310   M    M   3        37 300
 4  25  13  19 -16  46   0    T    T    0 16.2 32 300   M    M   3        45 300
 5  34  11  23 -13  42   0 0.00  0.0    0 13.7 24 340   M    M   0        33 320
 6  37  15  26 -10  39   0 0.00  0.0    0  5.4 16 160   M    M   4        19 160
 7  49  28  39   3  26   0 0.02  0.0    0  6.6 16 180   M    M   9 1      24 160
 8  58  44  51  15  14   0 0.10  0.0    0 13.3 26 300   M    M   7 1      38 290
 9  56  41  49  12  16   0 0.00  0.0    0 15.0 36 270   M    M   2        50 260
10  42  22  32  -5  33   0 0.31  4.4    1  8.8 29 290   M    M   8 18     40 280
11  23  14  19 -18  46   0 0.00  0.0    0 18.8 32 290   M    M   3        48 280
12  27  11  19 -19  46   0 0.00  0.0    0 14.1 25 290   M    M   0        34 290
13  32  13  23 -15  42   0 0.00  0.0    0  6.8 15 140   M    M   4        20 130
14  43  26  35  -3  30   0 1.60  3.3    0 17.0 36  50   M    M  10 1249   51  50
15  30  19  25 -13  40   0 0.00  0.0    1 16.1 25 260   M    M   4        32 260
16  36  21  29 -10  36   0 0.00  0.0    1 14.7 25 290   M    M   2        33 320
17  44  25  35  -4  30   0 0.00  0.0    0  8.1 17 320   M    M   3        23 330
18  46  24  35  -4  30   0    T    T    0 10.0 18  30   M    M   5        24  50
19  40  32  36  -4  29   0    T    T    0 15.8 29  10   M    M   8        36  30
20  54  34  44   4  21   0 0.00  0.0    0 11.7 28  10   M    M   2        34  10
21  57  35  46   6  19   0 0.00  0.0    0  6.4 16 280   M    M   5        24 290
================================================================================
SM  886  525       654   0  2.22     7.7 262.4          M       93
================================================================================
AV 42.2 25.0                              12.5 FASTST   M    M   4    MAX(MPH)
                                 MISC ---->  # 36 260               # 51   50
================================================================================
NOTES:
# LAST OF SEVERAL OCCURRENCES

COLUMN 17 PEAK WIND IN M.P.H.

PRELIMINARY LOCAL CLIMATOLOGICAL DATA (WS FORM: F-6) , PAGE 2

                                          STATION:  PROVIDENCE RI
                                          MONTH:    MARCH
                                          YEAR:     2017
                                          LATITUDE:   41 43 N
                                          LONGITUDE:  71 26 W

[TEMPERATURE DATA]      [PRECIPITATION DATA]       SYMBOLS USED IN COLUMN 16

AVERAGE MONTHLY: 33.6   TOTAL FOR MONTH:   2.22    1 = FOG OR MIST
DPTR FM NORMAL:  -3.7   DPTR FM NORMAL:   -1.06    2 = FOG REDUCING VISIBILITY
HIGHEST:    59 ON  1    GRTST 24HR  1.60 ON 14-14      TO 1/4 MILE OR LESS
LOWEST:     11 ON 12, 5                            3 = THUNDER
                        SNOW, ICE PELLETS, HAIL    4 = ICE PELLETS
                        TOTAL MONTH:   7.7 INCHES  5 = HAIL
                        GRTST 24HR   4.4 ON   M    6 = FREEZING RAIN OR DRIZZLE
                        GRTST DEPTH:   1 ON 16,15  7 = DUSTSTORM OR SANDSTORM:
                                                       VSBY 1/2 MILE OR LESS
                                                   8 = SMOKE OR HAZE
[NO. OF DAYS WITH]      [WEATHER - DAYS WITH]      9 = BLOWING SNOW
                                                   X = TORNADO
MAX 32 OR BELOW:   5    0.01 INCH OR MORE:   5
MAX 90 OR ABOVE:   0    0.10 INCH OR MORE:   4
MIN 32 OR BELOW:  16    0.50 INCH OR MORE:   1
MIN  0 OR BELOW:   0    1.00 INCH OR MORE:   1

[HDD (BASE 65) ]
TOTAL THIS MO.   654    CLEAR  (SCALE 0-3)  10
DPTR FM NORMAL    73    PTCLDY (SCALE 4-7)   8
TOTAL FM JUL 1  4212    CLOUDY (SCALE 8-10)  3
DPTR FM NORMAL  -431

[CDD (BASE 65) ]
TOTAL THIS MO.     0
DPTR FM NORMAL     0    [PRESSURE DATA]
TOTAL FM JAN 1     0    HIGHEST SLP M ON M
DPTR FM NORMAL     0    LOWEST  SLP 28.85 ON 14

[REMARKS]
