000
CXUS54 KOUN 160700
CF6PWA
PRELIMINARY LOCAL CLIMATOLOGICAL DATA (WS FORM: F-6)

                                          STATION:   BETHANY/WILEY POST
                                          MONTH:     AUGUST
                                          YEAR:      2017
                                          LATITUDE:   35 31 N
                                          LONGITUDE:  97 38 W

  TEMPERATURE IN F:       :PCPN:    SNOW:  WIND      :SUNSHINE: SKY     :PK WND
================================================================================
1   2   3   4   5  6A  6B    7    8   9   10  11  12  13   14  15   16   17  18
                                     12Z  AVG MX 2MIN
DY MAX MIN AVG DEP HDD CDD  WTR  SNW DPTH SPD SPD DIR MIN PSBL S-S WX    SPD DR
================================================================================

 1  77  66  72 -11   0   7 0.84  0.0    0  4.6 13  70   M    M   9 1      16  60
 2  88  68  78  -5   0  13 0.00  0.0    0  4.1 13  70   M    M   4 18     15  50
 3  93  68  81  -2   0  16    T  0.0    0  5.3 20  80   M    M   0 13     25  80
 4  86  70  78  -5   0  13 0.00  0.0    0 10.2 18  60   M    M   2        23  50
 5 100  73  87   4   0  22 0.07  0.0    0 17.5 29 160   M    M   0 13     36 160
 6  86  70  78  -5   0  13 0.71  0.0    0 10.9 24 250   M    M   6 13     32 260
 7  83  69  76  -7   0  11 0.00  0.0    0 10.6 20  50   M    M   6        29  50
 8  88  67  78  -5   0  13 0.00  0.0    0  7.4 14  60   M    M   0        16  60
 9  89  69  79  -4   0  14 0.25  0.0    0  8.6 21  30   M    M   2 13     27  30
10  89  71  80  -3   0  15 1.58  0.0    0 10.5 26  90   M    M   2 13     39 100
11  85  69  77  -6   0  12 0.32  0.0    0  9.2 25 260   M    M   5 13     32 260
12  77  71  74  -8   0   9 1.28  0.0    0  6.6 13 120   M    M   9 13     16  40
13  85  71  78  -4   0  13 0.05  0.0    0  4.3 14 140   M    M   7 1      18 140
14  89  73  81  -1   0  16 0.19  0.0    0  6.0 14 140   M    M   3 13     18 140
15  88  74  81  -1   0  16 0.57  0.0    0  8.0 26 200   M    M   2 13     33 200
================================================================================
SM 1303 1049         0 203  5.86     0.0 123.8          M       57
================================================================================
AV 86.9 69.9                               8.3 FASTST   M    M   4    MAX(MPH)
                                 MISC ---->  # 29 160               # 39  100
================================================================================
NOTES:
# LAST OF SEVERAL OCCURRENCES

COLUMN 17 PEAK WIND IN M.P.H.

PRELIMINARY LOCAL CLIMATOLOGICAL DATA (WS FORM: F-6) , PAGE 2

                                          STATION:  BETHANY/WILEY POST
                                          MONTH:    AUGUST
                                          YEAR:     2017
                                          LATITUDE:   35 31 N
                                          LONGITUDE:  97 38 W

[TEMPERATURE DATA]      [PRECIPITATION DATA]       SYMBOLS USED IN COLUMN 16

AVERAGE MONTHLY: 78.4   TOTAL FOR MONTH:   5.86    1 = FOG OR MIST
DPTR FM NORMAL:  -4.3   DPTR FM NORMAL:    4.40    2 = FOG REDUCING VISIBILITY
HIGHEST:   100 ON  5    GRTST 24HR  1.58 ON 10-10      TO 1/4 MILE OR LESS
LOWEST:     66 ON  1                               3 = THUNDER
                        SNOW, ICE PELLETS, HAIL    4 = ICE PELLETS
                        TOTAL MONTH:   0.0 INCH    5 = HAIL
                        GRTST 24HR     0.0         6 = FREEZING RAIN OR DRIZZLE
                        GRTST DEPTH:   0           7 = DUSTSTORM OR SANDSTORM:
                                                       VSBY 1/2 MILE OR LESS
                                                   8 = SMOKE OR HAZE
[NO. OF DAYS WITH]      [WEATHER - DAYS WITH]      9 = BLOWING SNOW
                                                   X = TORNADO
MAX 32 OR BELOW:   0    0.01 INCH OR MORE:  10
MAX 90 OR ABOVE:   2    0.10 INCH OR MORE:   8
MIN 32 OR BELOW:   0    0.50 INCH OR MORE:   5
MIN  0 OR BELOW:   0    1.00 INCH OR MORE:   2

[HDD (BASE 65) ]
TOTAL THIS MO.     0    CLEAR  (SCALE 0-3)   7
DPTR FM NORMAL     0    PTCLDY (SCALE 4-7)   6
TOTAL FM JUL 1     0    CLOUDY (SCALE 8-10)  2
DPTR FM NORMAL     0

[CDD (BASE 65) ]
TOTAL THIS MO.   203
DPTR FM NORMAL   -63    [PRESSURE DATA]
TOTAL FM JAN 1  1561    HIGHEST SLP M ON M
DPTR FM NORMAL   168    LOWEST  SLP 29.69 ON  6

[REMARKS]
