000
CXUS54 KOUN 220800
CF6PWA
PRELIMINARY LOCAL CLIMATOLOGICAL DATA (WS FORM: F-6)

                                          STATION:   BETHANY/WILEY POST
                                          MONTH:     DECEMBER
                                          YEAR:      2014
                                          LATITUDE:   35 31 N
                                          LONGITUDE:  97 38 W

  TEMPERATURE IN F:       :PCPN:    SNOW:  WIND      :SUNSHINE: SKY     :PK WND
================================================================================
1   2   3   4   5  6A  6B    7    8   9   10  11  12  13   14  15   16   17  18
                                     12Z  AVG MX 2MIN
DY MAX MIN AVG DEP HDD CDD  WTR  SNW DPTH SPD SPD DIR MIN PSBL S-S WX    SPD DR
================================================================================

 1  28  22  25 -18  40   0 0.00  0.0    0 14.0 26  10   M    M   9        35  10
 2  45  20  33 -10  32   0 0.00  0.0    0  7.9 17 200   M    M   2        21 190
 3  48  37  43   1  22   0 0.00  0.0    0  8.8 17  70   M    M   7 18     21  70
 4  56  44  50   8  15   0 0.10  0.0    0  3.3 10 150   M    M  10 12     13 150
 5  60  43  52  10  13   0    T  0.0    0  9.4 18 330   M    M   9 1      23 340
 6  45  41  43   2  22   0 0.00  0.0    0  6.6 14 360   M    M  10 12     18 350
 7  49  41  45   4  20   0    T  0.0    0  7.8 17 200   M    M   9 12     21 200
 8  63  38  51  10  14   0 0.00  0.0    0  4.2 14 220   M    M   5 18     18 220
 9  57  33  45   5  20   0 0.00  0.0    0  6.2 14  60   M    M   1 12     16  60
10  58  35  47   7  18   0 0.00  0.0    0  8.1 18 180   M    M   4 8      22 180
11  58  42  50  10  15   0 0.00  0.0    0  4.4 10 180   M    M   9 18     12 180
12  54  47  51  11  14   0 0.00  0.0    0  7.4 13 140   M    M  10 128    15 140
13  67  50  59  20   6   0 0.00  0.0    0 15.5 25 160   M    M   8 128    32 170
14  64  54  59  20   6   0 0.05  0.0    0 19.4 30 170   M    M   7 138    39 160
15  55  38  47   8  18   0 0.00  0.0    0 14.9 26 310   M    M   3        36 300
16  47  32  40   1  25   0 0.00  0.0    0  8.1 25 330   M    M   0        32 330
17  39  36  38  -1  27   0 0.26  0.0    0  7.7 16 160   M    M   9 1      22 140
18  43  38  41   3  24   0 0.01  0.0    0  5.2 12  20   M    M  10 1      14  10
19  41  37  39   1  26   0 0.00  0.0    0  4.5 13  10   M    M  10 128    16  30
20  45  38  42   4  23   0 0.00  0.0    0  7.4 14 160   M    M  10 18     18 170
21  48  42  45   7  20   0 0.01  0.0    0 16.2 25 170   M    M  10 18     32 160
================================================================================
SM 1070  808       420   0  0.43     0.0 187.0          M      152
================================================================================
AV 51.0 38.5                               8.9 FASTST   M    M   7    MAX(MPH)
                                 MISC ---->  # 30 170               # 39  160
================================================================================
NOTES:
# LAST OF SEVERAL OCCURRENCES

COLUMN 17 PEAK WIND IN M.P.H.

PRELIMINARY LOCAL CLIMATOLOGICAL DATA (WS FORM: F-6) , PAGE 2

                                          STATION:  BETHANY/WILEY POST
                                          MONTH:    DECEMBER
                                          YEAR:     2014
                                          LATITUDE:   35 31 N
                                          LONGITUDE:  97 38 W

[TEMPERATURE DATA]      [PRECIPITATION DATA]       SYMBOLS USED IN COLUMN 16

AVERAGE MONTHLY: 44.7   TOTAL FOR MONTH:   0.43    1 = FOG OR MIST
DPTR FM NORMAL:   4.6   DPTR FM NORMAL:   -0.65    2 = FOG REDUCING VISIBILITY
HIGHEST:    67 ON 13    GRTST 24HR  0.26 ON 17-17      TO 1/4 MILE OR LESS
LOWEST:     20 ON  2                               3 = THUNDER
                        SNOW, ICE PELLETS, HAIL    4 = ICE PELLETS
                        TOTAL MONTH:   0.0 INCH    5 = HAIL
                        GRTST 24HR     0.0         6 = FREEZING RAIN OR DRIZZLE
                        GRTST DEPTH:   0           7 = DUSTSTORM OR SANDSTORM:
                                                       VSBY 1/2 MILE OR LESS
                                                   8 = SMOKE OR HAZE
[NO. OF DAYS WITH]      [WEATHER - DAYS WITH]      9 = BLOWING SNOW
                                                   X = TORNADO
MAX 32 OR BELOW:   1    0.01 INCH OR MORE:   5
MAX 90 OR ABOVE:   0    0.10 INCH OR MORE:   2
MIN 32 OR BELOW:   3    0.50 INCH OR MORE:   0
MIN  0 OR BELOW:   0    1.00 INCH OR MORE:   0

[HDD (BASE 65) ]
TOTAL THIS MO.   420    CLEAR  (SCALE 0-3)   4
DPTR FM NORMAL  -103    PTCLDY (SCALE 4-7)   4
TOTAL FM JUL 1  1080    CLOUDY (SCALE 8-10) 13
DPTR FM NORMAL  -106

[CDD (BASE 65) ]
TOTAL THIS MO.     0
DPTR FM NORMAL     0    [PRESSURE DATA]
TOTAL FM JAN 1  2207    HIGHEST SLP M ON M
DPTR FM NORMAL   239    LOWEST  SLP 29.61 ON 21

[REMARKS]
