000
CXUS54 KFWD 280730
CF6PWG
PRELIMINARY LOCAL CLIMATOLOGICAL DATA (WS FORM: F-6)

                                          STATION:   WACO MCGREGOR
                                          MONTH:     JANUARY
                                          YEAR:      2015
                                          LATITUDE:   31 28 N
                                          LONGITUDE:  97 19 W

  TEMPERATURE IN F:       :PCPN:    SNOW:  WIND      :SUNSHINE: SKY     :PK WND
================================================================================
1   2   3   4   5  6A  6B    7    8   9   10  11  12  13   14  15   16   17  18
                                     12Z  AVG MX 2MIN
DY MAX MIN AVG DEP HDD CDD  WTR  SNW DPTH SPD SPD DIR MIN PSBL S-S WX    SPD DR
================================================================================

 1  37  34  36  -9  29   0 0.13    M    0  8.5 12 360   M    M  10         M  M
 2  39  37  38  -7  27   0 0.22    M    0  9.4 13 360   M    M  10         M  M
 3  57  37  47   2  18   0 0.36    M    0  6.3 12 250   M    M   5         M  M
 4  43  27  35 -10  30   0 0.00  0.0    0 11.4 23 340   M    M   0        30 340
 5  50  25  38  -7  27   0 0.00  0.0    0  5.6 13 190   M    M   0         M  M
 6  63  32  48   3  17   0 0.00  0.0    0  4.1  8 210   M    M   0         M  M
 7  46  25  36  -9  29   0 0.00  0.0    0 16.0 30  20   M    M   0        36  20
 8  37  18  28 -17  37   0 0.00  0.0    0  8.8 14 180   M    M   0        17 190
 9  36  32  34 -11  31   0 0.02    T    0  7.8 20  20   M    M   9 4      24  20
10  36  30  33 -12  32   0 0.29  0.0    0  4.9 13  40   M    M   9 6      20  40
11  45  34  40  -5  25   0 0.30  0.0    0  3.7  8  90   M    M  10         M  M
12  45  36  41  -5  24   0 0.00  0.0    0 10.8 17  10   M    M  10        20  10
13  39  34  37  -9  28   0 0.00  0.0    0 10.3 16 360   M    M  10         M  M
14  43  37  40  -6  25   0 0.00  0.0    0  6.8  9 350   M    M  10         M  M
15  55  34  45  -1  20   0 0.00  0.0    0  5.4 12 330   M    M   3        16 350
16  64  28  46   0  19   0 0.00  0.0    0  5.8 12 180   M    M   0        17 230
17  72  41  57  11   8   0 0.00  0.0    0 10.9 16 330   M    M   0        21 280
18  70  30  50   4  15   0 0.00  0.0    0  6.1 14 200   M    M   0         M  M
19  73  41  57  11   8   0 0.00  0.0    0  7.7 12 140   M    M   0         M  M
20  70  34  52   6  13   0 0.00  0.0    0  4.0 10  20   M    M   0         M  M
21  55  43  49   3  16   0 0.19  0.0    0  8.8 15  40   M    M   8         M  M
22  46  39  43  -3  22   0 1.45  0.0    0 15.7 24  40   M    M  10        32  40
23  50  36  43  -3  22   0 0.01  0.0    0 10.8 15 330   M    M   5        24 360
24  64  30  47   1  18   0 0.00  0.0    0  4.9  8 230   M    M   0         M  M
25  66  37  52   6  13   0 0.00  0.0    0 10.9 21 340   M    M   0        31 340
26  73  34  54   8  11   0 0.00  0.0    0  7.1 13 270   M    M   0        16 300
27  81  43  62  15   3   0 0.00  0.0    0  3.3  6 210   M    M   0         M  M
================================================================================
SM 1455  908       567   0  2.97    T    215.8          M      109
================================================================================
AV 53.9 33.6                               8.0 FASTST   M    M   4    MAX(MPH)
                                 MISC ---->    30   M                 36    M
================================================================================
NOTES:
# LAST OF SEVERAL OCCURRENCES

COLUMN 17 PEAK WIND IN M.P.H.

PRELIMINARY LOCAL CLIMATOLOGICAL DATA (WS FORM: F-6) , PAGE 2

                                          STATION:  WACO MCGREGOR
                                          MONTH:    JANUARY
                                          YEAR:     2015
                                          LATITUDE:   31 28 N
                                          LONGITUDE:  97 19 W

[TEMPERATURE DATA]      [PRECIPITATION DATA]       SYMBOLS USED IN COLUMN 16

AVERAGE MONTHLY: 43.8   TOTAL FOR MONTH:   2.97    1 = FOG OR MIST
DPTR FM NORMAL:  -1.9   DPTR FM NORMAL:    1.15    2 = FOG REDUCING VISIBILITY
HIGHEST:    81 ON 27    GRTST 24HR  1.45 ON 22-22      TO 1/4 MILE OR LESS
LOWEST:     18 ON  8                               3 = THUNDER
                        SNOW, ICE PELLETS, HAIL    4 = ICE PELLETS
                        TOTAL MONTH:    T          5 = HAIL
                        GRTST 24HR    T  ON  9- 9  6 = FREEZING RAIN OR DRIZZLE
                        GRTST DEPTH:   0           7 = DUSTSTORM OR SANDSTORM:
                                                       VSBY 1/2 MILE OR LESS
                                                   8 = SMOKE OR HAZE
[NO. OF DAYS WITH]      [WEATHER - DAYS WITH]      9 = BLOWING SNOW
                                                   X = TORNADO
MAX 32 OR BELOW:   0    0.01 INCH OR MORE:   9
MAX 90 OR ABOVE:   0    0.10 INCH OR MORE:   7
MIN 32 OR BELOW:  10    0.50 INCH OR MORE:   1
MIN  0 OR BELOW:   0    1.00 INCH OR MORE:   1

[HDD (BASE 65) ]
TOTAL THIS MO.   567    CLEAR  (SCALE 0-3)  15
DPTR FM NORMAL    42    PTCLDY (SCALE 4-7)   3
TOTAL FM JUL 1  1349    CLOUDY (SCALE 8-10)  9
DPTR FM NORMAL   -89

[CDD (BASE 65) ]
TOTAL THIS MO.     0
DPTR FM NORMAL     0    [PRESSURE DATA]
TOTAL FM JAN 1     0    HIGHEST SLP M ON M
DPTR FM NORMAL     0    LOWEST  SLP M ON M

[REMARKS]
