000
CXUS51 KGYX 251000
CF6PWM
PRELIMINARY LOCAL CLIMATOLOGICAL DATA (WS FORM: F-6)

                                          STATION:   PORTLAND ME
                                          MONTH:     FEBRUARY
                                          YEAR:      2018
                                          LATITUDE:   43 39 N
                                          LONGITUDE:  70 19 W

  TEMPERATURE IN F:       :PCPN:    SNOW:  WIND      :SUNSHINE: SKY     :PK WND
================================================================================
1   2   3   4   5  6A  6B    7    8   9   10  11  12  13   14  15   16   17  18
                                     12Z  AVG MX 2MIN
DY MAX MIN AVG DEP HDD CDD  WTR  SNW DPTH SPD SPD DIR MIN PSBL S-S WX    SPD DR
================================================================================

 1  38  26  32   9  33   0 0.13  1.3    2  6.5 18 200   M    M  10 1      27 190
 2  38   3  21  -2  44   0 0.16  0.6    3 12.8 26 290   M    M   6 1      33 300
 3  23   2  13 -10  52   0    T    T    3  7.3 15 200   M    M   1 1      22 210
 4  42  21  32   9  33   0 0.63    T    2 11.3 26 210   M    M  10 189    35 210
 5  43  19  31   8  34   0 0.34  0.0    1  9.6 30 290   M    M   5 1      40 300
 6  31  17  24   0  41   0 0.00  0.0    1  5.0 14 210   M    M   5        23 120
 7  26  16  21  -3  44   0 0.96  6.6    1  8.3 21 310   M    M   7 1268   29 310
 8  28  13  21  -3  44   0 0.00  0.0    7  6.7 16 290   M    M   3        26 330
 9  28   8  18  -6  47   0    T  0.1    6  6.6 14 280   M    M   6 1      19 280
10  41  24  33   9  32   0 0.24  0.3    6  3.4 13 180   M    M  10 12     17 180
11  38  33  36  11  29   0 0.52  0.0    4  8.4 15  60   M    M  10 1      18  60
12  38  24  31   6  34   0 0.00  0.0    3  9.1 21 320   M    M   6 1      30 290
13  29  17  23  -2  42   0 0.00  0.0    2  5.7 15 160   M    M   1        20 160
14  45  27  36  11  29   0 0.00  0.0    2  8.8 17 190   M    M   3        24 200
15  44  25  35   9  30   0 0.00  0.0    2  3.1 16 170   M    M   4 1      20 160
16  46  27  37  11  28   0 0.10  0.0    1  5.8 26 330   M    M   7 12     38 340
17  35  20  28   2  37   0 0.14  1.3    1  9.1 22 180   M    M   3 1      33 170
18  40  21  31   5  34   0 0.39  6.0    8  7.0 21 300   M    M   6 1      28 310
19  42  16  29   3  36   0 0.01  0.0    4  7.1 25 170   M    M   6        32 170
20  44  37  41  14  24   0 0.01  0.0    4  3.5 13  60   M    M  10 12     15  60
21  68  35  52  25  13   0 0.00  0.0    T  7.8 21 310   M    M   8 12     30 330
22  45  28  37  10  28   0 0.00  0.0    T  5.8 17 350   M    M   8        25 340
23  36  24  30   3  35   0 0.23  0.1    T  8.8 17 180   M    M   7 14     23 190
24  52  31  42  14  23   0    T  0.0    T  7.1 18 320   M    M   5 1      24 340
================================================================================
SM  940  514       826   0  3.86    16.3 174.6          M      147
================================================================================
AV 39.2 21.4                               7.3 FASTST   M    M   6    MAX(MPH)
                                 MISC ---->  # 30 290               # 40  300
================================================================================
NOTES:
# LAST OF SEVERAL OCCURRENCES

COLUMN 17 PEAK WIND IN M.P.H.

PRELIMINARY LOCAL CLIMATOLOGICAL DATA (WS FORM: F-6) , PAGE 2

                                          STATION:  PORTLAND ME
                                          MONTH:    FEBRUARY
                                          YEAR:     2018
                                          LATITUDE:   43 39 N
                                          LONGITUDE:  70 19 W

[TEMPERATURE DATA]      [PRECIPITATION DATA]       SYMBOLS USED IN COLUMN 16

AVERAGE MONTHLY: 30.3   TOTAL FOR MONTH:   3.86    1 = FOG OR MIST
DPTR FM NORMAL:   5.3   DPTR FM NORMAL:    1.13    2 = FOG REDUCING VISIBILITY
HIGHEST:    68 ON 21    GRTST 24HR  0.96 ON  7- 7      TO 1/4 MILE OR LESS
LOWEST:      2 ON  3                               3 = THUNDER
                        SNOW, ICE PELLETS, HAIL    4 = ICE PELLETS
                        TOTAL MONTH:  16.3 INCHES  5 = HAIL
                        GRTST 24HR   6.6 ON  7- 7  6 = FREEZING RAIN OR DRIZZLE
                        GRTST DEPTH:   8 ON 18     7 = DUSTSTORM OR SANDSTORM:
                                                       VSBY 1/2 MILE OR LESS
                                                   8 = SMOKE OR HAZE
[NO. OF DAYS WITH]      [WEATHER - DAYS WITH]      9 = BLOWING SNOW
                                                   X = TORNADO
MAX 32 OR BELOW:   6    0.01 INCH OR MORE:  13
MAX 90 OR ABOVE:   0    0.10 INCH OR MORE:  11
MIN 32 OR BELOW:  21    0.50 INCH OR MORE:   3
MIN  0 OR BELOW:   0    1.00 INCH OR MORE:   0

[HDD (BASE 65) ]
TOTAL THIS MO.   826    CLEAR  (SCALE 0-3)   4
DPTR FM NORMAL  -134    PTCLDY (SCALE 4-7)  14
TOTAL FM JUL 1  4601    CLOUDY (SCALE 8-10)  6
DPTR FM NORMAL  -295

[CDD (BASE 65) ]
TOTAL THIS MO.     0
DPTR FM NORMAL     0    [PRESSURE DATA]
TOTAL FM JAN 1     0    HIGHEST SLP M ON M
DPTR FM NORMAL     0    LOWEST  SLP 29.50 ON  5

[REMARKS]
