000
CXUS54 KFWD 280730
CF6RBD
PRELIMINARY LOCAL CLIMATOLOGICAL DATA (WS FORM: F-6)

                                          STATION:   DALLAS EXECUTIVE
                                          MONTH:     MARCH
                                          YEAR:      2015
                                          LATITUDE:   32 40 N
                                          LONGITUDE:  96 52 W

  TEMPERATURE IN F:       :PCPN:    SNOW:  WIND      :SUNSHINE: SKY     :PK WND
================================================================================
1   2   3   4   5  6A  6B    7    8   9   10  11  12  13   14  15   16   17  18
                                     12Z  AVG MX 2MIN
DY MAX MIN AVG DEP HDD CDD  WTR  SNW DPTH SPD SPD DIR MIN PSBL S-S WX    SPD DR
================================================================================

 1  37  31  34 -20  31   0 0.14  0.0    M  8.2 15 360   M    M  10 16     18 350
 2  41  34  38 -16  27   0 0.02  0.0    M  5.7 14  10   M    M  10 12     18 350
 3  53  40  47  -7  18   0 0.14  0.0    0  3.0 10 170   M    M  10 12     15 170
 4  52  28  40 -14  25   0 1.26    M    0 13.4 29 350   M    M  10 1236   38 350
 5  39  24  32 -23  33   0 0.07    M    M 10.3 22 350   M    M   2 12     27 340
 6  53  22  38 -17  27   0 0.00  0.0    M  4.6 10 160   M    M   0 18     17 210
 7  62  29  46  -9  19   0 0.00  0.0    0  5.6 12 160   M    M   3        16 160
 8  51  45  48  -7  17   0 0.35  0.0    0  6.9 14 150   M    M  10 1      17 150
 9  49  47  48  -8  17   0 1.20  0.0    0  7.6 15  70   M    M  10 1      19  60
10  58  49  54  -2  11   0 0.00  0.0    0  6.1 12 340   M    M  10 12     17 330
11  66  45  56   0   9   0 0.00  0.0    0  5.0 14  70   M    M   5 128    20  50
12  67  49  58   2   7   0 0.00  0.0    0  6.2 14  40   M    M   6 18     17  80
13  61  54  58   1   7   0 0.31  0.0    0 10.1 16 330   M    M  10 1      20 310
14  64  54  59   2   6   0    T  0.0    0 12.4 26 340   M    M  10 18     33 330
15  67  53  60   3   5   0 0.00  0.0    0  4.1 10 330   M    M   9 1      15 330
16  78  51  65   7   0   0 0.00  0.0    0  5.1 15 160   M    M   0 1      20 150
17  82  64  73  15   0   8 0.00  0.0    0  5.6 16 170   M    M   1        22 180
18  67  54  61   3   4   0 0.03  0.0    0  4.2 10 280   M    M   8 18     12 270
19  77  59  68  10   0   3 0.07  0.0    0  6.9 15 150   M    M   7 128    18 150
20  63  54  59   1   6   0 0.38  0.0    0  7.6 17 350   M    M   9 13     21 360
21  61  53  57  -2   8   0 0.09  0.0    0  5.5 13  50   M    M   8 18     15  60
22  68  52  60   1   5   0 0.06  0.0    0  4.9 10 310   M    M   6 18     13 290
23  75  49  62   3   3   0 0.00  0.0    0  7.5 14 150   M    M   0 1      17 110
24  81  58  70  10   0   5 0.00  0.0    0 11.0 21 160   M    M   0 8      29 190
25  81  61  71  11   0   6 0.00  0.0    0 12.5 22 170   M    M   2 1      31 150
26  71  43  57  -3   8   0 0.08    M    0 17.2 29 330   M    M   4 138    37 350
27  70  42  56  -4   9   0    T    M    0  9.3 20 340   M    M   0        25 320
================================================================================
SM 1694 1244       302  22  4.20     0.0 206.5          M      160
================================================================================
AV 62.7 46.1                               7.6 FASTST   M    M   6    MAX(MPH)
                                 MISC ---->  # 29 350               # 38  350
================================================================================
NOTES:
# LAST OF SEVERAL OCCURRENCES

COLUMN 17 PEAK WIND IN M.P.H.

PRELIMINARY LOCAL CLIMATOLOGICAL DATA (WS FORM: F-6) , PAGE 2

                                          STATION:  DALLAS EXECUTIVE
                                          MONTH:    MARCH
                                          YEAR:     2015
                                          LATITUDE:   32 40 N
                                          LONGITUDE:  96 52 W

[TEMPERATURE DATA]      [PRECIPITATION DATA]       SYMBOLS USED IN COLUMN 16

AVERAGE MONTHLY: 54.4   TOTAL FOR MONTH:   4.20    1 = FOG OR MIST
DPTR FM NORMAL:  -2.6   DPTR FM NORMAL:    1.03    2 = FOG REDUCING VISIBILITY
HIGHEST:    82 ON 17    GRTST 24HR  1.26 ON  4- 4      TO 1/4 MILE OR LESS
LOWEST:     22 ON  6                               3 = THUNDER
                        SNOW, ICE PELLETS, HAIL    4 = ICE PELLETS
                        TOTAL MONTH:   0.0 INCH    5 = HAIL
                        GRTST 24HR     0.0         6 = FREEZING RAIN OR DRIZZLE
                        GRTST DEPTH:   0           7 = DUSTSTORM OR SANDSTORM:
                                                       VSBY 1/2 MILE OR LESS
                                                   8 = SMOKE OR HAZE
[NO. OF DAYS WITH]      [WEATHER - DAYS WITH]      9 = BLOWING SNOW
                                                   X = TORNADO
MAX 32 OR BELOW:   0    0.01 INCH OR MORE:  14
MAX 90 OR ABOVE:   0    0.10 INCH OR MORE:   7
MIN 32 OR BELOW:   5    0.50 INCH OR MORE:   2
MIN  0 OR BELOW:   0    1.00 INCH OR MORE:   2

[HDD (BASE 65) ]
TOTAL THIS MO.   302    CLEAR  (SCALE 0-3)   8
DPTR FM NORMAL    62    PTCLDY (SCALE 4-7)   6
TOTAL FM JUL 1  2097    CLOUDY (SCALE 8-10) 13
DPTR FM NORMAL   -30

[CDD (BASE 65) ]
TOTAL THIS MO.    22
DPTR FM NORMAL    -4    [PRESSURE DATA]
TOTAL FM JAN 1    27    HIGHEST SLP M ON M
DPTR FM NORMAL    -7    LOWEST  SLP 29.71 ON 25

[REMARKS]
